{"id":44961,"date":"2025-01-14T11:02:08","date_gmt":"2025-01-14T10:02:08","guid":{"rendered":"https:\/\/foretnature.be\/?post_type=resume-foret-mail&#038;p=44961"},"modified":"2025-01-14T11:02:08","modified_gmt":"2025-01-14T10:02:08","slug":"le-froid-a-du-bon-pour-les-bourgeons","status":"publish","type":"resume-foret-mail","link":"https:\/\/foretnature.be\/en\/resume-foret-mail\/le-froid-a-du-bon-pour-les-bourgeons\/","title":{"rendered":"Le froid a du bon pour les bourgeons"},"content":{"rendered":"<p>Afin d\u2019\u00e9chapper au froid et aux dommages que pourrait causer le gel, les arbres entrent en hibernation en automne. Et paradoxalement, ils ont \u00e9galement besoin de ce froid pour sortir de dormance.<\/p>\n<p>En effet, celui-ci agit comme un signal de r\u00e9veil qui pr\u00e9pare les arbres \u00e0 ouvrir leurs bourgeons et d\u00e9ployer leurs feuilles lorsque le printemps arrive. N\u00e9anmoins, en raison du r\u00e9chauffement climatique, ce processus subit des modifications affectant nos for\u00eats car le d\u00e9veloppement des arbres peut \u00eatre retard\u00e9 ou incomplet. De plus, les hivers doux peuvent augmenter la sensibilit\u00e9 au gel et aux s\u00e9cheresses extr\u00eames.<\/p>\n<p>Les essences n&rsquo;ont pas les m\u00eames besoins en froid durant l\u2019hiver. Les bourgeons du h\u00eatre et de l\u2019\u00e9rable, par exemple, sortent de leur dormance apr\u00e8s 3 mois \u00e0 moins de 10 \u00b0C alors que ceux du ch\u00eane ou du bouleau peuvent se satisfaire de moins de 6 semaines de froid. Les essences mieux adapt\u00e9es \u00e0 des hivers doux seront avantag\u00e9es \u00e0 l\u2019avenir.<\/p>","protected":false},"excerpt":{"rendered":"<p>Afin d\u2019\u00e9chapper au froid et aux dommages que pourrait causer le gel, les arbres entrent en hibernation en automne. Et paradoxalement, ils ont \u00e9galement besoin de ce froid pour sortir de dormance. En effet, celui-ci agit comme un signal de r\u00e9veil qui pr\u00e9pare les arbres \u00e0 ouvrir leurs bourgeons et d\u00e9ployer leurs feuilles lorsque le [&hellip;]<\/p>","protected":false},"featured_media":44949,"template":"","categories":[50],"acf":[],"yoast_head":"<!-- This site is optimized with the Yoast SEO plugin v23.2 - https:\/\/yoast.com\/wordpress\/plugins\/seo\/ -->\n<title>Le froid a du bon pour les bourgeons - For\u00eat.Nature<\/title>\n<meta name=\"robots\" content=\"index, follow, max-snippet:-1, max-image-preview:large, max-video-preview:-1\" \/>\n<link rel=\"canonical\" href=\"https:\/\/foretnature.be\/en\/resume-foret-mail\/le-froid-a-du-bon-pour-les-bourgeons\/\" \/>\n<meta property=\"og:locale\" content=\"en_GB\" \/>\n<meta property=\"og:type\" content=\"article\" \/>\n<meta property=\"og:title\" content=\"Le froid a du bon pour les bourgeons - For\u00eat.Nature\" \/>\n<meta property=\"og:description\" content=\"Afin d\u2019\u00e9chapper au froid et aux dommages que pourrait causer le gel, les arbres entrent en hibernation en automne. Et paradoxalement, ils ont \u00e9galement besoin de ce froid pour sortir de dormance. En effet, celui-ci agit comme un signal de r\u00e9veil qui pr\u00e9pare les arbres \u00e0 ouvrir leurs bourgeons et d\u00e9ployer leurs feuilles lorsque le [&hellip;]\" \/>\n<meta property=\"og:url\" content=\"https:\/\/foretnature.be\/en\/resume-foret-mail\/le-froid-a-du-bon-pour-les-bourgeons\/\" \/>\n<meta property=\"og:site_name\" content=\"For\u00eat.Nature\" \/>\n<meta property=\"og:image\" content=\"https:\/\/foretnature.be\/wp-content\/uploads\/2025\/01\/2619.jpeg\" \/>\n\t<meta property=\"og:image:width\" content=\"900\" \/>\n\t<meta property=\"og:image:height\" content=\"601\" \/>\n\t<meta property=\"og:image:type\" content=\"image\/jpeg\" \/>\n<meta name=\"twitter:card\" content=\"summary_large_image\" \/>\n<meta name=\"twitter:label1\" content=\"Estimated reading time\" \/>\n\t<meta name=\"twitter:data1\" content=\"2 minutes\" \/>\n<script type=\"application\/ld+json\" class=\"yoast-schema-graph\">{\"@context\":\"https:\/\/schema.org\",\"@graph\":[{\"@type\":\"WebPage\",\"@id\":\"https:\/\/foretnature.be\/en\/resume-foret-mail\/le-froid-a-du-bon-pour-les-bourgeons\/\",\"url\":\"https:\/\/foretnature.be\/en\/resume-foret-mail\/le-froid-a-du-bon-pour-les-bourgeons\/\",\"name\":\"Le froid a du bon pour les bourgeons - For\u00eat.Nature\",\"isPartOf\":{\"@id\":\"https:\/\/foretnature.be\/#website\"},\"primaryImageOfPage\":{\"@id\":\"https:\/\/foretnature.be\/en\/resume-foret-mail\/le-froid-a-du-bon-pour-les-bourgeons\/#primaryimage\"},\"image\":{\"@id\":\"https:\/\/foretnature.be\/en\/resume-foret-mail\/le-froid-a-du-bon-pour-les-bourgeons\/#primaryimage\"},\"thumbnailUrl\":\"https:\/\/foretnature.be\/wp-content\/uploads\/2025\/01\/2619.jpeg\",\"datePublished\":\"2025-01-14T10:02:08+00:00\",\"dateModified\":\"2025-01-14T10:02:08+00:00\",\"breadcrumb\":{\"@id\":\"https:\/\/foretnature.be\/en\/resume-foret-mail\/le-froid-a-du-bon-pour-les-bourgeons\/#breadcrumb\"},\"inLanguage\":\"en-GB\",\"potentialAction\":[{\"@type\":\"ReadAction\",\"target\":[\"https:\/\/foretnature.be\/en\/resume-foret-mail\/le-froid-a-du-bon-pour-les-bourgeons\/\"]}]},{\"@type\":\"ImageObject\",\"inLanguage\":\"en-GB\",\"@id\":\"https:\/\/foretnature.be\/en\/resume-foret-mail\/le-froid-a-du-bon-pour-les-bourgeons\/#primaryimage\",\"url\":\"https:\/\/foretnature.be\/wp-content\/uploads\/2025\/01\/2619.jpeg\",\"contentUrl\":\"https:\/\/foretnature.be\/wp-content\/uploads\/2025\/01\/2619.jpeg\",\"width\":900,\"height\":601,\"caption\":\"Closeup view of winter snow covered beech twig with buds and dry leaf\"},{\"@type\":\"BreadcrumbList\",\"@id\":\"https:\/\/foretnature.be\/en\/resume-foret-mail\/le-froid-a-du-bon-pour-les-bourgeons\/#breadcrumb\",\"itemListElement\":[{\"@type\":\"ListItem\",\"position\":1,\"name\":\"Home\",\"item\":\"https:\/\/foretnature.be\/\"},{\"@type\":\"ListItem\",\"position\":2,\"name\":\"Le froid a du bon pour les bourgeons\"}]},{\"@type\":\"WebSite\",\"@id\":\"https:\/\/foretnature.be\/#website\",\"url\":\"https:\/\/foretnature.be\/\",\"name\":\"For\u00eat.Nature\",\"description\":\"Une \u00e9quipe technique au service de la for\u00eat\",\"publisher\":{\"@id\":\"https:\/\/foretnature.be\/#organization\"},\"potentialAction\":[{\"@type\":\"SearchAction\",\"target\":{\"@type\":\"EntryPoint\",\"urlTemplate\":\"https:\/\/foretnature.be\/?s={search_term_string}\"},\"query-input\":\"required name=search_term_string\"}],\"inLanguage\":\"en-GB\"},{\"@type\":\"Organization\",\"@id\":\"https:\/\/foretnature.be\/#organization\",\"name\":\"For\u00eat.Nature\",\"url\":\"https:\/\/foretnature.be\/\",\"logo\":{\"@type\":\"ImageObject\",\"inLanguage\":\"en-GB\",\"@id\":\"https:\/\/foretnature.be\/#\/schema\/logo\/image\/\",\"url\":\"https:\/\/foretnature.be\/wp-content\/uploads\/2021\/01\/logoFOblanc.png\",\"contentUrl\":\"https:\/\/foretnature.be\/wp-content\/uploads\/2021\/01\/logoFOblanc.png\",\"width\":300,\"height\":151,\"caption\":\"For\u00eat.Nature\"},\"image\":{\"@id\":\"https:\/\/foretnature.be\/#\/schema\/logo\/image\/\"}}]}<\/script>\n<!-- \/ Yoast SEO plugin. -->","yoast_head_json":{"title":"Le froid a du bon pour les bourgeons - For\u00eat.Nature","robots":{"index":"index","follow":"follow","max-snippet":"max-snippet:-1","max-image-preview":"max-image-preview:large","max-video-preview":"max-video-preview:-1"},"canonical":"https:\/\/foretnature.be\/en\/resume-foret-mail\/le-froid-a-du-bon-pour-les-bourgeons\/","og_locale":"en_GB","og_type":"article","og_title":"Le froid a du bon pour les bourgeons - For\u00eat.Nature","og_description":"Afin d\u2019\u00e9chapper au froid et aux dommages que pourrait causer le gel, les arbres entrent en hibernation en automne. Et paradoxalement, ils ont \u00e9galement besoin de ce froid pour sortir de dormance. En effet, celui-ci agit comme un signal de r\u00e9veil qui pr\u00e9pare les arbres \u00e0 ouvrir leurs bourgeons et d\u00e9ployer leurs feuilles lorsque le [&hellip;]","og_url":"https:\/\/foretnature.be\/en\/resume-foret-mail\/le-froid-a-du-bon-pour-les-bourgeons\/","og_site_name":"For\u00eat.Nature","og_image":[{"width":900,"height":601,"url":"https:\/\/foretnature.be\/wp-content\/uploads\/2025\/01\/2619.jpeg","type":"image\/jpeg"}],"twitter_card":"summary_large_image","twitter_misc":{"Estimated reading time":"2 minutes"},"schema":{"@context":"https:\/\/schema.org","@graph":[{"@type":"WebPage","@id":"https:\/\/foretnature.be\/en\/resume-foret-mail\/le-froid-a-du-bon-pour-les-bourgeons\/","url":"https:\/\/foretnature.be\/en\/resume-foret-mail\/le-froid-a-du-bon-pour-les-bourgeons\/","name":"Le froid a du bon pour les bourgeons - For\u00eat.Nature","isPartOf":{"@id":"https:\/\/foretnature.be\/#website"},"primaryImageOfPage":{"@id":"https:\/\/foretnature.be\/en\/resume-foret-mail\/le-froid-a-du-bon-pour-les-bourgeons\/#primaryimage"},"image":{"@id":"https:\/\/foretnature.be\/en\/resume-foret-mail\/le-froid-a-du-bon-pour-les-bourgeons\/#primaryimage"},"thumbnailUrl":"https:\/\/foretnature.be\/wp-content\/uploads\/2025\/01\/2619.jpeg","datePublished":"2025-01-14T10:02:08+00:00","dateModified":"2025-01-14T10:02:08+00:00","breadcrumb":{"@id":"https:\/\/foretnature.be\/en\/resume-foret-mail\/le-froid-a-du-bon-pour-les-bourgeons\/#breadcrumb"},"inLanguage":"en-GB","potentialAction":[{"@type":"ReadAction","target":["https:\/\/foretnature.be\/en\/resume-foret-mail\/le-froid-a-du-bon-pour-les-bourgeons\/"]}]},{"@type":"ImageObject","inLanguage":"en-GB","@id":"https:\/\/foretnature.be\/en\/resume-foret-mail\/le-froid-a-du-bon-pour-les-bourgeons\/#primaryimage","url":"https:\/\/foretnature.be\/wp-content\/uploads\/2025\/01\/2619.jpeg","contentUrl":"https:\/\/foretnature.be\/wp-content\/uploads\/2025\/01\/2619.jpeg","width":900,"height":601,"caption":"Closeup view of winter snow covered beech twig with buds and dry leaf"},{"@type":"BreadcrumbList","@id":"https:\/\/foretnature.be\/en\/resume-foret-mail\/le-froid-a-du-bon-pour-les-bourgeons\/#breadcrumb","itemListElement":[{"@type":"ListItem","position":1,"name":"Home","item":"https:\/\/foretnature.be\/"},{"@type":"ListItem","position":2,"name":"Le froid a du bon pour les bourgeons"}]},{"@type":"WebSite","@id":"https:\/\/foretnature.be\/#website","url":"https:\/\/foretnature.be\/","name":"For\u00eat.Nature","description":"Une \u00e9quipe technique au service de la for\u00eat","publisher":{"@id":"https:\/\/foretnature.be\/#organization"},"potentialAction":[{"@type":"SearchAction","target":{"@type":"EntryPoint","urlTemplate":"https:\/\/foretnature.be\/?s={search_term_string}"},"query-input":"required name=search_term_string"}],"inLanguage":"en-GB"},{"@type":"Organization","@id":"https:\/\/foretnature.be\/#organization","name":"For\u00eat.Nature","url":"https:\/\/foretnature.be\/","logo":{"@type":"ImageObject","inLanguage":"en-GB","@id":"https:\/\/foretnature.be\/#\/schema\/logo\/image\/","url":"https:\/\/foretnature.be\/wp-content\/uploads\/2021\/01\/logoFOblanc.png","contentUrl":"https:\/\/foretnature.be\/wp-content\/uploads\/2021\/01\/logoFOblanc.png","width":300,"height":151,"caption":"For\u00eat.Nature"},"image":{"@id":"https:\/\/foretnature.be\/#\/schema\/logo\/image\/"}}]}},"_links":{"self":[{"href":"https:\/\/foretnature.be\/en\/wp-json\/wp\/v2\/resume-foret-mail\/44961"}],"collection":[{"href":"https:\/\/foretnature.be\/en\/wp-json\/wp\/v2\/resume-foret-mail"}],"about":[{"href":"https:\/\/foretnature.be\/en\/wp-json\/wp\/v2\/types\/resume-foret-mail"}],"version-history":[{"count":1,"href":"https:\/\/foretnature.be\/en\/wp-json\/wp\/v2\/resume-foret-mail\/44961\/revisions"}],"predecessor-version":[{"id":44962,"href":"https:\/\/foretnature.be\/en\/wp-json\/wp\/v2\/resume-foret-mail\/44961\/revisions\/44962"}],"wp:featuredmedia":[{"embeddable":true,"href":"https:\/\/foretnature.be\/en\/wp-json\/wp\/v2\/media\/44949"}],"wp:attachment":[{"href":"https:\/\/foretnature.be\/en\/wp-json\/wp\/v2\/media?parent=44961"}],"wp:term":[{"taxonomy":"category","embeddable":true,"href":"https:\/\/foretnature.be\/en\/wp-json\/wp\/v2\/categories?post=44961"}],"curies":[{"name":"wp","href":"https:\/\/api.w.org\/{rel}","templated":true}]}}

<p>Afin d’échapper au froid et aux dommages que pourrait causer le gel, les arbres entrent en hibernation en automne. Et paradoxalement, ils ont également besoin de ce froid pour sortir de dormance.</p>
<p>En effet, celui-ci agit comme un signal de réveil qui prépare les arbres à ouvrir leurs bourgeons et déployer leurs feuilles lorsque le printemps arrive. Néanmoins, en raison du réchauffement climatique, ce processus subit des modifications affectant nos forêts car le développement des arbres peut être retardé ou incomplet. De plus, les hivers doux peuvent augmenter la sensibilité au gel et aux sécheresses extrêmes.</p>
<p>Les essences n&rsquo;ont pas les mêmes besoins en froid durant l’hiver. Les bourgeons du hêtre et de l’érable, par exemple, sortent de leur dormance après 3 mois à moins de 10 °C alors que ceux du chêne ou du bouleau peuvent se satisfaire de moins de 6 semaines de froid. Les essences mieux adaptées à des hivers doux seront avantagées à l’avenir.</p>

<p>Afin d’échapper au froid et aux dommages que pourrait causer le gel, les arbres entrent en hibernation en automne. Et paradoxalement, ils ont également besoin de ce froid pour sortir de dormance. En effet, celui-ci agit comme un signal de réveil qui prépare les arbres à ouvrir leurs bourgeons et déployer leurs feuilles lorsque le [&hellip;]</p>

<!-- This site is optimized with the Yoast SEO plugin v23.2 - https://yoast.com/wordpress/plugins/seo/ -->
<title>Le froid a du bon pour les bourgeons - Forêt.Nature</title>
<meta name="robots" content="index, follow, max-snippet:-1, max-image-preview:large, max-video-preview:-1" />
<link rel="canonical" href="https://foretnature.be/en/resume-foret-mail/le-froid-a-du-bon-pour-les-bourgeons/" />
<meta property="og:locale" content="en_GB" />
<meta property="og:type" content="article" />
<meta property="og:title" content="Le froid a du bon pour les bourgeons - Forêt.Nature" />
<meta property="og:description" content="Afin d’échapper au froid et aux dommages que pourrait causer le gel, les arbres entrent en hibernation en automne. Et paradoxalement, ils ont également besoin de ce froid pour sortir de dormance. En effet, celui-ci agit comme un signal de réveil qui prépare les arbres à ouvrir leurs bourgeons et déployer leurs feuilles lorsque le [&hellip;]" />
<meta property="og:url" content="https://foretnature.be/en/resume-foret-mail/le-froid-a-du-bon-pour-les-bourgeons/" />
<meta property="og:site_name" content="Forêt.Nature" />
<meta property="og:image" content="https://foretnature.be/wp-content/uploads/2025/01/2619.jpeg" />
	<meta property="og:image:width" content="900" />
	<meta property="og:image:height" content="601" />
	<meta property="og:image:type" content="image/jpeg" />
<meta name="twitter:card" content="summary_large_image" />
<meta name="twitter:label1" content="Estimated reading time" />
	<meta name="twitter:data1" content="2 minutes" />
<script type="application/ld+json" class="yoast-schema-graph">{"@context":"https://schema.org","@graph":[{"@type":"WebPage","@id":"https://foretnature.be/en/resume-foret-mail/le-froid-a-du-bon-pour-les-bourgeons/","url":"https://foretnature.be/en/resume-foret-mail/le-froid-a-du-bon-pour-les-bourgeons/","name":"Le froid a du bon pour les bourgeons - Forêt.Nature","isPartOf":{"@id":"https://foretnature.be/#website"},"primaryImageOfPage":{"@id":"https://foretnature.be/en/resume-foret-mail/le-froid-a-du-bon-pour-les-bourgeons/#primaryimage"},"image":{"@id":"https://foretnature.be/en/resume-foret-mail/le-froid-a-du-bon-pour-les-bourgeons/#primaryimage"},"thumbnailUrl":"https://foretnature.be/wp-content/uploads/2025/01/2619.jpeg","datePublished":"2025-01-14T10:02:08+00:00","dateModified":"2025-01-14T10:02:08+00:00","breadcrumb":{"@id":"https://foretnature.be/en/resume-foret-mail/le-froid-a-du-bon-pour-les-bourgeons/#breadcrumb"},"inLanguage":"en-GB","potentialAction":[{"@type":"ReadAction","target":["https://foretnature.be/en/resume-foret-mail/le-froid-a-du-bon-pour-les-bourgeons/"]}]},{"@type":"ImageObject","inLanguage":"en-GB","@id":"https://foretnature.be/en/resume-foret-mail/le-froid-a-du-bon-pour-les-bourgeons/#primaryimage","url":"https://foretnature.be/wp-content/uploads/2025/01/2619.jpeg","contentUrl":"https://foretnature.be/wp-content/uploads/2025/01/2619.jpeg","width":900,"height":601,"caption":"Closeup view of winter snow covered beech twig with buds and dry leaf"},{"@type":"BreadcrumbList","@id":"https://foretnature.be/en/resume-foret-mail/le-froid-a-du-bon-pour-les-bourgeons/#breadcrumb","itemListElement":[{"@type":"ListItem","position":1,"name":"Home","item":"https://foretnature.be/"},{"@type":"ListItem","position":2,"name":"Le froid a du bon pour les bourgeons"}]},{"@type":"WebSite","@id":"https://foretnature.be/#website","url":"https://foretnature.be/","name":"Forêt.Nature","description":"Une équipe technique au service de la forêt","publisher":{"@id":"https://foretnature.be/#organization"},"potentialAction":[{"@type":"SearchAction","target":{"@type":"EntryPoint","urlTemplate":"https://foretnature.be/?s={search_term_string}"},"query-input":"required name=search_term_string"}],"inLanguage":"en-GB"},{"@type":"Organization","@id":"https://foretnature.be/#organization","name":"Forêt.Nature","url":"https://foretnature.be/","logo":{"@type":"ImageObject","inLanguage":"en-GB","@id":"https://foretnature.be/#/schema/logo/image/","url":"https://foretnature.be/wp-content/uploads/2021/01/logoFOblanc.png","contentUrl":"https://foretnature.be/wp-content/uploads/2021/01/logoFOblanc.png","width":300,"height":151,"caption":"Forêt.Nature"},"image":{"@id":"https://foretnature.be/#/schema/logo/image/"}}]}</script>
<!-- / Yoast SEO plugin. -->

Le froid a du bon pour les bourgeons - Forêt.Nature

Afin d’échapper au froid et aux dommages que pourrait causer le gel, les arbres entrent en hibernation en automne. Et paradoxalement, ils ont également besoin de ce froid pour sortir de dormance. En effet, celui-ci agit comme un signal de réveil qui prépare les arbres à ouvrir leurs bourgeons et déployer leurs feuilles lorsque le [&hellip;]

Forêt.Nature

Une équipe technique au service de la forêt
