{"id":41347,"date":"2024-09-10T15:55:30","date_gmt":"2024-09-10T13:55:30","guid":{"rendered":"https:\/\/foretnature.be\/?post_type=resume-foret-mail&#038;p=41347"},"modified":"2024-09-16T08:51:15","modified_gmt":"2024-09-16T06:51:15","slug":"la-news-de-lobservatoire-wallon-de-la-sante-des-forets","status":"publish","type":"resume-foret-mail","link":"https:\/\/foretnature.be\/en\/resume-foret-mail\/la-news-de-lobservatoire-wallon-de-la-sante-des-forets\/","title":{"rendered":"La news de l\u2019Observatoire Wallon de la Sant\u00e9 des For\u00eats"},"content":{"rendered":"<p>Quel est l\u2019\u00e9tat de sant\u00e9 global des for\u00eats wallonnes\u202f? Nous avons \u00e9t\u00e9 \u00e9pargn\u00e9s par une vague de chaleur ou p\u00e9riode de s\u00e9cheresse estivale, et cela devrait continuer pour la fin de l\u2019\u00e9t\u00e9. N\u00e9anmoins, un climat plus humide favorise l\u2019apparition de pathog\u00e8nes foliaires. En plus de l\u2019o\u00efdium et des rouilles, les m\u00e9l\u00e8zes ont \u00e9t\u00e9 tr\u00e8s impact\u00e9s par <em>Mycosphaerella laricina<\/em>, provoquant brunissements et pertes brutales d\u2019aiguilles. Les feuillus ne sont pas \u00e9pargn\u00e9s non plus, avec la pr\u00e9sence d\u2019anthracnoses (nom g\u00e9n\u00e9rique d&rsquo;une s\u00e9rie de maladies cryptogamiques caus\u00e9es par diverses esp\u00e8ces de champignons) se caract\u00e9risent par des taches brunes ou noires.<\/p>\n<p>Bonne nouvelle, les scolytes perdent du terrain, les volumes relev\u00e9s ces derniers mois tendent vers une certaine normalit\u00e9. En r\u00e9sineux, certains cas de spinident\u00e9s sur m\u00e9l\u00e8ze et tsuga ont n\u00e9anmoins \u00e9t\u00e9 relev\u00e9s.<\/p>\n<p>Enfin, on note aussi l\u2019apparition d\u2019un nouveau champignon pathog\u00e8ne, <em>Sirococcus tsugae<\/em>, attaquant principalement le tsuga et le c\u00e8dre. Un foyer au sud de l\u2019Ardenne a \u00e9t\u00e9 d\u00e9tect\u00e9 et l\u2019apparition de nouveaux cas est suivie de pr\u00e8s.<\/p>","protected":false},"excerpt":{"rendered":"<p>Quel est l\u2019\u00e9tat de sant\u00e9 global des for\u00eats wallonnes\u202f? Nous avons \u00e9t\u00e9 \u00e9pargn\u00e9s par une vague de chaleur ou p\u00e9riode de s\u00e9cheresse estivale, et cela devrait continuer pour la fin de l\u2019\u00e9t\u00e9. N\u00e9anmoins, un climat plus humide favorise l\u2019apparition de pathog\u00e8nes foliaires. En plus de l\u2019o\u00efdium et des rouilles, les m\u00e9l\u00e8zes ont \u00e9t\u00e9 tr\u00e8s impact\u00e9s [&hellip;]<\/p>","protected":false},"featured_media":41357,"template":"","categories":[50],"acf":[],"yoast_head":"<!-- This site is optimized with the Yoast SEO plugin v23.2 - https:\/\/yoast.com\/wordpress\/plugins\/seo\/ -->\n<title>La news de l\u2019Observatoire Wallon de la Sant\u00e9 des For\u00eats - For\u00eat.Nature<\/title>\n<meta name=\"robots\" content=\"index, follow, max-snippet:-1, max-image-preview:large, max-video-preview:-1\" \/>\n<link rel=\"canonical\" href=\"https:\/\/foretnature.be\/en\/resume-foret-mail\/la-news-de-lobservatoire-wallon-de-la-sante-des-forets\/\" \/>\n<meta property=\"og:locale\" content=\"en_GB\" \/>\n<meta property=\"og:type\" content=\"article\" \/>\n<meta property=\"og:title\" content=\"La news de l\u2019Observatoire Wallon de la Sant\u00e9 des For\u00eats - For\u00eat.Nature\" \/>\n<meta property=\"og:description\" content=\"Quel est l\u2019\u00e9tat de sant\u00e9 global des for\u00eats wallonnes\u202f? Nous avons \u00e9t\u00e9 \u00e9pargn\u00e9s par une vague de chaleur ou p\u00e9riode de s\u00e9cheresse estivale, et cela devrait continuer pour la fin de l\u2019\u00e9t\u00e9. N\u00e9anmoins, un climat plus humide favorise l\u2019apparition de pathog\u00e8nes foliaires. En plus de l\u2019o\u00efdium et des rouilles, les m\u00e9l\u00e8zes ont \u00e9t\u00e9 tr\u00e8s impact\u00e9s [&hellip;]\" \/>\n<meta property=\"og:url\" content=\"https:\/\/foretnature.be\/en\/resume-foret-mail\/la-news-de-lobservatoire-wallon-de-la-sante-des-forets\/\" \/>\n<meta property=\"og:site_name\" content=\"For\u00eat.Nature\" \/>\n<meta property=\"article:modified_time\" content=\"2024-09-16T06:51:15+00:00\" \/>\n<meta property=\"og:image\" content=\"https:\/\/foretnature.be\/wp-content\/uploads\/2024\/09\/2586.jpg\" \/>\n\t<meta property=\"og:image:width\" content=\"900\" \/>\n\t<meta property=\"og:image:height\" content=\"564\" \/>\n\t<meta property=\"og:image:type\" content=\"image\/jpeg\" \/>\n<meta name=\"twitter:card\" content=\"summary_large_image\" \/>\n<meta name=\"twitter:label1\" content=\"Estimated reading time\" \/>\n\t<meta name=\"twitter:data1\" content=\"2 minutes\" \/>\n<script type=\"application\/ld+json\" class=\"yoast-schema-graph\">{\"@context\":\"https:\/\/schema.org\",\"@graph\":[{\"@type\":\"WebPage\",\"@id\":\"https:\/\/foretnature.be\/resume-foret-mail\/la-news-de-lobservatoire-wallon-de-la-sante-des-forets\/\",\"url\":\"https:\/\/foretnature.be\/resume-foret-mail\/la-news-de-lobservatoire-wallon-de-la-sante-des-forets\/\",\"name\":\"La news de l\u2019Observatoire Wallon de la Sant\u00e9 des For\u00eats - For\u00eat.Nature\",\"isPartOf\":{\"@id\":\"https:\/\/foretnature.be\/en\/#website\"},\"primaryImageOfPage\":{\"@id\":\"https:\/\/foretnature.be\/resume-foret-mail\/la-news-de-lobservatoire-wallon-de-la-sante-des-forets\/#primaryimage\"},\"image\":{\"@id\":\"https:\/\/foretnature.be\/resume-foret-mail\/la-news-de-lobservatoire-wallon-de-la-sante-des-forets\/#primaryimage\"},\"thumbnailUrl\":\"https:\/\/foretnature.be\/wp-content\/uploads\/2024\/09\/2586.jpg\",\"datePublished\":\"2024-09-10T13:55:30+00:00\",\"dateModified\":\"2024-09-16T06:51:15+00:00\",\"breadcrumb\":{\"@id\":\"https:\/\/foretnature.be\/resume-foret-mail\/la-news-de-lobservatoire-wallon-de-la-sante-des-forets\/#breadcrumb\"},\"inLanguage\":\"en-GB\",\"potentialAction\":[{\"@type\":\"ReadAction\",\"target\":[\"https:\/\/foretnature.be\/resume-foret-mail\/la-news-de-lobservatoire-wallon-de-la-sante-des-forets\/\"]}]},{\"@type\":\"ImageObject\",\"inLanguage\":\"en-GB\",\"@id\":\"https:\/\/foretnature.be\/resume-foret-mail\/la-news-de-lobservatoire-wallon-de-la-sante-des-forets\/#primaryimage\",\"url\":\"https:\/\/foretnature.be\/wp-content\/uploads\/2024\/09\/2586.jpg\",\"contentUrl\":\"https:\/\/foretnature.be\/wp-content\/uploads\/2024\/09\/2586.jpg\",\"width\":900,\"height\":564},{\"@type\":\"BreadcrumbList\",\"@id\":\"https:\/\/foretnature.be\/resume-foret-mail\/la-news-de-lobservatoire-wallon-de-la-sante-des-forets\/#breadcrumb\",\"itemListElement\":[{\"@type\":\"ListItem\",\"position\":1,\"name\":\"Home\",\"item\":\"https:\/\/foretnature.be\/en\/\"},{\"@type\":\"ListItem\",\"position\":2,\"name\":\"La news de l\u2019Observatoire Wallon de la Sant\u00e9 des For\u00eats\"}]},{\"@type\":\"WebSite\",\"@id\":\"https:\/\/foretnature.be\/en\/#website\",\"url\":\"https:\/\/foretnature.be\/en\/\",\"name\":\"For\u00eat.Nature\",\"description\":\"Une \u00e9quipe technique au service de la for\u00eat\",\"publisher\":{\"@id\":\"https:\/\/foretnature.be\/en\/#organization\"},\"potentialAction\":[{\"@type\":\"SearchAction\",\"target\":{\"@type\":\"EntryPoint\",\"urlTemplate\":\"https:\/\/foretnature.be\/en\/?s={search_term_string}\"},\"query-input\":\"required name=search_term_string\"}],\"inLanguage\":\"en-GB\"},{\"@type\":\"Organization\",\"@id\":\"https:\/\/foretnature.be\/en\/#organization\",\"name\":\"For\u00eat.Nature\",\"url\":\"https:\/\/foretnature.be\/en\/\",\"logo\":{\"@type\":\"ImageObject\",\"inLanguage\":\"en-GB\",\"@id\":\"https:\/\/foretnature.be\/en\/#\/schema\/logo\/image\/\",\"url\":\"https:\/\/foretnature.be\/wp-content\/uploads\/2021\/01\/logoFOblanc.png\",\"contentUrl\":\"https:\/\/foretnature.be\/wp-content\/uploads\/2021\/01\/logoFOblanc.png\",\"width\":300,\"height\":151,\"caption\":\"For\u00eat.Nature\"},\"image\":{\"@id\":\"https:\/\/foretnature.be\/en\/#\/schema\/logo\/image\/\"}}]}<\/script>\n<!-- \/ Yoast SEO plugin. -->","yoast_head_json":{"title":"La news de l\u2019Observatoire Wallon de la Sant\u00e9 des For\u00eats - For\u00eat.Nature","robots":{"index":"index","follow":"follow","max-snippet":"max-snippet:-1","max-image-preview":"max-image-preview:large","max-video-preview":"max-video-preview:-1"},"canonical":"https:\/\/foretnature.be\/en\/resume-foret-mail\/la-news-de-lobservatoire-wallon-de-la-sante-des-forets\/","og_locale":"en_GB","og_type":"article","og_title":"La news de l\u2019Observatoire Wallon de la Sant\u00e9 des For\u00eats - For\u00eat.Nature","og_description":"Quel est l\u2019\u00e9tat de sant\u00e9 global des for\u00eats wallonnes\u202f? Nous avons \u00e9t\u00e9 \u00e9pargn\u00e9s par une vague de chaleur ou p\u00e9riode de s\u00e9cheresse estivale, et cela devrait continuer pour la fin de l\u2019\u00e9t\u00e9. N\u00e9anmoins, un climat plus humide favorise l\u2019apparition de pathog\u00e8nes foliaires. En plus de l\u2019o\u00efdium et des rouilles, les m\u00e9l\u00e8zes ont \u00e9t\u00e9 tr\u00e8s impact\u00e9s [&hellip;]","og_url":"https:\/\/foretnature.be\/en\/resume-foret-mail\/la-news-de-lobservatoire-wallon-de-la-sante-des-forets\/","og_site_name":"For\u00eat.Nature","article_modified_time":"2024-09-16T06:51:15+00:00","og_image":[{"width":900,"height":564,"url":"https:\/\/foretnature.be\/wp-content\/uploads\/2024\/09\/2586.jpg","type":"image\/jpeg"}],"twitter_card":"summary_large_image","twitter_misc":{"Estimated reading time":"2 minutes"},"schema":{"@context":"https:\/\/schema.org","@graph":[{"@type":"WebPage","@id":"https:\/\/foretnature.be\/resume-foret-mail\/la-news-de-lobservatoire-wallon-de-la-sante-des-forets\/","url":"https:\/\/foretnature.be\/resume-foret-mail\/la-news-de-lobservatoire-wallon-de-la-sante-des-forets\/","name":"La news de l\u2019Observatoire Wallon de la Sant\u00e9 des For\u00eats - For\u00eat.Nature","isPartOf":{"@id":"https:\/\/foretnature.be\/en\/#website"},"primaryImageOfPage":{"@id":"https:\/\/foretnature.be\/resume-foret-mail\/la-news-de-lobservatoire-wallon-de-la-sante-des-forets\/#primaryimage"},"image":{"@id":"https:\/\/foretnature.be\/resume-foret-mail\/la-news-de-lobservatoire-wallon-de-la-sante-des-forets\/#primaryimage"},"thumbnailUrl":"https:\/\/foretnature.be\/wp-content\/uploads\/2024\/09\/2586.jpg","datePublished":"2024-09-10T13:55:30+00:00","dateModified":"2024-09-16T06:51:15+00:00","breadcrumb":{"@id":"https:\/\/foretnature.be\/resume-foret-mail\/la-news-de-lobservatoire-wallon-de-la-sante-des-forets\/#breadcrumb"},"inLanguage":"en-GB","potentialAction":[{"@type":"ReadAction","target":["https:\/\/foretnature.be\/resume-foret-mail\/la-news-de-lobservatoire-wallon-de-la-sante-des-forets\/"]}]},{"@type":"ImageObject","inLanguage":"en-GB","@id":"https:\/\/foretnature.be\/resume-foret-mail\/la-news-de-lobservatoire-wallon-de-la-sante-des-forets\/#primaryimage","url":"https:\/\/foretnature.be\/wp-content\/uploads\/2024\/09\/2586.jpg","contentUrl":"https:\/\/foretnature.be\/wp-content\/uploads\/2024\/09\/2586.jpg","width":900,"height":564},{"@type":"BreadcrumbList","@id":"https:\/\/foretnature.be\/resume-foret-mail\/la-news-de-lobservatoire-wallon-de-la-sante-des-forets\/#breadcrumb","itemListElement":[{"@type":"ListItem","position":1,"name":"Home","item":"https:\/\/foretnature.be\/en\/"},{"@type":"ListItem","position":2,"name":"La news de l\u2019Observatoire Wallon de la Sant\u00e9 des For\u00eats"}]},{"@type":"WebSite","@id":"https:\/\/foretnature.be\/en\/#website","url":"https:\/\/foretnature.be\/en\/","name":"For\u00eat.Nature","description":"Une \u00e9quipe technique au service de la for\u00eat","publisher":{"@id":"https:\/\/foretnature.be\/en\/#organization"},"potentialAction":[{"@type":"SearchAction","target":{"@type":"EntryPoint","urlTemplate":"https:\/\/foretnature.be\/en\/?s={search_term_string}"},"query-input":"required name=search_term_string"}],"inLanguage":"en-GB"},{"@type":"Organization","@id":"https:\/\/foretnature.be\/en\/#organization","name":"For\u00eat.Nature","url":"https:\/\/foretnature.be\/en\/","logo":{"@type":"ImageObject","inLanguage":"en-GB","@id":"https:\/\/foretnature.be\/en\/#\/schema\/logo\/image\/","url":"https:\/\/foretnature.be\/wp-content\/uploads\/2021\/01\/logoFOblanc.png","contentUrl":"https:\/\/foretnature.be\/wp-content\/uploads\/2021\/01\/logoFOblanc.png","width":300,"height":151,"caption":"For\u00eat.Nature"},"image":{"@id":"https:\/\/foretnature.be\/en\/#\/schema\/logo\/image\/"}}]}},"_links":{"self":[{"href":"https:\/\/foretnature.be\/en\/wp-json\/wp\/v2\/resume-foret-mail\/41347"}],"collection":[{"href":"https:\/\/foretnature.be\/en\/wp-json\/wp\/v2\/resume-foret-mail"}],"about":[{"href":"https:\/\/foretnature.be\/en\/wp-json\/wp\/v2\/types\/resume-foret-mail"}],"version-history":[{"count":3,"href":"https:\/\/foretnature.be\/en\/wp-json\/wp\/v2\/resume-foret-mail\/41347\/revisions"}],"predecessor-version":[{"id":41457,"href":"https:\/\/foretnature.be\/en\/wp-json\/wp\/v2\/resume-foret-mail\/41347\/revisions\/41457"}],"wp:featuredmedia":[{"embeddable":true,"href":"https:\/\/foretnature.be\/en\/wp-json\/wp\/v2\/media\/41357"}],"wp:attachment":[{"href":"https:\/\/foretnature.be\/en\/wp-json\/wp\/v2\/media?parent=41347"}],"wp:term":[{"taxonomy":"category","embeddable":true,"href":"https:\/\/foretnature.be\/en\/wp-json\/wp\/v2\/categories?post=41347"}],"curies":[{"name":"wp","href":"https:\/\/api.w.org\/{rel}","templated":true}]}}

La news de l’Observatoire Wallon de la Santé des Forêts

<p>Quel est l’état de santé global des forêts wallonnes ? Nous avons été épargnés par une vague de chaleur ou période de sécheresse estivale, et cela devrait continuer pour la fin de l’été. Néanmoins, un climat plus humide favorise l’apparition de pathogènes foliaires. En plus de l’oïdium et des rouilles, les mélèzes ont été très impactés par <em>Mycosphaerella laricina</em>, provoquant brunissements et pertes brutales d’aiguilles. Les feuillus ne sont pas épargnés non plus, avec la présence d’anthracnoses (nom générique d&rsquo;une série de maladies cryptogamiques causées par diverses espèces de champignons) se caractérisent par des taches brunes ou noires.</p>
<p>Bonne nouvelle, les scolytes perdent du terrain, les volumes relevés ces derniers mois tendent vers une certaine normalité. En résineux, certains cas de spinidentés sur mélèze et tsuga ont néanmoins été relevés.</p>
<p>Enfin, on note aussi l’apparition d’un nouveau champignon pathogène, <em>Sirococcus tsugae</em>, attaquant principalement le tsuga et le cèdre. Un foyer au sud de l’Ardenne a été détecté et l’apparition de nouveaux cas est suivie de près.</p>

<p>Quel est l’état de santé global des forêts wallonnes ? Nous avons été épargnés par une vague de chaleur ou période de sécheresse estivale, et cela devrait continuer pour la fin de l’été. Néanmoins, un climat plus humide favorise l’apparition de pathogènes foliaires. En plus de l’oïdium et des rouilles, les mélèzes ont été très impactés [&hellip;]</p>

<!-- This site is optimized with the Yoast SEO plugin v23.2 - https://yoast.com/wordpress/plugins/seo/ -->
<title>La news de l’Observatoire Wallon de la Santé des Forêts - Forêt.Nature</title>
<meta name="robots" content="index, follow, max-snippet:-1, max-image-preview:large, max-video-preview:-1" />
<link rel="canonical" href="https://foretnature.be/en/resume-foret-mail/la-news-de-lobservatoire-wallon-de-la-sante-des-forets/" />
<meta property="og:locale" content="en_GB" />
<meta property="og:type" content="article" />
<meta property="og:title" content="La news de l’Observatoire Wallon de la Santé des Forêts - Forêt.Nature" />
<meta property="og:description" content="Quel est l’état de santé global des forêts wallonnes ? Nous avons été épargnés par une vague de chaleur ou période de sécheresse estivale, et cela devrait continuer pour la fin de l’été. Néanmoins, un climat plus humide favorise l’apparition de pathogènes foliaires. En plus de l’oïdium et des rouilles, les mélèzes ont été très impactés [&hellip;]" />
<meta property="og:url" content="https://foretnature.be/en/resume-foret-mail/la-news-de-lobservatoire-wallon-de-la-sante-des-forets/" />
<meta property="og:site_name" content="Forêt.Nature" />
<meta property="article:modified_time" content="2024-09-16T06:51:15+00:00" />
<meta property="og:image" content="https://foretnature.be/wp-content/uploads/2024/09/2586.jpg" />
	<meta property="og:image:width" content="900" />
	<meta property="og:image:height" content="564" />
	<meta property="og:image:type" content="image/jpeg" />
<meta name="twitter:card" content="summary_large_image" />
<meta name="twitter:label1" content="Estimated reading time" />
	<meta name="twitter:data1" content="2 minutes" />
<script type="application/ld+json" class="yoast-schema-graph">{"@context":"https://schema.org","@graph":[{"@type":"WebPage","@id":"https://foretnature.be/resume-foret-mail/la-news-de-lobservatoire-wallon-de-la-sante-des-forets/","url":"https://foretnature.be/resume-foret-mail/la-news-de-lobservatoire-wallon-de-la-sante-des-forets/","name":"La news de l’Observatoire Wallon de la Santé des Forêts - Forêt.Nature","isPartOf":{"@id":"https://foretnature.be/en/#website"},"primaryImageOfPage":{"@id":"https://foretnature.be/resume-foret-mail/la-news-de-lobservatoire-wallon-de-la-sante-des-forets/#primaryimage"},"image":{"@id":"https://foretnature.be/resume-foret-mail/la-news-de-lobservatoire-wallon-de-la-sante-des-forets/#primaryimage"},"thumbnailUrl":"https://foretnature.be/wp-content/uploads/2024/09/2586.jpg","datePublished":"2024-09-10T13:55:30+00:00","dateModified":"2024-09-16T06:51:15+00:00","breadcrumb":{"@id":"https://foretnature.be/resume-foret-mail/la-news-de-lobservatoire-wallon-de-la-sante-des-forets/#breadcrumb"},"inLanguage":"en-GB","potentialAction":[{"@type":"ReadAction","target":["https://foretnature.be/resume-foret-mail/la-news-de-lobservatoire-wallon-de-la-sante-des-forets/"]}]},{"@type":"ImageObject","inLanguage":"en-GB","@id":"https://foretnature.be/resume-foret-mail/la-news-de-lobservatoire-wallon-de-la-sante-des-forets/#primaryimage","url":"https://foretnature.be/wp-content/uploads/2024/09/2586.jpg","contentUrl":"https://foretnature.be/wp-content/uploads/2024/09/2586.jpg","width":900,"height":564},{"@type":"BreadcrumbList","@id":"https://foretnature.be/resume-foret-mail/la-news-de-lobservatoire-wallon-de-la-sante-des-forets/#breadcrumb","itemListElement":[{"@type":"ListItem","position":1,"name":"Home","item":"https://foretnature.be/en/"},{"@type":"ListItem","position":2,"name":"La news de l’Observatoire Wallon de la Santé des Forêts"}]},{"@type":"WebSite","@id":"https://foretnature.be/en/#website","url":"https://foretnature.be/en/","name":"Forêt.Nature","description":"Une équipe technique au service de la forêt","publisher":{"@id":"https://foretnature.be/en/#organization"},"potentialAction":[{"@type":"SearchAction","target":{"@type":"EntryPoint","urlTemplate":"https://foretnature.be/en/?s={search_term_string}"},"query-input":"required name=search_term_string"}],"inLanguage":"en-GB"},{"@type":"Organization","@id":"https://foretnature.be/en/#organization","name":"Forêt.Nature","url":"https://foretnature.be/en/","logo":{"@type":"ImageObject","inLanguage":"en-GB","@id":"https://foretnature.be/en/#/schema/logo/image/","url":"https://foretnature.be/wp-content/uploads/2021/01/logoFOblanc.png","contentUrl":"https://foretnature.be/wp-content/uploads/2021/01/logoFOblanc.png","width":300,"height":151,"caption":"Forêt.Nature"},"image":{"@id":"https://foretnature.be/en/#/schema/logo/image/"}}]}</script>
<!-- / Yoast SEO plugin. -->

La news de l’Observatoire Wallon de la Santé des Forêts - Forêt.Nature

Quel est l’état de santé global des forêts wallonnes ? Nous avons été épargnés par une vague de chaleur ou période de sécheresse estivale, et cela devrait continuer pour la fin de l’été. Néanmoins, un climat plus humide favorise l’apparition de pathogènes foliaires. En plus de l’oïdium et des rouilles, les mélèzes ont été très impactés [&hellip;]

Forêt.Nature

Une équipe technique au service de la forêt
