{"id":40764,"date":"2024-03-11T15:28:16","date_gmt":"2024-03-11T14:28:16","guid":{"rendered":"https:\/\/foretnature.be\/?post_type=resume-foret-mail&#038;p=40764"},"modified":"2024-03-12T10:24:56","modified_gmt":"2024-03-12T09:24:56","slug":"ambiance-forestiere-et-climat-planetaire","status":"publish","type":"resume-foret-mail","link":"https:\/\/foretnature.be\/en\/resume-foret-mail\/ambiance-forestiere-et-climat-planetaire\/","title":{"rendered":"Ambiance foresti\u00e8re et climat plan\u00e9taire"},"content":{"rendered":"<p>Les chercheurs allemands et roumains \u00e9tudient le climat des for\u00eats de h\u00eatres et de ch\u00eanes et ont constat\u00e9 que les h\u00eatraies permettent une meilleure protection contre le r\u00e9chauffement climatique. En effet, les for\u00eats domin\u00e9es par le h\u00eatre se caract\u00e9risent par un climat int\u00e9rieur forestier significativement plus humide et plus frais.<\/p>\n<p>Les mesures de temp\u00e9rature de l\u2019air et d\u2019humidit\u00e9 relative entre les h\u00eatraies et les ch\u00eanaies thermophiles d\u00e9montrent les constats suivants :<\/p>\n<ul>\n<li>La couche d\u2019ombrage des for\u00eats de ch\u00eanes est jusqu\u2019\u00e0 3 \u00b0C plus chaude que la zone d\u2019ombrage dans les h\u00eatraies.<\/li>\n<li>L\u2019humidit\u00e9 relative est en moyenne 4 % plus faible dans le couvert ombrag\u00e9 des for\u00eats de ch\u00eanes que dans les for\u00eats de h\u00eatres.<\/li>\n<\/ul>\n<p>Ceci s\u2019explique par le d\u00e9veloppement caract\u00e9ristique chez le h\u00eatre de plusieurs couches de feuillage et d\u2019une surface totale de feuillage plus \u00e9lev\u00e9e par rapport \u00e0 d\u2019autres feuillus de la zone temp\u00e9r\u00e9e.<\/p>\n<p>Le h\u00eatre souffre actuellement des s\u00e9cheresses dans de nombreuses r\u00e9gions d\u2019Europe. Ce qui induit un recul de ses limites de r\u00e9partition sud et sa migration vers les sites au nord et de haute altitude. Un tel changement de v\u00e9g\u00e9tation modifie non seulement la structure de la for\u00eat et la composition des esp\u00e8ces, mais aussi fondamentalement le climat int\u00e9rieur de la for\u00eat, passant d\u2019un environnement frais et humide \u00e0 un environnement plus chaud et aride.<\/p>\n<p>Les ch\u00eanaies temp\u00e9r\u00e9es d\u2019Europe constituent souvent des for\u00eats mixtes avec d\u2019autres feuillus tels que le charme, le tilleul et le fr\u00eane, qui peuvent former des couronnes multicouches avec des indices de surface foliaire relativement \u00e9lev\u00e9s et un couvert assez bas. Cependant, lorsque les ch\u00eanes sont dominants, le rayonnement solaire traverse plus facilement le couvert forestier, car la couronne inf\u00e9rieure du houppier est tr\u00e8s peu d\u00e9velopp\u00e9e chez cette essence.<\/p>\n<p>Ces constatations appuient la n\u00e9cessit\u00e9 de pratiquer le m\u00e9lange d\u2019essences, l\u2019\u00e9tagement verticale des strates de v\u00e9g\u00e9tation et de limiter les interventions \u00e0 grande \u00e9chelle ayant un impact significatif sur l\u2019ambiance foresti\u00e8re, m\u00eame \u00e0 court terme.<\/p>","protected":false},"excerpt":{"rendered":"<p>Les chercheurs allemands et roumains \u00e9tudient le climat des for\u00eats de h\u00eatres et de ch\u00eanes et ont constat\u00e9 que les h\u00eatraies permettent une meilleure protection contre le r\u00e9chauffement climatique. En effet, les for\u00eats domin\u00e9es par le h\u00eatre se caract\u00e9risent par un climat int\u00e9rieur forestier significativement plus humide et plus frais. Les mesures de temp\u00e9rature de [&hellip;]<\/p>","protected":false},"featured_media":40783,"template":"","categories":[50],"acf":[],"yoast_head":"<!-- This site is optimized with the Yoast SEO plugin v23.2 - https:\/\/yoast.com\/wordpress\/plugins\/seo\/ -->\n<title>Ambiance foresti\u00e8re et climat plan\u00e9taire - For\u00eat.Nature<\/title>\n<meta name=\"robots\" content=\"index, follow, max-snippet:-1, max-image-preview:large, max-video-preview:-1\" \/>\n<link rel=\"canonical\" href=\"https:\/\/foretnature.be\/en\/resume-foret-mail\/ambiance-forestiere-et-climat-planetaire\/\" \/>\n<meta property=\"og:locale\" content=\"en_GB\" \/>\n<meta property=\"og:type\" content=\"article\" \/>\n<meta property=\"og:title\" content=\"Ambiance foresti\u00e8re et climat plan\u00e9taire - For\u00eat.Nature\" \/>\n<meta property=\"og:description\" content=\"Les chercheurs allemands et roumains \u00e9tudient le climat des for\u00eats de h\u00eatres et de ch\u00eanes et ont constat\u00e9 que les h\u00eatraies permettent une meilleure protection contre le r\u00e9chauffement climatique. En effet, les for\u00eats domin\u00e9es par le h\u00eatre se caract\u00e9risent par un climat int\u00e9rieur forestier significativement plus humide et plus frais. Les mesures de temp\u00e9rature de [&hellip;]\" \/>\n<meta property=\"og:url\" content=\"https:\/\/foretnature.be\/en\/resume-foret-mail\/ambiance-forestiere-et-climat-planetaire\/\" \/>\n<meta property=\"og:site_name\" content=\"For\u00eat.Nature\" \/>\n<meta property=\"article:modified_time\" content=\"2024-03-12T09:24:56+00:00\" \/>\n<meta property=\"og:image\" content=\"https:\/\/foretnature.be\/wp-content\/uploads\/2024\/03\/AdobeStock_123613983.jpg\" \/>\n\t<meta property=\"og:image:width\" content=\"900\" \/>\n\t<meta property=\"og:image:height\" content=\"601\" \/>\n\t<meta property=\"og:image:type\" content=\"image\/jpeg\" \/>\n<meta name=\"twitter:card\" content=\"summary_large_image\" \/>\n<meta name=\"twitter:label1\" content=\"Estimated reading time\" \/>\n\t<meta name=\"twitter:data1\" content=\"2 minutes\" \/>\n<script type=\"application\/ld+json\" class=\"yoast-schema-graph\">{\"@context\":\"https:\/\/schema.org\",\"@graph\":[{\"@type\":\"WebPage\",\"@id\":\"https:\/\/foretnature.be\/en\/resume-foret-mail\/ambiance-forestiere-et-climat-planetaire\/\",\"url\":\"https:\/\/foretnature.be\/en\/resume-foret-mail\/ambiance-forestiere-et-climat-planetaire\/\",\"name\":\"Ambiance foresti\u00e8re et climat plan\u00e9taire - For\u00eat.Nature\",\"isPartOf\":{\"@id\":\"https:\/\/foretnature.be\/#website\"},\"primaryImageOfPage\":{\"@id\":\"https:\/\/foretnature.be\/en\/resume-foret-mail\/ambiance-forestiere-et-climat-planetaire\/#primaryimage\"},\"image\":{\"@id\":\"https:\/\/foretnature.be\/en\/resume-foret-mail\/ambiance-forestiere-et-climat-planetaire\/#primaryimage\"},\"thumbnailUrl\":\"https:\/\/foretnature.be\/wp-content\/uploads\/2024\/03\/AdobeStock_123613983.jpg\",\"datePublished\":\"2024-03-11T14:28:16+00:00\",\"dateModified\":\"2024-03-12T09:24:56+00:00\",\"breadcrumb\":{\"@id\":\"https:\/\/foretnature.be\/en\/resume-foret-mail\/ambiance-forestiere-et-climat-planetaire\/#breadcrumb\"},\"inLanguage\":\"en-GB\",\"potentialAction\":[{\"@type\":\"ReadAction\",\"target\":[\"https:\/\/foretnature.be\/en\/resume-foret-mail\/ambiance-forestiere-et-climat-planetaire\/\"]}]},{\"@type\":\"ImageObject\",\"inLanguage\":\"en-GB\",\"@id\":\"https:\/\/foretnature.be\/en\/resume-foret-mail\/ambiance-forestiere-et-climat-planetaire\/#primaryimage\",\"url\":\"https:\/\/foretnature.be\/wp-content\/uploads\/2024\/03\/AdobeStock_123613983.jpg\",\"contentUrl\":\"https:\/\/foretnature.be\/wp-content\/uploads\/2024\/03\/AdobeStock_123613983.jpg\",\"width\":900,\"height\":601},{\"@type\":\"BreadcrumbList\",\"@id\":\"https:\/\/foretnature.be\/en\/resume-foret-mail\/ambiance-forestiere-et-climat-planetaire\/#breadcrumb\",\"itemListElement\":[{\"@type\":\"ListItem\",\"position\":1,\"name\":\"Home\",\"item\":\"https:\/\/foretnature.be\/\"},{\"@type\":\"ListItem\",\"position\":2,\"name\":\"Ambiance foresti\u00e8re et climat plan\u00e9taire\"}]},{\"@type\":\"WebSite\",\"@id\":\"https:\/\/foretnature.be\/#website\",\"url\":\"https:\/\/foretnature.be\/\",\"name\":\"For\u00eat.Nature\",\"description\":\"Une \u00e9quipe technique au service de la for\u00eat\",\"publisher\":{\"@id\":\"https:\/\/foretnature.be\/#organization\"},\"potentialAction\":[{\"@type\":\"SearchAction\",\"target\":{\"@type\":\"EntryPoint\",\"urlTemplate\":\"https:\/\/foretnature.be\/?s={search_term_string}\"},\"query-input\":\"required name=search_term_string\"}],\"inLanguage\":\"en-GB\"},{\"@type\":\"Organization\",\"@id\":\"https:\/\/foretnature.be\/#organization\",\"name\":\"For\u00eat.Nature\",\"url\":\"https:\/\/foretnature.be\/\",\"logo\":{\"@type\":\"ImageObject\",\"inLanguage\":\"en-GB\",\"@id\":\"https:\/\/foretnature.be\/#\/schema\/logo\/image\/\",\"url\":\"https:\/\/foretnature.be\/wp-content\/uploads\/2021\/01\/logoFOblanc.png\",\"contentUrl\":\"https:\/\/foretnature.be\/wp-content\/uploads\/2021\/01\/logoFOblanc.png\",\"width\":300,\"height\":151,\"caption\":\"For\u00eat.Nature\"},\"image\":{\"@id\":\"https:\/\/foretnature.be\/#\/schema\/logo\/image\/\"}}]}<\/script>\n<!-- \/ Yoast SEO plugin. -->","yoast_head_json":{"title":"Ambiance foresti\u00e8re et climat plan\u00e9taire - For\u00eat.Nature","robots":{"index":"index","follow":"follow","max-snippet":"max-snippet:-1","max-image-preview":"max-image-preview:large","max-video-preview":"max-video-preview:-1"},"canonical":"https:\/\/foretnature.be\/en\/resume-foret-mail\/ambiance-forestiere-et-climat-planetaire\/","og_locale":"en_GB","og_type":"article","og_title":"Ambiance foresti\u00e8re et climat plan\u00e9taire - For\u00eat.Nature","og_description":"Les chercheurs allemands et roumains \u00e9tudient le climat des for\u00eats de h\u00eatres et de ch\u00eanes et ont constat\u00e9 que les h\u00eatraies permettent une meilleure protection contre le r\u00e9chauffement climatique. En effet, les for\u00eats domin\u00e9es par le h\u00eatre se caract\u00e9risent par un climat int\u00e9rieur forestier significativement plus humide et plus frais. Les mesures de temp\u00e9rature de [&hellip;]","og_url":"https:\/\/foretnature.be\/en\/resume-foret-mail\/ambiance-forestiere-et-climat-planetaire\/","og_site_name":"For\u00eat.Nature","article_modified_time":"2024-03-12T09:24:56+00:00","og_image":[{"width":900,"height":601,"url":"https:\/\/foretnature.be\/wp-content\/uploads\/2024\/03\/AdobeStock_123613983.jpg","type":"image\/jpeg"}],"twitter_card":"summary_large_image","twitter_misc":{"Estimated reading time":"2 minutes"},"schema":{"@context":"https:\/\/schema.org","@graph":[{"@type":"WebPage","@id":"https:\/\/foretnature.be\/en\/resume-foret-mail\/ambiance-forestiere-et-climat-planetaire\/","url":"https:\/\/foretnature.be\/en\/resume-foret-mail\/ambiance-forestiere-et-climat-planetaire\/","name":"Ambiance foresti\u00e8re et climat plan\u00e9taire - For\u00eat.Nature","isPartOf":{"@id":"https:\/\/foretnature.be\/#website"},"primaryImageOfPage":{"@id":"https:\/\/foretnature.be\/en\/resume-foret-mail\/ambiance-forestiere-et-climat-planetaire\/#primaryimage"},"image":{"@id":"https:\/\/foretnature.be\/en\/resume-foret-mail\/ambiance-forestiere-et-climat-planetaire\/#primaryimage"},"thumbnailUrl":"https:\/\/foretnature.be\/wp-content\/uploads\/2024\/03\/AdobeStock_123613983.jpg","datePublished":"2024-03-11T14:28:16+00:00","dateModified":"2024-03-12T09:24:56+00:00","breadcrumb":{"@id":"https:\/\/foretnature.be\/en\/resume-foret-mail\/ambiance-forestiere-et-climat-planetaire\/#breadcrumb"},"inLanguage":"en-GB","potentialAction":[{"@type":"ReadAction","target":["https:\/\/foretnature.be\/en\/resume-foret-mail\/ambiance-forestiere-et-climat-planetaire\/"]}]},{"@type":"ImageObject","inLanguage":"en-GB","@id":"https:\/\/foretnature.be\/en\/resume-foret-mail\/ambiance-forestiere-et-climat-planetaire\/#primaryimage","url":"https:\/\/foretnature.be\/wp-content\/uploads\/2024\/03\/AdobeStock_123613983.jpg","contentUrl":"https:\/\/foretnature.be\/wp-content\/uploads\/2024\/03\/AdobeStock_123613983.jpg","width":900,"height":601},{"@type":"BreadcrumbList","@id":"https:\/\/foretnature.be\/en\/resume-foret-mail\/ambiance-forestiere-et-climat-planetaire\/#breadcrumb","itemListElement":[{"@type":"ListItem","position":1,"name":"Home","item":"https:\/\/foretnature.be\/"},{"@type":"ListItem","position":2,"name":"Ambiance foresti\u00e8re et climat plan\u00e9taire"}]},{"@type":"WebSite","@id":"https:\/\/foretnature.be\/#website","url":"https:\/\/foretnature.be\/","name":"For\u00eat.Nature","description":"Une \u00e9quipe technique au service de la for\u00eat","publisher":{"@id":"https:\/\/foretnature.be\/#organization"},"potentialAction":[{"@type":"SearchAction","target":{"@type":"EntryPoint","urlTemplate":"https:\/\/foretnature.be\/?s={search_term_string}"},"query-input":"required name=search_term_string"}],"inLanguage":"en-GB"},{"@type":"Organization","@id":"https:\/\/foretnature.be\/#organization","name":"For\u00eat.Nature","url":"https:\/\/foretnature.be\/","logo":{"@type":"ImageObject","inLanguage":"en-GB","@id":"https:\/\/foretnature.be\/#\/schema\/logo\/image\/","url":"https:\/\/foretnature.be\/wp-content\/uploads\/2021\/01\/logoFOblanc.png","contentUrl":"https:\/\/foretnature.be\/wp-content\/uploads\/2021\/01\/logoFOblanc.png","width":300,"height":151,"caption":"For\u00eat.Nature"},"image":{"@id":"https:\/\/foretnature.be\/#\/schema\/logo\/image\/"}}]}},"_links":{"self":[{"href":"https:\/\/foretnature.be\/en\/wp-json\/wp\/v2\/resume-foret-mail\/40764"}],"collection":[{"href":"https:\/\/foretnature.be\/en\/wp-json\/wp\/v2\/resume-foret-mail"}],"about":[{"href":"https:\/\/foretnature.be\/en\/wp-json\/wp\/v2\/types\/resume-foret-mail"}],"version-history":[{"count":4,"href":"https:\/\/foretnature.be\/en\/wp-json\/wp\/v2\/resume-foret-mail\/40764\/revisions"}],"predecessor-version":[{"id":40793,"href":"https:\/\/foretnature.be\/en\/wp-json\/wp\/v2\/resume-foret-mail\/40764\/revisions\/40793"}],"wp:featuredmedia":[{"embeddable":true,"href":"https:\/\/foretnature.be\/en\/wp-json\/wp\/v2\/media\/40783"}],"wp:attachment":[{"href":"https:\/\/foretnature.be\/en\/wp-json\/wp\/v2\/media?parent=40764"}],"wp:term":[{"taxonomy":"category","embeddable":true,"href":"https:\/\/foretnature.be\/en\/wp-json\/wp\/v2\/categories?post=40764"}],"curies":[{"name":"wp","href":"https:\/\/api.w.org\/{rel}","templated":true}]}}

Ambiance forestière et climat planétaire

<p>Les chercheurs allemands et roumains étudient le climat des forêts de hêtres et de chênes et ont constaté que les hêtraies permettent une meilleure protection contre le réchauffement climatique. En effet, les forêts dominées par le hêtre se caractérisent par un climat intérieur forestier significativement plus humide et plus frais.</p>
<p>Les mesures de température de l’air et d’humidité relative entre les hêtraies et les chênaies thermophiles démontrent les constats suivants :</p>
<ul>
<li>La couche d’ombrage des forêts de chênes est jusqu’à 3 °C plus chaude que la zone d’ombrage dans les hêtraies.</li>
<li>L’humidité relative est en moyenne 4 % plus faible dans le couvert ombragé des forêts de chênes que dans les forêts de hêtres.</li>
</ul>
<p>Ceci s’explique par le développement caractéristique chez le hêtre de plusieurs couches de feuillage et d’une surface totale de feuillage plus élevée par rapport à d’autres feuillus de la zone tempérée.</p>
<p>Le hêtre souffre actuellement des sécheresses dans de nombreuses régions d’Europe. Ce qui induit un recul de ses limites de répartition sud et sa migration vers les sites au nord et de haute altitude. Un tel changement de végétation modifie non seulement la structure de la forêt et la composition des espèces, mais aussi fondamentalement le climat intérieur de la forêt, passant d’un environnement frais et humide à un environnement plus chaud et aride.</p>
<p>Les chênaies tempérées d’Europe constituent souvent des forêts mixtes avec d’autres feuillus tels que le charme, le tilleul et le frêne, qui peuvent former des couronnes multicouches avec des indices de surface foliaire relativement élevés et un couvert assez bas. Cependant, lorsque les chênes sont dominants, le rayonnement solaire traverse plus facilement le couvert forestier, car la couronne inférieure du houppier est très peu développée chez cette essence.</p>
<p>Ces constatations appuient la nécessité de pratiquer le mélange d’essences, l’étagement verticale des strates de végétation et de limiter les interventions à grande échelle ayant un impact significatif sur l’ambiance forestière, même à court terme.</p>

<p>Les chercheurs allemands et roumains étudient le climat des forêts de hêtres et de chênes et ont constaté que les hêtraies permettent une meilleure protection contre le réchauffement climatique. En effet, les forêts dominées par le hêtre se caractérisent par un climat intérieur forestier significativement plus humide et plus frais. Les mesures de température de [&hellip;]</p>

<!-- This site is optimized with the Yoast SEO plugin v23.2 - https://yoast.com/wordpress/plugins/seo/ -->
<title>Ambiance forestière et climat planétaire - Forêt.Nature</title>
<meta name="robots" content="index, follow, max-snippet:-1, max-image-preview:large, max-video-preview:-1" />
<link rel="canonical" href="https://foretnature.be/en/resume-foret-mail/ambiance-forestiere-et-climat-planetaire/" />
<meta property="og:locale" content="en_GB" />
<meta property="og:type" content="article" />
<meta property="og:title" content="Ambiance forestière et climat planétaire - Forêt.Nature" />
<meta property="og:description" content="Les chercheurs allemands et roumains étudient le climat des forêts de hêtres et de chênes et ont constaté que les hêtraies permettent une meilleure protection contre le réchauffement climatique. En effet, les forêts dominées par le hêtre se caractérisent par un climat intérieur forestier significativement plus humide et plus frais. Les mesures de température de [&hellip;]" />
<meta property="og:url" content="https://foretnature.be/en/resume-foret-mail/ambiance-forestiere-et-climat-planetaire/" />
<meta property="og:site_name" content="Forêt.Nature" />
<meta property="article:modified_time" content="2024-03-12T09:24:56+00:00" />
<meta property="og:image" content="https://foretnature.be/wp-content/uploads/2024/03/AdobeStock_123613983.jpg" />
	<meta property="og:image:width" content="900" />
	<meta property="og:image:height" content="601" />
	<meta property="og:image:type" content="image/jpeg" />
<meta name="twitter:card" content="summary_large_image" />
<meta name="twitter:label1" content="Estimated reading time" />
	<meta name="twitter:data1" content="2 minutes" />
<script type="application/ld+json" class="yoast-schema-graph">{"@context":"https://schema.org","@graph":[{"@type":"WebPage","@id":"https://foretnature.be/en/resume-foret-mail/ambiance-forestiere-et-climat-planetaire/","url":"https://foretnature.be/en/resume-foret-mail/ambiance-forestiere-et-climat-planetaire/","name":"Ambiance forestière et climat planétaire - Forêt.Nature","isPartOf":{"@id":"https://foretnature.be/#website"},"primaryImageOfPage":{"@id":"https://foretnature.be/en/resume-foret-mail/ambiance-forestiere-et-climat-planetaire/#primaryimage"},"image":{"@id":"https://foretnature.be/en/resume-foret-mail/ambiance-forestiere-et-climat-planetaire/#primaryimage"},"thumbnailUrl":"https://foretnature.be/wp-content/uploads/2024/03/AdobeStock_123613983.jpg","datePublished":"2024-03-11T14:28:16+00:00","dateModified":"2024-03-12T09:24:56+00:00","breadcrumb":{"@id":"https://foretnature.be/en/resume-foret-mail/ambiance-forestiere-et-climat-planetaire/#breadcrumb"},"inLanguage":"en-GB","potentialAction":[{"@type":"ReadAction","target":["https://foretnature.be/en/resume-foret-mail/ambiance-forestiere-et-climat-planetaire/"]}]},{"@type":"ImageObject","inLanguage":"en-GB","@id":"https://foretnature.be/en/resume-foret-mail/ambiance-forestiere-et-climat-planetaire/#primaryimage","url":"https://foretnature.be/wp-content/uploads/2024/03/AdobeStock_123613983.jpg","contentUrl":"https://foretnature.be/wp-content/uploads/2024/03/AdobeStock_123613983.jpg","width":900,"height":601},{"@type":"BreadcrumbList","@id":"https://foretnature.be/en/resume-foret-mail/ambiance-forestiere-et-climat-planetaire/#breadcrumb","itemListElement":[{"@type":"ListItem","position":1,"name":"Home","item":"https://foretnature.be/"},{"@type":"ListItem","position":2,"name":"Ambiance forestière et climat planétaire"}]},{"@type":"WebSite","@id":"https://foretnature.be/#website","url":"https://foretnature.be/","name":"Forêt.Nature","description":"Une équipe technique au service de la forêt","publisher":{"@id":"https://foretnature.be/#organization"},"potentialAction":[{"@type":"SearchAction","target":{"@type":"EntryPoint","urlTemplate":"https://foretnature.be/?s={search_term_string}"},"query-input":"required name=search_term_string"}],"inLanguage":"en-GB"},{"@type":"Organization","@id":"https://foretnature.be/#organization","name":"Forêt.Nature","url":"https://foretnature.be/","logo":{"@type":"ImageObject","inLanguage":"en-GB","@id":"https://foretnature.be/#/schema/logo/image/","url":"https://foretnature.be/wp-content/uploads/2021/01/logoFOblanc.png","contentUrl":"https://foretnature.be/wp-content/uploads/2021/01/logoFOblanc.png","width":300,"height":151,"caption":"Forêt.Nature"},"image":{"@id":"https://foretnature.be/#/schema/logo/image/"}}]}</script>
<!-- / Yoast SEO plugin. -->

Ambiance forestière et climat planétaire - Forêt.Nature

Les chercheurs allemands et roumains étudient le climat des forêts de hêtres et de chênes et ont constaté que les hêtraies permettent une meilleure protection contre le réchauffement climatique. En effet, les forêts dominées par le hêtre se caractérisent par un climat intérieur forestier significativement plus humide et plus frais. Les mesures de température de [&hellip;]

Forêt.Nature

Une équipe technique au service de la forêt
