{"id":40219,"date":"2024-01-15T11:59:29","date_gmt":"2024-01-15T10:59:29","guid":{"rendered":"https:\/\/foretnature.be\/?post_type=resume-foret-mail&#038;p=40219"},"modified":"2024-01-18T10:03:37","modified_gmt":"2024-01-18T09:03:37","slug":"utiliser-les-flux-dair-frais-provenant-des-forets-pour-refroidir-les-villes","status":"publish","type":"resume-foret-mail","link":"https:\/\/foretnature.be\/en\/resume-foret-mail\/utiliser-les-flux-dair-frais-provenant-des-forets-pour-refroidir-les-villes\/","title":{"rendered":"Utiliser les flux d\u2019air frais provenant des for\u00eats pour refroidir les villes"},"content":{"rendered":"<p>Serait-il possible de diriger des flux d\u2019air froid provenant des for\u00eats pour refroidir les agglom\u00e9rations ? Un projet pionnier de cr\u00e9ation de couloirs d\u2019air froid dans une for\u00eat en Suisse a vu le jour l\u2019\u00e9t\u00e9 dernier. Quatre couloirs de 30 \u00e0 100 m\u00e8tres de long et de 20 \u00e0 30 m\u00e8tres de large ont \u00e9t\u00e9 cr\u00e9\u00e9s lors d\u2019une coupe de r\u00e9g\u00e9n\u00e9ration ordinaire dans une for\u00eat mixte. Bien qu\u2019ils aient des proportions semblables, aucun n\u2019est identique. Ces couloirs d\u00e9bouchent directement sur la maison de retraite Kehl, situ\u00e9e en p\u00e9riph\u00e9rie de la ville de Baden. Ce projet d\u00e9nomm\u00e9 \u00ab K\u00fchlwald \u00bb (for\u00eat fra\u00eeche) a pour but de d\u00e9terminer s\u2019il est possible de diriger les courants d\u2019air froid provenant d\u2019une for\u00eat pour refroidir une agglom\u00e9ration et lequel des quatre couloirs offre les meilleurs r\u00e9sultats.<\/p>\n<p>En effet, la nuit, les for\u00eats produisent ces courants d\u2019air, gr\u00e2ce \u00e0 l\u2019\u00e9vaporation de l\u2019humidit\u00e9. Ce processus commence \u00e0 la tomb\u00e9e de la nuit et atteint un effet maximum \u00e0 4 heures du matin. Comme l\u2019air frais est plus lourd que l\u2019air chaud, il descend de la colline. La for\u00eat de Baden est majoritairement situ\u00e9e sur des cr\u00eates et produit, par cons\u00e9quent, lors des chaudes nuits d\u2019\u00e9t\u00e9, de l\u2019air froid qui s\u2019\u00e9coule vers les habitations noy\u00e9es dans la chaleur.<\/p>\n<p>Un total de 22 capteurs de temp\u00e9rature ont \u00e9t\u00e9 install\u00e9s en 2023, avant la coupe de l\u2019\u00e9t\u00e9, en diff\u00e9rents endroits de la for\u00eat, en bordure de celle-ci et dans la maison de retraite. La phase de mesure du projet durera 2 ans. C\u2019est l\u2019hiver prochain que sera d\u00e9cid\u00e9 si ce projet pionnier, r\u00e9alis\u00e9 dans la for\u00eat domaniale de Baden, ouvrira de nouvelles perspectives pour l\u2019avenir.<\/p>","protected":false},"excerpt":{"rendered":"<p>Serait-il possible de diriger des flux d\u2019air froid provenant des for\u00eats pour refroidir les agglom\u00e9rations ? Un projet pionnier de cr\u00e9ation de couloirs d\u2019air froid dans une for\u00eat en Suisse a vu le jour l\u2019\u00e9t\u00e9 dernier. Quatre couloirs de 30 \u00e0 100 m\u00e8tres de long et de 20 \u00e0 30 m\u00e8tres de large ont \u00e9t\u00e9 [&hellip;]<\/p>","protected":false},"featured_media":40205,"template":"","categories":[50],"acf":[],"yoast_head":"<!-- This site is optimized with the Yoast SEO plugin v23.2 - https:\/\/yoast.com\/wordpress\/plugins\/seo\/ -->\n<title>Utiliser les flux d\u2019air frais provenant des for\u00eats pour refroidir les villes - For\u00eat.Nature<\/title>\n<meta name=\"robots\" content=\"index, follow, max-snippet:-1, max-image-preview:large, max-video-preview:-1\" \/>\n<link rel=\"canonical\" href=\"https:\/\/foretnature.be\/en\/resume-foret-mail\/utiliser-les-flux-dair-frais-provenant-des-forets-pour-refroidir-les-villes\/\" \/>\n<meta property=\"og:locale\" content=\"en_GB\" \/>\n<meta property=\"og:type\" content=\"article\" \/>\n<meta property=\"og:title\" content=\"Utiliser les flux d\u2019air frais provenant des for\u00eats pour refroidir les villes - For\u00eat.Nature\" \/>\n<meta property=\"og:description\" content=\"Serait-il possible de diriger des flux d\u2019air froid provenant des for\u00eats pour refroidir les agglom\u00e9rations ? Un projet pionnier de cr\u00e9ation de couloirs d\u2019air froid dans une for\u00eat en Suisse a vu le jour l\u2019\u00e9t\u00e9 dernier. Quatre couloirs de 30 \u00e0 100 m\u00e8tres de long et de 20 \u00e0 30 m\u00e8tres de large ont \u00e9t\u00e9 [&hellip;]\" \/>\n<meta property=\"og:url\" content=\"https:\/\/foretnature.be\/en\/resume-foret-mail\/utiliser-les-flux-dair-frais-provenant-des-forets-pour-refroidir-les-villes\/\" \/>\n<meta property=\"og:site_name\" content=\"For\u00eat.Nature\" \/>\n<meta property=\"article:modified_time\" content=\"2024-01-18T09:03:37+00:00\" \/>\n<meta property=\"og:image\" content=\"https:\/\/foretnature.be\/wp-content\/uploads\/2024\/01\/2516.jpg\" \/>\n\t<meta property=\"og:image:width\" content=\"900\" \/>\n\t<meta property=\"og:image:height\" content=\"675\" \/>\n\t<meta property=\"og:image:type\" content=\"image\/jpeg\" \/>\n<meta name=\"twitter:card\" content=\"summary_large_image\" \/>\n<meta name=\"twitter:label1\" content=\"Estimated reading time\" \/>\n\t<meta name=\"twitter:data1\" content=\"2 minutes\" \/>\n<script type=\"application\/ld+json\" class=\"yoast-schema-graph\">{\"@context\":\"https:\/\/schema.org\",\"@graph\":[{\"@type\":\"WebPage\",\"@id\":\"https:\/\/foretnature.be\/resume-foret-mail\/utiliser-les-flux-dair-frais-provenant-des-forets-pour-refroidir-les-villes\/\",\"url\":\"https:\/\/foretnature.be\/resume-foret-mail\/utiliser-les-flux-dair-frais-provenant-des-forets-pour-refroidir-les-villes\/\",\"name\":\"Utiliser les flux d\u2019air frais provenant des for\u00eats pour refroidir les villes - For\u00eat.Nature\",\"isPartOf\":{\"@id\":\"https:\/\/foretnature.be\/en\/#website\"},\"primaryImageOfPage\":{\"@id\":\"https:\/\/foretnature.be\/resume-foret-mail\/utiliser-les-flux-dair-frais-provenant-des-forets-pour-refroidir-les-villes\/#primaryimage\"},\"image\":{\"@id\":\"https:\/\/foretnature.be\/resume-foret-mail\/utiliser-les-flux-dair-frais-provenant-des-forets-pour-refroidir-les-villes\/#primaryimage\"},\"thumbnailUrl\":\"https:\/\/foretnature.be\/wp-content\/uploads\/2024\/01\/2516.jpg\",\"datePublished\":\"2024-01-15T10:59:29+00:00\",\"dateModified\":\"2024-01-18T09:03:37+00:00\",\"breadcrumb\":{\"@id\":\"https:\/\/foretnature.be\/resume-foret-mail\/utiliser-les-flux-dair-frais-provenant-des-forets-pour-refroidir-les-villes\/#breadcrumb\"},\"inLanguage\":\"en-GB\",\"potentialAction\":[{\"@type\":\"ReadAction\",\"target\":[\"https:\/\/foretnature.be\/resume-foret-mail\/utiliser-les-flux-dair-frais-provenant-des-forets-pour-refroidir-les-villes\/\"]}]},{\"@type\":\"ImageObject\",\"inLanguage\":\"en-GB\",\"@id\":\"https:\/\/foretnature.be\/resume-foret-mail\/utiliser-les-flux-dair-frais-provenant-des-forets-pour-refroidir-les-villes\/#primaryimage\",\"url\":\"https:\/\/foretnature.be\/wp-content\/uploads\/2024\/01\/2516.jpg\",\"contentUrl\":\"https:\/\/foretnature.be\/wp-content\/uploads\/2024\/01\/2516.jpg\",\"width\":900,\"height\":675},{\"@type\":\"BreadcrumbList\",\"@id\":\"https:\/\/foretnature.be\/resume-foret-mail\/utiliser-les-flux-dair-frais-provenant-des-forets-pour-refroidir-les-villes\/#breadcrumb\",\"itemListElement\":[{\"@type\":\"ListItem\",\"position\":1,\"name\":\"Home\",\"item\":\"https:\/\/foretnature.be\/en\/\"},{\"@type\":\"ListItem\",\"position\":2,\"name\":\"Utiliser les flux d\u2019air frais provenant des for\u00eats pour refroidir les villes\"}]},{\"@type\":\"WebSite\",\"@id\":\"https:\/\/foretnature.be\/en\/#website\",\"url\":\"https:\/\/foretnature.be\/en\/\",\"name\":\"For\u00eat.Nature\",\"description\":\"Une \u00e9quipe technique au service de la for\u00eat\",\"publisher\":{\"@id\":\"https:\/\/foretnature.be\/en\/#organization\"},\"potentialAction\":[{\"@type\":\"SearchAction\",\"target\":{\"@type\":\"EntryPoint\",\"urlTemplate\":\"https:\/\/foretnature.be\/en\/?s={search_term_string}\"},\"query-input\":\"required name=search_term_string\"}],\"inLanguage\":\"en-GB\"},{\"@type\":\"Organization\",\"@id\":\"https:\/\/foretnature.be\/en\/#organization\",\"name\":\"For\u00eat.Nature\",\"url\":\"https:\/\/foretnature.be\/en\/\",\"logo\":{\"@type\":\"ImageObject\",\"inLanguage\":\"en-GB\",\"@id\":\"https:\/\/foretnature.be\/en\/#\/schema\/logo\/image\/\",\"url\":\"https:\/\/foretnature.be\/wp-content\/uploads\/2021\/01\/logoFOblanc.png\",\"contentUrl\":\"https:\/\/foretnature.be\/wp-content\/uploads\/2021\/01\/logoFOblanc.png\",\"width\":300,\"height\":151,\"caption\":\"For\u00eat.Nature\"},\"image\":{\"@id\":\"https:\/\/foretnature.be\/en\/#\/schema\/logo\/image\/\"}}]}<\/script>\n<!-- \/ Yoast SEO plugin. -->","yoast_head_json":{"title":"Utiliser les flux d\u2019air frais provenant des for\u00eats pour refroidir les villes - For\u00eat.Nature","robots":{"index":"index","follow":"follow","max-snippet":"max-snippet:-1","max-image-preview":"max-image-preview:large","max-video-preview":"max-video-preview:-1"},"canonical":"https:\/\/foretnature.be\/en\/resume-foret-mail\/utiliser-les-flux-dair-frais-provenant-des-forets-pour-refroidir-les-villes\/","og_locale":"en_GB","og_type":"article","og_title":"Utiliser les flux d\u2019air frais provenant des for\u00eats pour refroidir les villes - For\u00eat.Nature","og_description":"Serait-il possible de diriger des flux d\u2019air froid provenant des for\u00eats pour refroidir les agglom\u00e9rations ? Un projet pionnier de cr\u00e9ation de couloirs d\u2019air froid dans une for\u00eat en Suisse a vu le jour l\u2019\u00e9t\u00e9 dernier. Quatre couloirs de 30 \u00e0 100 m\u00e8tres de long et de 20 \u00e0 30 m\u00e8tres de large ont \u00e9t\u00e9 [&hellip;]","og_url":"https:\/\/foretnature.be\/en\/resume-foret-mail\/utiliser-les-flux-dair-frais-provenant-des-forets-pour-refroidir-les-villes\/","og_site_name":"For\u00eat.Nature","article_modified_time":"2024-01-18T09:03:37+00:00","og_image":[{"width":900,"height":675,"url":"https:\/\/foretnature.be\/wp-content\/uploads\/2024\/01\/2516.jpg","type":"image\/jpeg"}],"twitter_card":"summary_large_image","twitter_misc":{"Estimated reading time":"2 minutes"},"schema":{"@context":"https:\/\/schema.org","@graph":[{"@type":"WebPage","@id":"https:\/\/foretnature.be\/resume-foret-mail\/utiliser-les-flux-dair-frais-provenant-des-forets-pour-refroidir-les-villes\/","url":"https:\/\/foretnature.be\/resume-foret-mail\/utiliser-les-flux-dair-frais-provenant-des-forets-pour-refroidir-les-villes\/","name":"Utiliser les flux d\u2019air frais provenant des for\u00eats pour refroidir les villes - For\u00eat.Nature","isPartOf":{"@id":"https:\/\/foretnature.be\/en\/#website"},"primaryImageOfPage":{"@id":"https:\/\/foretnature.be\/resume-foret-mail\/utiliser-les-flux-dair-frais-provenant-des-forets-pour-refroidir-les-villes\/#primaryimage"},"image":{"@id":"https:\/\/foretnature.be\/resume-foret-mail\/utiliser-les-flux-dair-frais-provenant-des-forets-pour-refroidir-les-villes\/#primaryimage"},"thumbnailUrl":"https:\/\/foretnature.be\/wp-content\/uploads\/2024\/01\/2516.jpg","datePublished":"2024-01-15T10:59:29+00:00","dateModified":"2024-01-18T09:03:37+00:00","breadcrumb":{"@id":"https:\/\/foretnature.be\/resume-foret-mail\/utiliser-les-flux-dair-frais-provenant-des-forets-pour-refroidir-les-villes\/#breadcrumb"},"inLanguage":"en-GB","potentialAction":[{"@type":"ReadAction","target":["https:\/\/foretnature.be\/resume-foret-mail\/utiliser-les-flux-dair-frais-provenant-des-forets-pour-refroidir-les-villes\/"]}]},{"@type":"ImageObject","inLanguage":"en-GB","@id":"https:\/\/foretnature.be\/resume-foret-mail\/utiliser-les-flux-dair-frais-provenant-des-forets-pour-refroidir-les-villes\/#primaryimage","url":"https:\/\/foretnature.be\/wp-content\/uploads\/2024\/01\/2516.jpg","contentUrl":"https:\/\/foretnature.be\/wp-content\/uploads\/2024\/01\/2516.jpg","width":900,"height":675},{"@type":"BreadcrumbList","@id":"https:\/\/foretnature.be\/resume-foret-mail\/utiliser-les-flux-dair-frais-provenant-des-forets-pour-refroidir-les-villes\/#breadcrumb","itemListElement":[{"@type":"ListItem","position":1,"name":"Home","item":"https:\/\/foretnature.be\/en\/"},{"@type":"ListItem","position":2,"name":"Utiliser les flux d\u2019air frais provenant des for\u00eats pour refroidir les villes"}]},{"@type":"WebSite","@id":"https:\/\/foretnature.be\/en\/#website","url":"https:\/\/foretnature.be\/en\/","name":"For\u00eat.Nature","description":"Une \u00e9quipe technique au service de la for\u00eat","publisher":{"@id":"https:\/\/foretnature.be\/en\/#organization"},"potentialAction":[{"@type":"SearchAction","target":{"@type":"EntryPoint","urlTemplate":"https:\/\/foretnature.be\/en\/?s={search_term_string}"},"query-input":"required name=search_term_string"}],"inLanguage":"en-GB"},{"@type":"Organization","@id":"https:\/\/foretnature.be\/en\/#organization","name":"For\u00eat.Nature","url":"https:\/\/foretnature.be\/en\/","logo":{"@type":"ImageObject","inLanguage":"en-GB","@id":"https:\/\/foretnature.be\/en\/#\/schema\/logo\/image\/","url":"https:\/\/foretnature.be\/wp-content\/uploads\/2021\/01\/logoFOblanc.png","contentUrl":"https:\/\/foretnature.be\/wp-content\/uploads\/2021\/01\/logoFOblanc.png","width":300,"height":151,"caption":"For\u00eat.Nature"},"image":{"@id":"https:\/\/foretnature.be\/en\/#\/schema\/logo\/image\/"}}]}},"_links":{"self":[{"href":"https:\/\/foretnature.be\/en\/wp-json\/wp\/v2\/resume-foret-mail\/40219"}],"collection":[{"href":"https:\/\/foretnature.be\/en\/wp-json\/wp\/v2\/resume-foret-mail"}],"about":[{"href":"https:\/\/foretnature.be\/en\/wp-json\/wp\/v2\/types\/resume-foret-mail"}],"version-history":[{"count":3,"href":"https:\/\/foretnature.be\/en\/wp-json\/wp\/v2\/resume-foret-mail\/40219\/revisions"}],"predecessor-version":[{"id":40276,"href":"https:\/\/foretnature.be\/en\/wp-json\/wp\/v2\/resume-foret-mail\/40219\/revisions\/40276"}],"wp:featuredmedia":[{"embeddable":true,"href":"https:\/\/foretnature.be\/en\/wp-json\/wp\/v2\/media\/40205"}],"wp:attachment":[{"href":"https:\/\/foretnature.be\/en\/wp-json\/wp\/v2\/media?parent=40219"}],"wp:term":[{"taxonomy":"category","embeddable":true,"href":"https:\/\/foretnature.be\/en\/wp-json\/wp\/v2\/categories?post=40219"}],"curies":[{"name":"wp","href":"https:\/\/api.w.org\/{rel}","templated":true}]}}

Utiliser les flux d’air frais provenant des forêts pour refroidir les villes

<p>Serait-il possible de diriger des flux d’air froid provenant des forêts pour refroidir les agglomérations ? Un projet pionnier de création de couloirs d’air froid dans une forêt en Suisse a vu le jour l’été dernier. Quatre couloirs de 30 à 100 mètres de long et de 20 à 30 mètres de large ont été créés lors d’une coupe de régénération ordinaire dans une forêt mixte. Bien qu’ils aient des proportions semblables, aucun n’est identique. Ces couloirs débouchent directement sur la maison de retraite Kehl, située en périphérie de la ville de Baden. Ce projet dénommé « Kühlwald » (forêt fraîche) a pour but de déterminer s’il est possible de diriger les courants d’air froid provenant d’une forêt pour refroidir une agglomération et lequel des quatre couloirs offre les meilleurs résultats.</p>
<p>En effet, la nuit, les forêts produisent ces courants d’air, grâce à l’évaporation de l’humidité. Ce processus commence à la tombée de la nuit et atteint un effet maximum à 4 heures du matin. Comme l’air frais est plus lourd que l’air chaud, il descend de la colline. La forêt de Baden est majoritairement située sur des crêtes et produit, par conséquent, lors des chaudes nuits d’été, de l’air froid qui s’écoule vers les habitations noyées dans la chaleur.</p>
<p>Un total de 22 capteurs de température ont été installés en 2023, avant la coupe de l’été, en différents endroits de la forêt, en bordure de celle-ci et dans la maison de retraite. La phase de mesure du projet durera 2 ans. C’est l’hiver prochain que sera décidé si ce projet pionnier, réalisé dans la forêt domaniale de Baden, ouvrira de nouvelles perspectives pour l’avenir.</p>

<p>Serait-il possible de diriger des flux d’air froid provenant des forêts pour refroidir les agglomérations ? Un projet pionnier de création de couloirs d’air froid dans une forêt en Suisse a vu le jour l’été dernier. Quatre couloirs de 30 à 100 mètres de long et de 20 à 30 mètres de large ont été [&hellip;]</p>

<!-- This site is optimized with the Yoast SEO plugin v23.2 - https://yoast.com/wordpress/plugins/seo/ -->
<title>Utiliser les flux d’air frais provenant des forêts pour refroidir les villes - Forêt.Nature</title>
<meta name="robots" content="index, follow, max-snippet:-1, max-image-preview:large, max-video-preview:-1" />
<link rel="canonical" href="https://foretnature.be/en/resume-foret-mail/utiliser-les-flux-dair-frais-provenant-des-forets-pour-refroidir-les-villes/" />
<meta property="og:locale" content="en_GB" />
<meta property="og:type" content="article" />
<meta property="og:title" content="Utiliser les flux d’air frais provenant des forêts pour refroidir les villes - Forêt.Nature" />
<meta property="og:description" content="Serait-il possible de diriger des flux d’air froid provenant des forêts pour refroidir les agglomérations ? Un projet pionnier de création de couloirs d’air froid dans une forêt en Suisse a vu le jour l’été dernier. Quatre couloirs de 30 à 100 mètres de long et de 20 à 30 mètres de large ont été [&hellip;]" />
<meta property="og:url" content="https://foretnature.be/en/resume-foret-mail/utiliser-les-flux-dair-frais-provenant-des-forets-pour-refroidir-les-villes/" />
<meta property="og:site_name" content="Forêt.Nature" />
<meta property="article:modified_time" content="2024-01-18T09:03:37+00:00" />
<meta property="og:image" content="https://foretnature.be/wp-content/uploads/2024/01/2516.jpg" />
	<meta property="og:image:width" content="900" />
	<meta property="og:image:height" content="675" />
	<meta property="og:image:type" content="image/jpeg" />
<meta name="twitter:card" content="summary_large_image" />
<meta name="twitter:label1" content="Estimated reading time" />
	<meta name="twitter:data1" content="2 minutes" />
<script type="application/ld+json" class="yoast-schema-graph">{"@context":"https://schema.org","@graph":[{"@type":"WebPage","@id":"https://foretnature.be/resume-foret-mail/utiliser-les-flux-dair-frais-provenant-des-forets-pour-refroidir-les-villes/","url":"https://foretnature.be/resume-foret-mail/utiliser-les-flux-dair-frais-provenant-des-forets-pour-refroidir-les-villes/","name":"Utiliser les flux d’air frais provenant des forêts pour refroidir les villes - Forêt.Nature","isPartOf":{"@id":"https://foretnature.be/en/#website"},"primaryImageOfPage":{"@id":"https://foretnature.be/resume-foret-mail/utiliser-les-flux-dair-frais-provenant-des-forets-pour-refroidir-les-villes/#primaryimage"},"image":{"@id":"https://foretnature.be/resume-foret-mail/utiliser-les-flux-dair-frais-provenant-des-forets-pour-refroidir-les-villes/#primaryimage"},"thumbnailUrl":"https://foretnature.be/wp-content/uploads/2024/01/2516.jpg","datePublished":"2024-01-15T10:59:29+00:00","dateModified":"2024-01-18T09:03:37+00:00","breadcrumb":{"@id":"https://foretnature.be/resume-foret-mail/utiliser-les-flux-dair-frais-provenant-des-forets-pour-refroidir-les-villes/#breadcrumb"},"inLanguage":"en-GB","potentialAction":[{"@type":"ReadAction","target":["https://foretnature.be/resume-foret-mail/utiliser-les-flux-dair-frais-provenant-des-forets-pour-refroidir-les-villes/"]}]},{"@type":"ImageObject","inLanguage":"en-GB","@id":"https://foretnature.be/resume-foret-mail/utiliser-les-flux-dair-frais-provenant-des-forets-pour-refroidir-les-villes/#primaryimage","url":"https://foretnature.be/wp-content/uploads/2024/01/2516.jpg","contentUrl":"https://foretnature.be/wp-content/uploads/2024/01/2516.jpg","width":900,"height":675},{"@type":"BreadcrumbList","@id":"https://foretnature.be/resume-foret-mail/utiliser-les-flux-dair-frais-provenant-des-forets-pour-refroidir-les-villes/#breadcrumb","itemListElement":[{"@type":"ListItem","position":1,"name":"Home","item":"https://foretnature.be/en/"},{"@type":"ListItem","position":2,"name":"Utiliser les flux d’air frais provenant des forêts pour refroidir les villes"}]},{"@type":"WebSite","@id":"https://foretnature.be/en/#website","url":"https://foretnature.be/en/","name":"Forêt.Nature","description":"Une équipe technique au service de la forêt","publisher":{"@id":"https://foretnature.be/en/#organization"},"potentialAction":[{"@type":"SearchAction","target":{"@type":"EntryPoint","urlTemplate":"https://foretnature.be/en/?s={search_term_string}"},"query-input":"required name=search_term_string"}],"inLanguage":"en-GB"},{"@type":"Organization","@id":"https://foretnature.be/en/#organization","name":"Forêt.Nature","url":"https://foretnature.be/en/","logo":{"@type":"ImageObject","inLanguage":"en-GB","@id":"https://foretnature.be/en/#/schema/logo/image/","url":"https://foretnature.be/wp-content/uploads/2021/01/logoFOblanc.png","contentUrl":"https://foretnature.be/wp-content/uploads/2021/01/logoFOblanc.png","width":300,"height":151,"caption":"Forêt.Nature"},"image":{"@id":"https://foretnature.be/en/#/schema/logo/image/"}}]}</script>
<!-- / Yoast SEO plugin. -->

Utiliser les flux d’air frais provenant des forêts pour refroidir les villes - Forêt.Nature

Serait-il possible de diriger des flux d’air froid provenant des forêts pour refroidir les agglomérations ? Un projet pionnier de création de couloirs d’air froid dans une forêt en Suisse a vu le jour l’été dernier. Quatre couloirs de 30 à 100 mètres de long et de 20 à 30 mètres de large ont été [&hellip;]

Forêt.Nature

Une équipe technique au service de la forêt
