{"id":39951,"date":"2023-09-11T09:59:09","date_gmt":"2023-09-11T07:59:09","guid":{"rendered":"https:\/\/foretnature.be\/?post_type=resume-foret-mail&#038;p=39951"},"modified":"2023-09-11T09:59:09","modified_gmt":"2023-09-11T07:59:09","slug":"les-arbres-archives-climatiques-mettent-en-evidence-la-cause-du-changement-climatique","status":"publish","type":"resume-foret-mail","link":"https:\/\/foretnature.be\/en\/resume-foret-mail\/les-arbres-archives-climatiques-mettent-en-evidence-la-cause-du-changement-climatique\/","title":{"rendered":"Les arbres, archives climatiques, mettent en \u00e9vidence la cause du changement climatique"},"content":{"rendered":"<p>Nos donn\u00e9es de mesures m\u00e9t\u00e9orologiques existent depuis 150 ans, une p\u00e9riode extr\u00eamement courte \u00e0 l\u2019\u00e9chelle de la vie sur terre. Les arbres peuvent rendre compte de mani\u00e8re indirecte, gr\u00e2ce \u00e0 leurs cernes, des diff\u00e9rents \u00e9pisodes climatiques. Mais c\u2019est une nouvelle \u00e9tude qui nous permet d\u2019obtenir de nouvelles informations bien plus pr\u00e9cises, dans les cellules des arbres cette fois-ci. Et le r\u00e9sultat est sans appel.<\/p>\n<p>Ce sont des pins scandinaves de plus de 1170 ans qui ont \u00e9t\u00e9 analys\u00e9s par l\u2019Institut f\u00e9d\u00e9ral suisse de recherche sur la for\u00eat, auteur de cette d\u00e9couverte. Ceux-ci sont bien pr\u00e9serv\u00e9s aux abords des lacs du nord, et particuli\u00e8rement sensibles aux changements de climat. Chaque cellule de chaque cerne enregistre le climat, et l\u2019ensemble des cellules d\u2019une cerne peut d\u00e9livrer des informations d\u2019une pr\u00e9cision exceptionnelle.<\/p>\n<p>On d\u00e9couvre que le r\u00e9chauffement actuel est bien plus in\u00e9dit que l\u2019on ne le pensait, m\u00eame face aux pr\u00e9c\u00e9dents r\u00e9chauffements comme celui de la p\u00e9riode m\u00e9di\u00e9vale. Les anciennes mesures prises comme exemple de r\u00e9f\u00e9rence ont donc \u00e9t\u00e9 mal \u00e9valu\u00e9es jusqu\u2019ici, ce qui implique une r\u00e9\u00e9valuation de l\u2019impact r\u00e9el du changement climatique.<\/p>\n<p>Si les arbres sont de bons indicateurs, il est \u00e9galement possible de reconstruire le climat gr\u00e2ce aux carottes glaciaires ou aux s\u00e9diments marins, jusqu\u2019\u00e0 plusieurs millions d\u2019ann\u00e9es en arri\u00e8re.<\/p>\n<p>Encore un exemple concret que la hausse des temp\u00e9ratures que nous rencontrons actuellement est le fait de l\u2019humain et de ses activit\u00e9s.<\/p>","protected":false},"excerpt":{"rendered":"<p>Nos donn\u00e9es de mesures m\u00e9t\u00e9orologiques existent depuis 150 ans, une p\u00e9riode extr\u00eamement courte \u00e0 l\u2019\u00e9chelle de la vie sur terre. Les arbres peuvent rendre compte de mani\u00e8re indirecte, gr\u00e2ce \u00e0 leurs cernes, des diff\u00e9rents \u00e9pisodes climatiques. Mais c\u2019est une nouvelle \u00e9tude qui nous permet d\u2019obtenir de nouvelles informations bien plus pr\u00e9cises, dans les cellules des [&hellip;]<\/p>","protected":false},"featured_media":39931,"template":"","categories":[50],"acf":[],"yoast_head":"<!-- This site is optimized with the Yoast SEO plugin v23.2 - https:\/\/yoast.com\/wordpress\/plugins\/seo\/ -->\n<title>Les arbres, archives climatiques, mettent en \u00e9vidence la cause du changement climatique - For\u00eat.Nature<\/title>\n<meta name=\"robots\" content=\"index, follow, max-snippet:-1, max-image-preview:large, max-video-preview:-1\" \/>\n<link rel=\"canonical\" href=\"https:\/\/foretnature.be\/en\/resume-foret-mail\/les-arbres-archives-climatiques-mettent-en-evidence-la-cause-du-changement-climatique\/\" \/>\n<meta property=\"og:locale\" content=\"en_GB\" \/>\n<meta property=\"og:type\" content=\"article\" \/>\n<meta property=\"og:title\" content=\"Les arbres, archives climatiques, mettent en \u00e9vidence la cause du changement climatique - For\u00eat.Nature\" \/>\n<meta property=\"og:description\" content=\"Nos donn\u00e9es de mesures m\u00e9t\u00e9orologiques existent depuis 150 ans, une p\u00e9riode extr\u00eamement courte \u00e0 l\u2019\u00e9chelle de la vie sur terre. Les arbres peuvent rendre compte de mani\u00e8re indirecte, gr\u00e2ce \u00e0 leurs cernes, des diff\u00e9rents \u00e9pisodes climatiques. Mais c\u2019est une nouvelle \u00e9tude qui nous permet d\u2019obtenir de nouvelles informations bien plus pr\u00e9cises, dans les cellules des [&hellip;]\" \/>\n<meta property=\"og:url\" content=\"https:\/\/foretnature.be\/en\/resume-foret-mail\/les-arbres-archives-climatiques-mettent-en-evidence-la-cause-du-changement-climatique\/\" \/>\n<meta property=\"og:site_name\" content=\"For\u00eat.Nature\" \/>\n<meta property=\"og:image\" content=\"https:\/\/foretnature.be\/wp-content\/uploads\/2023\/09\/2481.jpeg\" \/>\n\t<meta property=\"og:image:width\" content=\"900\" \/>\n\t<meta property=\"og:image:height\" content=\"675\" \/>\n\t<meta property=\"og:image:type\" content=\"image\/jpeg\" \/>\n<meta name=\"twitter:card\" content=\"summary_large_image\" \/>\n<meta name=\"twitter:label1\" content=\"Estimated reading time\" \/>\n\t<meta name=\"twitter:data1\" content=\"2 minutes\" \/>\n<script type=\"application\/ld+json\" class=\"yoast-schema-graph\">{\"@context\":\"https:\/\/schema.org\",\"@graph\":[{\"@type\":\"WebPage\",\"@id\":\"https:\/\/foretnature.be\/resume-foret-mail\/les-arbres-archives-climatiques-mettent-en-evidence-la-cause-du-changement-climatique\/\",\"url\":\"https:\/\/foretnature.be\/resume-foret-mail\/les-arbres-archives-climatiques-mettent-en-evidence-la-cause-du-changement-climatique\/\",\"name\":\"Les arbres, archives climatiques, mettent en \u00e9vidence la cause du changement climatique - For\u00eat.Nature\",\"isPartOf\":{\"@id\":\"https:\/\/foretnature.be\/#website\"},\"primaryImageOfPage\":{\"@id\":\"https:\/\/foretnature.be\/resume-foret-mail\/les-arbres-archives-climatiques-mettent-en-evidence-la-cause-du-changement-climatique\/#primaryimage\"},\"image\":{\"@id\":\"https:\/\/foretnature.be\/resume-foret-mail\/les-arbres-archives-climatiques-mettent-en-evidence-la-cause-du-changement-climatique\/#primaryimage\"},\"thumbnailUrl\":\"https:\/\/foretnature.be\/wp-content\/uploads\/2023\/09\/2481.jpeg\",\"datePublished\":\"2023-09-11T07:59:09+00:00\",\"dateModified\":\"2023-09-11T07:59:09+00:00\",\"breadcrumb\":{\"@id\":\"https:\/\/foretnature.be\/resume-foret-mail\/les-arbres-archives-climatiques-mettent-en-evidence-la-cause-du-changement-climatique\/#breadcrumb\"},\"inLanguage\":\"en-GB\",\"potentialAction\":[{\"@type\":\"ReadAction\",\"target\":[\"https:\/\/foretnature.be\/resume-foret-mail\/les-arbres-archives-climatiques-mettent-en-evidence-la-cause-du-changement-climatique\/\"]}]},{\"@type\":\"ImageObject\",\"inLanguage\":\"en-GB\",\"@id\":\"https:\/\/foretnature.be\/resume-foret-mail\/les-arbres-archives-climatiques-mettent-en-evidence-la-cause-du-changement-climatique\/#primaryimage\",\"url\":\"https:\/\/foretnature.be\/wp-content\/uploads\/2023\/09\/2481.jpeg\",\"contentUrl\":\"https:\/\/foretnature.be\/wp-content\/uploads\/2023\/09\/2481.jpeg\",\"width\":900,\"height\":675,\"caption\":\"Wooden thermometer with red measuring liquid showing high temperature over 34 degrees Celsius on sunny day in shadow of trees. Concept of heat wave, warm weather, global warming, climate change.\"},{\"@type\":\"BreadcrumbList\",\"@id\":\"https:\/\/foretnature.be\/resume-foret-mail\/les-arbres-archives-climatiques-mettent-en-evidence-la-cause-du-changement-climatique\/#breadcrumb\",\"itemListElement\":[{\"@type\":\"ListItem\",\"position\":1,\"name\":\"Home\",\"item\":\"https:\/\/foretnature.be\/\"},{\"@type\":\"ListItem\",\"position\":2,\"name\":\"Les arbres, archives climatiques, mettent en \u00e9vidence la cause du changement climatique\"}]},{\"@type\":\"WebSite\",\"@id\":\"https:\/\/foretnature.be\/#website\",\"url\":\"https:\/\/foretnature.be\/\",\"name\":\"For\u00eat.Nature\",\"description\":\"Une \u00e9quipe technique au service de la for\u00eat\",\"publisher\":{\"@id\":\"https:\/\/foretnature.be\/#organization\"},\"potentialAction\":[{\"@type\":\"SearchAction\",\"target\":{\"@type\":\"EntryPoint\",\"urlTemplate\":\"https:\/\/foretnature.be\/?s={search_term_string}\"},\"query-input\":\"required name=search_term_string\"}],\"inLanguage\":\"en-GB\"},{\"@type\":\"Organization\",\"@id\":\"https:\/\/foretnature.be\/#organization\",\"name\":\"For\u00eat.Nature\",\"url\":\"https:\/\/foretnature.be\/\",\"logo\":{\"@type\":\"ImageObject\",\"inLanguage\":\"en-GB\",\"@id\":\"https:\/\/foretnature.be\/#\/schema\/logo\/image\/\",\"url\":\"https:\/\/foretnature.be\/wp-content\/uploads\/2021\/01\/logoFOblanc.png\",\"contentUrl\":\"https:\/\/foretnature.be\/wp-content\/uploads\/2021\/01\/logoFOblanc.png\",\"width\":300,\"height\":151,\"caption\":\"For\u00eat.Nature\"},\"image\":{\"@id\":\"https:\/\/foretnature.be\/#\/schema\/logo\/image\/\"}}]}<\/script>\n<!-- \/ Yoast SEO plugin. -->","yoast_head_json":{"title":"Les arbres, archives climatiques, mettent en \u00e9vidence la cause du changement climatique - For\u00eat.Nature","robots":{"index":"index","follow":"follow","max-snippet":"max-snippet:-1","max-image-preview":"max-image-preview:large","max-video-preview":"max-video-preview:-1"},"canonical":"https:\/\/foretnature.be\/en\/resume-foret-mail\/les-arbres-archives-climatiques-mettent-en-evidence-la-cause-du-changement-climatique\/","og_locale":"en_GB","og_type":"article","og_title":"Les arbres, archives climatiques, mettent en \u00e9vidence la cause du changement climatique - For\u00eat.Nature","og_description":"Nos donn\u00e9es de mesures m\u00e9t\u00e9orologiques existent depuis 150 ans, une p\u00e9riode extr\u00eamement courte \u00e0 l\u2019\u00e9chelle de la vie sur terre. Les arbres peuvent rendre compte de mani\u00e8re indirecte, gr\u00e2ce \u00e0 leurs cernes, des diff\u00e9rents \u00e9pisodes climatiques. Mais c\u2019est une nouvelle \u00e9tude qui nous permet d\u2019obtenir de nouvelles informations bien plus pr\u00e9cises, dans les cellules des [&hellip;]","og_url":"https:\/\/foretnature.be\/en\/resume-foret-mail\/les-arbres-archives-climatiques-mettent-en-evidence-la-cause-du-changement-climatique\/","og_site_name":"For\u00eat.Nature","og_image":[{"width":900,"height":675,"url":"https:\/\/foretnature.be\/wp-content\/uploads\/2023\/09\/2481.jpeg","type":"image\/jpeg"}],"twitter_card":"summary_large_image","twitter_misc":{"Estimated reading time":"2 minutes"},"schema":{"@context":"https:\/\/schema.org","@graph":[{"@type":"WebPage","@id":"https:\/\/foretnature.be\/resume-foret-mail\/les-arbres-archives-climatiques-mettent-en-evidence-la-cause-du-changement-climatique\/","url":"https:\/\/foretnature.be\/resume-foret-mail\/les-arbres-archives-climatiques-mettent-en-evidence-la-cause-du-changement-climatique\/","name":"Les arbres, archives climatiques, mettent en \u00e9vidence la cause du changement climatique - For\u00eat.Nature","isPartOf":{"@id":"https:\/\/foretnature.be\/#website"},"primaryImageOfPage":{"@id":"https:\/\/foretnature.be\/resume-foret-mail\/les-arbres-archives-climatiques-mettent-en-evidence-la-cause-du-changement-climatique\/#primaryimage"},"image":{"@id":"https:\/\/foretnature.be\/resume-foret-mail\/les-arbres-archives-climatiques-mettent-en-evidence-la-cause-du-changement-climatique\/#primaryimage"},"thumbnailUrl":"https:\/\/foretnature.be\/wp-content\/uploads\/2023\/09\/2481.jpeg","datePublished":"2023-09-11T07:59:09+00:00","dateModified":"2023-09-11T07:59:09+00:00","breadcrumb":{"@id":"https:\/\/foretnature.be\/resume-foret-mail\/les-arbres-archives-climatiques-mettent-en-evidence-la-cause-du-changement-climatique\/#breadcrumb"},"inLanguage":"en-GB","potentialAction":[{"@type":"ReadAction","target":["https:\/\/foretnature.be\/resume-foret-mail\/les-arbres-archives-climatiques-mettent-en-evidence-la-cause-du-changement-climatique\/"]}]},{"@type":"ImageObject","inLanguage":"en-GB","@id":"https:\/\/foretnature.be\/resume-foret-mail\/les-arbres-archives-climatiques-mettent-en-evidence-la-cause-du-changement-climatique\/#primaryimage","url":"https:\/\/foretnature.be\/wp-content\/uploads\/2023\/09\/2481.jpeg","contentUrl":"https:\/\/foretnature.be\/wp-content\/uploads\/2023\/09\/2481.jpeg","width":900,"height":675,"caption":"Wooden thermometer with red measuring liquid showing high temperature over 34 degrees Celsius on sunny day in shadow of trees. Concept of heat wave, warm weather, global warming, climate change."},{"@type":"BreadcrumbList","@id":"https:\/\/foretnature.be\/resume-foret-mail\/les-arbres-archives-climatiques-mettent-en-evidence-la-cause-du-changement-climatique\/#breadcrumb","itemListElement":[{"@type":"ListItem","position":1,"name":"Home","item":"https:\/\/foretnature.be\/"},{"@type":"ListItem","position":2,"name":"Les arbres, archives climatiques, mettent en \u00e9vidence la cause du changement climatique"}]},{"@type":"WebSite","@id":"https:\/\/foretnature.be\/#website","url":"https:\/\/foretnature.be\/","name":"For\u00eat.Nature","description":"Une \u00e9quipe technique au service de la for\u00eat","publisher":{"@id":"https:\/\/foretnature.be\/#organization"},"potentialAction":[{"@type":"SearchAction","target":{"@type":"EntryPoint","urlTemplate":"https:\/\/foretnature.be\/?s={search_term_string}"},"query-input":"required name=search_term_string"}],"inLanguage":"en-GB"},{"@type":"Organization","@id":"https:\/\/foretnature.be\/#organization","name":"For\u00eat.Nature","url":"https:\/\/foretnature.be\/","logo":{"@type":"ImageObject","inLanguage":"en-GB","@id":"https:\/\/foretnature.be\/#\/schema\/logo\/image\/","url":"https:\/\/foretnature.be\/wp-content\/uploads\/2021\/01\/logoFOblanc.png","contentUrl":"https:\/\/foretnature.be\/wp-content\/uploads\/2021\/01\/logoFOblanc.png","width":300,"height":151,"caption":"For\u00eat.Nature"},"image":{"@id":"https:\/\/foretnature.be\/#\/schema\/logo\/image\/"}}]}},"_links":{"self":[{"href":"https:\/\/foretnature.be\/en\/wp-json\/wp\/v2\/resume-foret-mail\/39951"}],"collection":[{"href":"https:\/\/foretnature.be\/en\/wp-json\/wp\/v2\/resume-foret-mail"}],"about":[{"href":"https:\/\/foretnature.be\/en\/wp-json\/wp\/v2\/types\/resume-foret-mail"}],"version-history":[{"count":1,"href":"https:\/\/foretnature.be\/en\/wp-json\/wp\/v2\/resume-foret-mail\/39951\/revisions"}],"predecessor-version":[{"id":39952,"href":"https:\/\/foretnature.be\/en\/wp-json\/wp\/v2\/resume-foret-mail\/39951\/revisions\/39952"}],"wp:featuredmedia":[{"embeddable":true,"href":"https:\/\/foretnature.be\/en\/wp-json\/wp\/v2\/media\/39931"}],"wp:attachment":[{"href":"https:\/\/foretnature.be\/en\/wp-json\/wp\/v2\/media?parent=39951"}],"wp:term":[{"taxonomy":"category","embeddable":true,"href":"https:\/\/foretnature.be\/en\/wp-json\/wp\/v2\/categories?post=39951"}],"curies":[{"name":"wp","href":"https:\/\/api.w.org\/{rel}","templated":true}]}}

Les arbres, archives climatiques, mettent en évidence la cause du changement climatique

<p>Nos données de mesures météorologiques existent depuis 150 ans, une période extrêmement courte à l’échelle de la vie sur terre. Les arbres peuvent rendre compte de manière indirecte, grâce à leurs cernes, des différents épisodes climatiques. Mais c’est une nouvelle étude qui nous permet d’obtenir de nouvelles informations bien plus précises, dans les cellules des arbres cette fois-ci. Et le résultat est sans appel.</p>
<p>Ce sont des pins scandinaves de plus de 1170 ans qui ont été analysés par l’Institut fédéral suisse de recherche sur la forêt, auteur de cette découverte. Ceux-ci sont bien préservés aux abords des lacs du nord, et particulièrement sensibles aux changements de climat. Chaque cellule de chaque cerne enregistre le climat, et l’ensemble des cellules d’une cerne peut délivrer des informations d’une précision exceptionnelle.</p>
<p>On découvre que le réchauffement actuel est bien plus inédit que l’on ne le pensait, même face aux précédents réchauffements comme celui de la période médiévale. Les anciennes mesures prises comme exemple de référence ont donc été mal évaluées jusqu’ici, ce qui implique une réévaluation de l’impact réel du changement climatique.</p>
<p>Si les arbres sont de bons indicateurs, il est également possible de reconstruire le climat grâce aux carottes glaciaires ou aux sédiments marins, jusqu’à plusieurs millions d’années en arrière.</p>
<p>Encore un exemple concret que la hausse des températures que nous rencontrons actuellement est le fait de l’humain et de ses activités.</p>

<p>Nos données de mesures météorologiques existent depuis 150 ans, une période extrêmement courte à l’échelle de la vie sur terre. Les arbres peuvent rendre compte de manière indirecte, grâce à leurs cernes, des différents épisodes climatiques. Mais c’est une nouvelle étude qui nous permet d’obtenir de nouvelles informations bien plus précises, dans les cellules des [&hellip;]</p>

<!-- This site is optimized with the Yoast SEO plugin v23.2 - https://yoast.com/wordpress/plugins/seo/ -->
<title>Les arbres, archives climatiques, mettent en évidence la cause du changement climatique - Forêt.Nature</title>
<meta name="robots" content="index, follow, max-snippet:-1, max-image-preview:large, max-video-preview:-1" />
<link rel="canonical" href="https://foretnature.be/en/resume-foret-mail/les-arbres-archives-climatiques-mettent-en-evidence-la-cause-du-changement-climatique/" />
<meta property="og:locale" content="en_GB" />
<meta property="og:type" content="article" />
<meta property="og:title" content="Les arbres, archives climatiques, mettent en évidence la cause du changement climatique - Forêt.Nature" />
<meta property="og:description" content="Nos données de mesures météorologiques existent depuis 150 ans, une période extrêmement courte à l’échelle de la vie sur terre. Les arbres peuvent rendre compte de manière indirecte, grâce à leurs cernes, des différents épisodes climatiques. Mais c’est une nouvelle étude qui nous permet d’obtenir de nouvelles informations bien plus précises, dans les cellules des [&hellip;]" />
<meta property="og:url" content="https://foretnature.be/en/resume-foret-mail/les-arbres-archives-climatiques-mettent-en-evidence-la-cause-du-changement-climatique/" />
<meta property="og:site_name" content="Forêt.Nature" />
<meta property="og:image" content="https://foretnature.be/wp-content/uploads/2023/09/2481.jpeg" />
	<meta property="og:image:width" content="900" />
	<meta property="og:image:height" content="675" />
	<meta property="og:image:type" content="image/jpeg" />
<meta name="twitter:card" content="summary_large_image" />
<meta name="twitter:label1" content="Estimated reading time" />
	<meta name="twitter:data1" content="2 minutes" />
<script type="application/ld+json" class="yoast-schema-graph">{"@context":"https://schema.org","@graph":[{"@type":"WebPage","@id":"https://foretnature.be/resume-foret-mail/les-arbres-archives-climatiques-mettent-en-evidence-la-cause-du-changement-climatique/","url":"https://foretnature.be/resume-foret-mail/les-arbres-archives-climatiques-mettent-en-evidence-la-cause-du-changement-climatique/","name":"Les arbres, archives climatiques, mettent en évidence la cause du changement climatique - Forêt.Nature","isPartOf":{"@id":"https://foretnature.be/#website"},"primaryImageOfPage":{"@id":"https://foretnature.be/resume-foret-mail/les-arbres-archives-climatiques-mettent-en-evidence-la-cause-du-changement-climatique/#primaryimage"},"image":{"@id":"https://foretnature.be/resume-foret-mail/les-arbres-archives-climatiques-mettent-en-evidence-la-cause-du-changement-climatique/#primaryimage"},"thumbnailUrl":"https://foretnature.be/wp-content/uploads/2023/09/2481.jpeg","datePublished":"2023-09-11T07:59:09+00:00","dateModified":"2023-09-11T07:59:09+00:00","breadcrumb":{"@id":"https://foretnature.be/resume-foret-mail/les-arbres-archives-climatiques-mettent-en-evidence-la-cause-du-changement-climatique/#breadcrumb"},"inLanguage":"en-GB","potentialAction":[{"@type":"ReadAction","target":["https://foretnature.be/resume-foret-mail/les-arbres-archives-climatiques-mettent-en-evidence-la-cause-du-changement-climatique/"]}]},{"@type":"ImageObject","inLanguage":"en-GB","@id":"https://foretnature.be/resume-foret-mail/les-arbres-archives-climatiques-mettent-en-evidence-la-cause-du-changement-climatique/#primaryimage","url":"https://foretnature.be/wp-content/uploads/2023/09/2481.jpeg","contentUrl":"https://foretnature.be/wp-content/uploads/2023/09/2481.jpeg","width":900,"height":675,"caption":"Wooden thermometer with red measuring liquid showing high temperature over 34 degrees Celsius on sunny day in shadow of trees. Concept of heat wave, warm weather, global warming, climate change."},{"@type":"BreadcrumbList","@id":"https://foretnature.be/resume-foret-mail/les-arbres-archives-climatiques-mettent-en-evidence-la-cause-du-changement-climatique/#breadcrumb","itemListElement":[{"@type":"ListItem","position":1,"name":"Home","item":"https://foretnature.be/"},{"@type":"ListItem","position":2,"name":"Les arbres, archives climatiques, mettent en évidence la cause du changement climatique"}]},{"@type":"WebSite","@id":"https://foretnature.be/#website","url":"https://foretnature.be/","name":"Forêt.Nature","description":"Une équipe technique au service de la forêt","publisher":{"@id":"https://foretnature.be/#organization"},"potentialAction":[{"@type":"SearchAction","target":{"@type":"EntryPoint","urlTemplate":"https://foretnature.be/?s={search_term_string}"},"query-input":"required name=search_term_string"}],"inLanguage":"en-GB"},{"@type":"Organization","@id":"https://foretnature.be/#organization","name":"Forêt.Nature","url":"https://foretnature.be/","logo":{"@type":"ImageObject","inLanguage":"en-GB","@id":"https://foretnature.be/#/schema/logo/image/","url":"https://foretnature.be/wp-content/uploads/2021/01/logoFOblanc.png","contentUrl":"https://foretnature.be/wp-content/uploads/2021/01/logoFOblanc.png","width":300,"height":151,"caption":"Forêt.Nature"},"image":{"@id":"https://foretnature.be/#/schema/logo/image/"}}]}</script>
<!-- / Yoast SEO plugin. -->

Les arbres, archives climatiques, mettent en évidence la cause du changement climatique - Forêt.Nature

Nos données de mesures météorologiques existent depuis 150 ans, une période extrêmement courte à l’échelle de la vie sur terre. Les arbres peuvent rendre compte de manière indirecte, grâce à leurs cernes, des différents épisodes climatiques. Mais c’est une nouvelle étude qui nous permet d’obtenir de nouvelles informations bien plus précises, dans les cellules des [&hellip;]

Forêt.Nature

Une équipe technique au service de la forêt
