{"id":39747,"date":"2023-07-12T16:40:09","date_gmt":"2023-07-12T14:40:09","guid":{"rendered":"https:\/\/foretnature.be\/?post_type=resume-foret-mail&#038;p=39747"},"modified":"2023-07-19T10:32:09","modified_gmt":"2023-07-19T08:32:09","slug":"trainee-for-change","status":"publish","type":"resume-foret-mail","link":"https:\/\/foretnature.be\/en\/resume-foret-mail\/trainee-for-change\/","title":{"rendered":"TraineeForChange !"},"content":{"rendered":"<p>La semaine du 26 au 30 juin 2023, 45 \u00e9tudiants forestiers ou r\u00e9cents alumni ont particip\u00e9 \u00e0 la toute premi\u00e8re \u00e9dition du TraineeForChange : une semaine de formation gratuite en r\u00e9sidentiel sur le territoire du Parc naturel des Sources pour d\u00e9couvrir la sylviculture m\u00e9lang\u00e9e \u00e0 couvert continu (SMCC) et partager avec d\u2019autres \u00e9tudiants et alumni leur passion pour la for\u00eat.<\/p>\n<p>TraineeForChange, c\u2019est un projet europ\u00e9en qui consiste en un parcours intensif de 5 jours de formation en for\u00eat \u00e0 la rencontres de nombreux acteurs du secteur. L\u2019objectif ? Ouvrir les esprits, cultiver son esprit critique pour devenir acteur de changement en mati\u00e8re de gestion foresti\u00e8re. Pourquoi ? Pour s\u2019adapter aux enjeux du r\u00e9chauffement climatique avec la bo\u00eete \u00e0 outils que constitue la SMCC.<\/p>\n<p>Pendant ces 5 jours, le TraineeForChange a permis aux participants de :<br \/>\n\u2022 B\u00e9n\u00e9ficier de modules d\u2019initiation \u00e0 la sylviculture m\u00e9lang\u00e9e \u00e0 couvert continu<br \/>\n\u2022 Rencontrer un panel d\u2019acteurs forestiers et d\u2019\u00e9changer sur leurs r\u00f4les et actions<br \/>\n\u2022 R\u00e9fl\u00e9chir collectivement aux enjeux globaux de la for\u00eat et de la nature<br \/>\n\u2022 Aboutir \u00e0 une charte d\u2019engagement professionnel<\/p>","protected":false},"excerpt":{"rendered":"<p>La semaine du 26 au 30 juin 2023, 45 \u00e9tudiants forestiers ou r\u00e9cents alumni ont particip\u00e9 \u00e0 la toute premi\u00e8re \u00e9dition du TraineeForChange : une semaine de formation gratuite en r\u00e9sidentiel sur le territoire du Parc naturel des Sources pour d\u00e9couvrir la sylviculture m\u00e9lang\u00e9e \u00e0 couvert continu (SMCC) et partager avec d\u2019autres \u00e9tudiants et alumni [&hellip;]<\/p>","protected":false},"featured_media":39725,"template":"","categories":[50],"acf":[],"yoast_head":"<!-- This site is optimized with the Yoast SEO plugin v23.2 - https:\/\/yoast.com\/wordpress\/plugins\/seo\/ -->\n<title>TraineeForChange ! - For\u00eat.Nature<\/title>\n<meta name=\"robots\" content=\"index, follow, max-snippet:-1, max-image-preview:large, max-video-preview:-1\" \/>\n<link rel=\"canonical\" href=\"https:\/\/foretnature.be\/en\/resume-foret-mail\/trainee-for-change\/\" \/>\n<meta property=\"og:locale\" content=\"en_GB\" \/>\n<meta property=\"og:type\" content=\"article\" \/>\n<meta property=\"og:title\" content=\"TraineeForChange ! - For\u00eat.Nature\" \/>\n<meta property=\"og:description\" content=\"La semaine du 26 au 30 juin 2023, 45 \u00e9tudiants forestiers ou r\u00e9cents alumni ont particip\u00e9 \u00e0 la toute premi\u00e8re \u00e9dition du TraineeForChange : une semaine de formation gratuite en r\u00e9sidentiel sur le territoire du Parc naturel des Sources pour d\u00e9couvrir la sylviculture m\u00e9lang\u00e9e \u00e0 couvert continu (SMCC) et partager avec d\u2019autres \u00e9tudiants et alumni [&hellip;]\" \/>\n<meta property=\"og:url\" content=\"https:\/\/foretnature.be\/en\/resume-foret-mail\/trainee-for-change\/\" \/>\n<meta property=\"og:site_name\" content=\"For\u00eat.Nature\" \/>\n<meta property=\"article:modified_time\" content=\"2023-07-19T08:32:09+00:00\" \/>\n<meta property=\"og:image\" content=\"https:\/\/foretnature.be\/wp-content\/uploads\/2023\/07\/2474.jpg\" \/>\n\t<meta property=\"og:image:width\" content=\"900\" \/>\n\t<meta property=\"og:image:height\" content=\"675\" \/>\n\t<meta property=\"og:image:type\" content=\"image\/jpeg\" \/>\n<meta name=\"twitter:card\" content=\"summary_large_image\" \/>\n<meta name=\"twitter:label1\" content=\"Estimated reading time\" \/>\n\t<meta name=\"twitter:data1\" content=\"1 minute\" \/>\n<script type=\"application\/ld+json\" class=\"yoast-schema-graph\">{\"@context\":\"https:\/\/schema.org\",\"@graph\":[{\"@type\":\"WebPage\",\"@id\":\"https:\/\/foretnature.be\/en\/resume-foret-mail\/trainee-for-change\/\",\"url\":\"https:\/\/foretnature.be\/en\/resume-foret-mail\/trainee-for-change\/\",\"name\":\"TraineeForChange ! - For\u00eat.Nature\",\"isPartOf\":{\"@id\":\"https:\/\/foretnature.be\/#website\"},\"primaryImageOfPage\":{\"@id\":\"https:\/\/foretnature.be\/en\/resume-foret-mail\/trainee-for-change\/#primaryimage\"},\"image\":{\"@id\":\"https:\/\/foretnature.be\/en\/resume-foret-mail\/trainee-for-change\/#primaryimage\"},\"thumbnailUrl\":\"https:\/\/foretnature.be\/wp-content\/uploads\/2023\/07\/2474.jpg\",\"datePublished\":\"2023-07-12T14:40:09+00:00\",\"dateModified\":\"2023-07-19T08:32:09+00:00\",\"breadcrumb\":{\"@id\":\"https:\/\/foretnature.be\/en\/resume-foret-mail\/trainee-for-change\/#breadcrumb\"},\"inLanguage\":\"en-GB\",\"potentialAction\":[{\"@type\":\"ReadAction\",\"target\":[\"https:\/\/foretnature.be\/en\/resume-foret-mail\/trainee-for-change\/\"]}]},{\"@type\":\"ImageObject\",\"inLanguage\":\"en-GB\",\"@id\":\"https:\/\/foretnature.be\/en\/resume-foret-mail\/trainee-for-change\/#primaryimage\",\"url\":\"https:\/\/foretnature.be\/wp-content\/uploads\/2023\/07\/2474.jpg\",\"contentUrl\":\"https:\/\/foretnature.be\/wp-content\/uploads\/2023\/07\/2474.jpg\",\"width\":900,\"height\":675},{\"@type\":\"BreadcrumbList\",\"@id\":\"https:\/\/foretnature.be\/en\/resume-foret-mail\/trainee-for-change\/#breadcrumb\",\"itemListElement\":[{\"@type\":\"ListItem\",\"position\":1,\"name\":\"Home\",\"item\":\"https:\/\/foretnature.be\/\"},{\"@type\":\"ListItem\",\"position\":2,\"name\":\"TraineeForChange !\"}]},{\"@type\":\"WebSite\",\"@id\":\"https:\/\/foretnature.be\/#website\",\"url\":\"https:\/\/foretnature.be\/\",\"name\":\"For\u00eat.Nature\",\"description\":\"Une \u00e9quipe technique au service de la for\u00eat\",\"publisher\":{\"@id\":\"https:\/\/foretnature.be\/#organization\"},\"potentialAction\":[{\"@type\":\"SearchAction\",\"target\":{\"@type\":\"EntryPoint\",\"urlTemplate\":\"https:\/\/foretnature.be\/?s={search_term_string}\"},\"query-input\":\"required name=search_term_string\"}],\"inLanguage\":\"en-GB\"},{\"@type\":\"Organization\",\"@id\":\"https:\/\/foretnature.be\/#organization\",\"name\":\"For\u00eat.Nature\",\"url\":\"https:\/\/foretnature.be\/\",\"logo\":{\"@type\":\"ImageObject\",\"inLanguage\":\"en-GB\",\"@id\":\"https:\/\/foretnature.be\/#\/schema\/logo\/image\/\",\"url\":\"https:\/\/foretnature.be\/wp-content\/uploads\/2021\/01\/logoFOblanc.png\",\"contentUrl\":\"https:\/\/foretnature.be\/wp-content\/uploads\/2021\/01\/logoFOblanc.png\",\"width\":300,\"height\":151,\"caption\":\"For\u00eat.Nature\"},\"image\":{\"@id\":\"https:\/\/foretnature.be\/#\/schema\/logo\/image\/\"}}]}<\/script>\n<!-- \/ Yoast SEO plugin. -->","yoast_head_json":{"title":"TraineeForChange ! - For\u00eat.Nature","robots":{"index":"index","follow":"follow","max-snippet":"max-snippet:-1","max-image-preview":"max-image-preview:large","max-video-preview":"max-video-preview:-1"},"canonical":"https:\/\/foretnature.be\/en\/resume-foret-mail\/trainee-for-change\/","og_locale":"en_GB","og_type":"article","og_title":"TraineeForChange ! - For\u00eat.Nature","og_description":"La semaine du 26 au 30 juin 2023, 45 \u00e9tudiants forestiers ou r\u00e9cents alumni ont particip\u00e9 \u00e0 la toute premi\u00e8re \u00e9dition du TraineeForChange : une semaine de formation gratuite en r\u00e9sidentiel sur le territoire du Parc naturel des Sources pour d\u00e9couvrir la sylviculture m\u00e9lang\u00e9e \u00e0 couvert continu (SMCC) et partager avec d\u2019autres \u00e9tudiants et alumni [&hellip;]","og_url":"https:\/\/foretnature.be\/en\/resume-foret-mail\/trainee-for-change\/","og_site_name":"For\u00eat.Nature","article_modified_time":"2023-07-19T08:32:09+00:00","og_image":[{"width":900,"height":675,"url":"https:\/\/foretnature.be\/wp-content\/uploads\/2023\/07\/2474.jpg","type":"image\/jpeg"}],"twitter_card":"summary_large_image","twitter_misc":{"Estimated reading time":"1 minute"},"schema":{"@context":"https:\/\/schema.org","@graph":[{"@type":"WebPage","@id":"https:\/\/foretnature.be\/en\/resume-foret-mail\/trainee-for-change\/","url":"https:\/\/foretnature.be\/en\/resume-foret-mail\/trainee-for-change\/","name":"TraineeForChange ! - For\u00eat.Nature","isPartOf":{"@id":"https:\/\/foretnature.be\/#website"},"primaryImageOfPage":{"@id":"https:\/\/foretnature.be\/en\/resume-foret-mail\/trainee-for-change\/#primaryimage"},"image":{"@id":"https:\/\/foretnature.be\/en\/resume-foret-mail\/trainee-for-change\/#primaryimage"},"thumbnailUrl":"https:\/\/foretnature.be\/wp-content\/uploads\/2023\/07\/2474.jpg","datePublished":"2023-07-12T14:40:09+00:00","dateModified":"2023-07-19T08:32:09+00:00","breadcrumb":{"@id":"https:\/\/foretnature.be\/en\/resume-foret-mail\/trainee-for-change\/#breadcrumb"},"inLanguage":"en-GB","potentialAction":[{"@type":"ReadAction","target":["https:\/\/foretnature.be\/en\/resume-foret-mail\/trainee-for-change\/"]}]},{"@type":"ImageObject","inLanguage":"en-GB","@id":"https:\/\/foretnature.be\/en\/resume-foret-mail\/trainee-for-change\/#primaryimage","url":"https:\/\/foretnature.be\/wp-content\/uploads\/2023\/07\/2474.jpg","contentUrl":"https:\/\/foretnature.be\/wp-content\/uploads\/2023\/07\/2474.jpg","width":900,"height":675},{"@type":"BreadcrumbList","@id":"https:\/\/foretnature.be\/en\/resume-foret-mail\/trainee-for-change\/#breadcrumb","itemListElement":[{"@type":"ListItem","position":1,"name":"Home","item":"https:\/\/foretnature.be\/"},{"@type":"ListItem","position":2,"name":"TraineeForChange !"}]},{"@type":"WebSite","@id":"https:\/\/foretnature.be\/#website","url":"https:\/\/foretnature.be\/","name":"For\u00eat.Nature","description":"Une \u00e9quipe technique au service de la for\u00eat","publisher":{"@id":"https:\/\/foretnature.be\/#organization"},"potentialAction":[{"@type":"SearchAction","target":{"@type":"EntryPoint","urlTemplate":"https:\/\/foretnature.be\/?s={search_term_string}"},"query-input":"required name=search_term_string"}],"inLanguage":"en-GB"},{"@type":"Organization","@id":"https:\/\/foretnature.be\/#organization","name":"For\u00eat.Nature","url":"https:\/\/foretnature.be\/","logo":{"@type":"ImageObject","inLanguage":"en-GB","@id":"https:\/\/foretnature.be\/#\/schema\/logo\/image\/","url":"https:\/\/foretnature.be\/wp-content\/uploads\/2021\/01\/logoFOblanc.png","contentUrl":"https:\/\/foretnature.be\/wp-content\/uploads\/2021\/01\/logoFOblanc.png","width":300,"height":151,"caption":"For\u00eat.Nature"},"image":{"@id":"https:\/\/foretnature.be\/#\/schema\/logo\/image\/"}}]}},"_links":{"self":[{"href":"https:\/\/foretnature.be\/en\/wp-json\/wp\/v2\/resume-foret-mail\/39747"}],"collection":[{"href":"https:\/\/foretnature.be\/en\/wp-json\/wp\/v2\/resume-foret-mail"}],"about":[{"href":"https:\/\/foretnature.be\/en\/wp-json\/wp\/v2\/types\/resume-foret-mail"}],"version-history":[{"count":5,"href":"https:\/\/foretnature.be\/en\/wp-json\/wp\/v2\/resume-foret-mail\/39747\/revisions"}],"predecessor-version":[{"id":39764,"href":"https:\/\/foretnature.be\/en\/wp-json\/wp\/v2\/resume-foret-mail\/39747\/revisions\/39764"}],"wp:featuredmedia":[{"embeddable":true,"href":"https:\/\/foretnature.be\/en\/wp-json\/wp\/v2\/media\/39725"}],"wp:attachment":[{"href":"https:\/\/foretnature.be\/en\/wp-json\/wp\/v2\/media?parent=39747"}],"wp:term":[{"taxonomy":"category","embeddable":true,"href":"https:\/\/foretnature.be\/en\/wp-json\/wp\/v2\/categories?post=39747"}],"curies":[{"name":"wp","href":"https:\/\/api.w.org\/{rel}","templated":true}]}}

<p>La semaine du 26 au 30 juin 2023, 45 étudiants forestiers ou récents alumni ont participé à la toute première édition du TraineeForChange : une semaine de formation gratuite en résidentiel sur le territoire du Parc naturel des Sources pour découvrir la sylviculture mélangée à couvert continu (SMCC) et partager avec d’autres étudiants et alumni leur passion pour la forêt.</p>
<p>TraineeForChange, c’est un projet européen qui consiste en un parcours intensif de 5 jours de formation en forêt à la rencontres de nombreux acteurs du secteur. L’objectif ? Ouvrir les esprits, cultiver son esprit critique pour devenir acteur de changement en matière de gestion forestière. Pourquoi ? Pour s’adapter aux enjeux du réchauffement climatique avec la boîte à outils que constitue la SMCC.</p>
<p>Pendant ces 5 jours, le TraineeForChange a permis aux participants de :<br />
• Bénéficier de modules d’initiation à la sylviculture mélangée à couvert continu<br />
• Rencontrer un panel d’acteurs forestiers et d’échanger sur leurs rôles et actions<br />
• Réfléchir collectivement aux enjeux globaux de la forêt et de la nature<br />
• Aboutir à une charte d’engagement professionnel</p>

<p>La semaine du 26 au 30 juin 2023, 45 étudiants forestiers ou récents alumni ont participé à la toute première édition du TraineeForChange : une semaine de formation gratuite en résidentiel sur le territoire du Parc naturel des Sources pour découvrir la sylviculture mélangée à couvert continu (SMCC) et partager avec d’autres étudiants et alumni [&hellip;]</p>

<!-- This site is optimized with the Yoast SEO plugin v23.2 - https://yoast.com/wordpress/plugins/seo/ -->
<title>TraineeForChange ! - Forêt.Nature</title>
<meta name="robots" content="index, follow, max-snippet:-1, max-image-preview:large, max-video-preview:-1" />
<link rel="canonical" href="https://foretnature.be/en/resume-foret-mail/trainee-for-change/" />
<meta property="og:locale" content="en_GB" />
<meta property="og:type" content="article" />
<meta property="og:title" content="TraineeForChange ! - Forêt.Nature" />
<meta property="og:description" content="La semaine du 26 au 30 juin 2023, 45 étudiants forestiers ou récents alumni ont participé à la toute première édition du TraineeForChange : une semaine de formation gratuite en résidentiel sur le territoire du Parc naturel des Sources pour découvrir la sylviculture mélangée à couvert continu (SMCC) et partager avec d’autres étudiants et alumni [&hellip;]" />
<meta property="og:url" content="https://foretnature.be/en/resume-foret-mail/trainee-for-change/" />
<meta property="og:site_name" content="Forêt.Nature" />
<meta property="article:modified_time" content="2023-07-19T08:32:09+00:00" />
<meta property="og:image" content="https://foretnature.be/wp-content/uploads/2023/07/2474.jpg" />
	<meta property="og:image:width" content="900" />
	<meta property="og:image:height" content="675" />
	<meta property="og:image:type" content="image/jpeg" />
<meta name="twitter:card" content="summary_large_image" />
<meta name="twitter:label1" content="Estimated reading time" />
	<meta name="twitter:data1" content="1 minute" />
<script type="application/ld+json" class="yoast-schema-graph">{"@context":"https://schema.org","@graph":[{"@type":"WebPage","@id":"https://foretnature.be/en/resume-foret-mail/trainee-for-change/","url":"https://foretnature.be/en/resume-foret-mail/trainee-for-change/","name":"TraineeForChange ! - Forêt.Nature","isPartOf":{"@id":"https://foretnature.be/#website"},"primaryImageOfPage":{"@id":"https://foretnature.be/en/resume-foret-mail/trainee-for-change/#primaryimage"},"image":{"@id":"https://foretnature.be/en/resume-foret-mail/trainee-for-change/#primaryimage"},"thumbnailUrl":"https://foretnature.be/wp-content/uploads/2023/07/2474.jpg","datePublished":"2023-07-12T14:40:09+00:00","dateModified":"2023-07-19T08:32:09+00:00","breadcrumb":{"@id":"https://foretnature.be/en/resume-foret-mail/trainee-for-change/#breadcrumb"},"inLanguage":"en-GB","potentialAction":[{"@type":"ReadAction","target":["https://foretnature.be/en/resume-foret-mail/trainee-for-change/"]}]},{"@type":"ImageObject","inLanguage":"en-GB","@id":"https://foretnature.be/en/resume-foret-mail/trainee-for-change/#primaryimage","url":"https://foretnature.be/wp-content/uploads/2023/07/2474.jpg","contentUrl":"https://foretnature.be/wp-content/uploads/2023/07/2474.jpg","width":900,"height":675},{"@type":"BreadcrumbList","@id":"https://foretnature.be/en/resume-foret-mail/trainee-for-change/#breadcrumb","itemListElement":[{"@type":"ListItem","position":1,"name":"Home","item":"https://foretnature.be/"},{"@type":"ListItem","position":2,"name":"TraineeForChange !"}]},{"@type":"WebSite","@id":"https://foretnature.be/#website","url":"https://foretnature.be/","name":"Forêt.Nature","description":"Une équipe technique au service de la forêt","publisher":{"@id":"https://foretnature.be/#organization"},"potentialAction":[{"@type":"SearchAction","target":{"@type":"EntryPoint","urlTemplate":"https://foretnature.be/?s={search_term_string}"},"query-input":"required name=search_term_string"}],"inLanguage":"en-GB"},{"@type":"Organization","@id":"https://foretnature.be/#organization","name":"Forêt.Nature","url":"https://foretnature.be/","logo":{"@type":"ImageObject","inLanguage":"en-GB","@id":"https://foretnature.be/#/schema/logo/image/","url":"https://foretnature.be/wp-content/uploads/2021/01/logoFOblanc.png","contentUrl":"https://foretnature.be/wp-content/uploads/2021/01/logoFOblanc.png","width":300,"height":151,"caption":"Forêt.Nature"},"image":{"@id":"https://foretnature.be/#/schema/logo/image/"}}]}</script>
<!-- / Yoast SEO plugin. -->

TraineeForChange ! - Forêt.Nature

La semaine du 26 au 30 juin 2023, 45 étudiants forestiers ou récents alumni ont participé à la toute première édition du TraineeForChange : une semaine de formation gratuite en résidentiel sur le territoire du Parc naturel des Sources pour découvrir la sylviculture mélangée à couvert continu (SMCC) et partager avec d’autres étudiants et alumni [&hellip;]

Forêt.Nature

Une équipe technique au service de la forêt
