{"id":37385,"date":"2022-09-15T10:18:04","date_gmt":"2022-09-15T08:18:04","guid":{"rendered":"https:\/\/foretnature.be\/?post_type=resume-foret-mail&#038;p=37385"},"modified":"2022-09-15T10:18:04","modified_gmt":"2022-09-15T08:18:04","slug":"encore-un-ete-sous-tension-pour-la-sante-des-forets","status":"publish","type":"resume-foret-mail","link":"https:\/\/foretnature.be\/en\/resume-foret-mail\/encore-un-ete-sous-tension-pour-la-sante-des-forets\/","title":{"rendered":"Encore un \u00e9t\u00e9 sous tension pour la sant\u00e9 des for\u00eats"},"content":{"rendered":"<p>L\u2019Observatoire wallon de la sant\u00e9 des for\u00eats fournit les derni\u00e8res actualit\u00e9s phytosanitaires des for\u00eats. D\u2019un point de vue climatique, cet \u00e9t\u00e9 a \u00e9t\u00e9 marqu\u00e9 par des jours chauds et secs depuis la fin du mois de juin. \u00c0 cela s\u2019est ajout\u00e9e une vague de chaleur importante qui a dur\u00e9 plus d\u2019une semaine.<\/p>\n<p>Les \u00e9pic\u00e9as ont concentr\u00e9 tous les regards ces derniers mois, mais cette ann\u00e9e pas uniquement en raison des attaques de scolytes. En effet, d\u00e8s le printemps, des peuplements ont montr\u00e9 des signes de faiblesse avec des arbres \u00e0 la teinte jaune ou brune. Le responsable n\u2019est pas le scolyte, mais il s\u2019agit du puceron vert qui pique les aiguilles. Ces derni\u00e8res s\u2019affaiblissent et finissent par tomber, laissant des arbres \u00e0 l\u2019aspect tr\u00e8s clair. Bien que les cons\u00e9quences soient souvent limit\u00e9es, ce stress s\u2019ajoute \u00e0 la s\u00e9cheresse et augmente le risque d\u2019attaque de scolytes.<\/p>\n<p>Du c\u00f4t\u00e9 du typographe ou du scolyte justement, les conditions de 2022 ont \u00e9t\u00e9 propices \u00e0 son d\u00e9veloppement et les attaques de puceron vert ainsi que la s\u00e9cheresse font porter un risque important sur les peuplements. Jusqu\u2019\u00e0 pr\u00e9sent les attaques restent tr\u00e8s discr\u00e8tes, mais il est important de poursuivre la surveillance afin de limiter les risques pour 2023.<\/p>\n<p>Enfin, une note d\u2019espoir subsiste pour le fr\u00eane. Quelques sujets r\u00e9sistants \u00e0 la chalarose ont \u00e9t\u00e9 rep\u00e9r\u00e9s et semblent se maintenir en bon \u00e9tat. Si cela se confirme, cette d\u00e9couverte laisse entrevoir de futures opportunit\u00e9s pour cette essence.<\/p>","protected":false},"excerpt":{"rendered":"<p>L\u2019Observatoire wallon de la sant\u00e9 des for\u00eats fournit les derni\u00e8res actualit\u00e9s phytosanitaires des for\u00eats. D\u2019un point de vue climatique, cet \u00e9t\u00e9 a \u00e9t\u00e9 marqu\u00e9 par des jours chauds et secs depuis la fin du mois de juin. \u00c0 cela s\u2019est ajout\u00e9e une vague de chaleur importante qui a dur\u00e9 plus d\u2019une semaine. Les \u00e9pic\u00e9as ont [&hellip;]<\/p>","protected":false},"featured_media":37361,"template":"","categories":[50],"acf":[],"yoast_head":"<!-- This site is optimized with the Yoast SEO plugin v23.2 - https:\/\/yoast.com\/wordpress\/plugins\/seo\/ -->\n<title>Encore un \u00e9t\u00e9 sous tension pour la sant\u00e9 des for\u00eats - For\u00eat.Nature<\/title>\n<meta name=\"robots\" content=\"index, follow, max-snippet:-1, max-image-preview:large, max-video-preview:-1\" \/>\n<link rel=\"canonical\" href=\"https:\/\/foretnature.be\/en\/resume-foret-mail\/encore-un-ete-sous-tension-pour-la-sante-des-forets\/\" \/>\n<meta property=\"og:locale\" content=\"en_GB\" \/>\n<meta property=\"og:type\" content=\"article\" \/>\n<meta property=\"og:title\" content=\"Encore un \u00e9t\u00e9 sous tension pour la sant\u00e9 des for\u00eats - For\u00eat.Nature\" \/>\n<meta property=\"og:description\" content=\"L\u2019Observatoire wallon de la sant\u00e9 des for\u00eats fournit les derni\u00e8res actualit\u00e9s phytosanitaires des for\u00eats. D\u2019un point de vue climatique, cet \u00e9t\u00e9 a \u00e9t\u00e9 marqu\u00e9 par des jours chauds et secs depuis la fin du mois de juin. \u00c0 cela s\u2019est ajout\u00e9e une vague de chaleur importante qui a dur\u00e9 plus d\u2019une semaine. Les \u00e9pic\u00e9as ont [&hellip;]\" \/>\n<meta property=\"og:url\" content=\"https:\/\/foretnature.be\/en\/resume-foret-mail\/encore-un-ete-sous-tension-pour-la-sante-des-forets\/\" \/>\n<meta property=\"og:site_name\" content=\"For\u00eat.Nature\" \/>\n<meta property=\"og:image\" content=\"https:\/\/foretnature.be\/wp-content\/uploads\/2022\/09\/e566b208ebb9c887f69395fdcc30b3ac7f2925f6c5538675883528d2f160dfe1.jpeg\" \/>\n\t<meta property=\"og:image:width\" content=\"900\" \/>\n\t<meta property=\"og:image:height\" content=\"600\" \/>\n\t<meta property=\"og:image:type\" content=\"image\/jpeg\" \/>\n<meta name=\"twitter:card\" content=\"summary_large_image\" \/>\n<meta name=\"twitter:label1\" content=\"Estimated reading time\" \/>\n\t<meta name=\"twitter:data1\" content=\"2 minutes\" \/>\n<script type=\"application\/ld+json\" class=\"yoast-schema-graph\">{\"@context\":\"https:\/\/schema.org\",\"@graph\":[{\"@type\":\"WebPage\",\"@id\":\"https:\/\/foretnature.be\/en\/resume-foret-mail\/encore-un-ete-sous-tension-pour-la-sante-des-forets\/\",\"url\":\"https:\/\/foretnature.be\/en\/resume-foret-mail\/encore-un-ete-sous-tension-pour-la-sante-des-forets\/\",\"name\":\"Encore un \u00e9t\u00e9 sous tension pour la sant\u00e9 des for\u00eats - For\u00eat.Nature\",\"isPartOf\":{\"@id\":\"https:\/\/foretnature.be\/#website\"},\"primaryImageOfPage\":{\"@id\":\"https:\/\/foretnature.be\/en\/resume-foret-mail\/encore-un-ete-sous-tension-pour-la-sante-des-forets\/#primaryimage\"},\"image\":{\"@id\":\"https:\/\/foretnature.be\/en\/resume-foret-mail\/encore-un-ete-sous-tension-pour-la-sante-des-forets\/#primaryimage\"},\"thumbnailUrl\":\"https:\/\/foretnature.be\/wp-content\/uploads\/2022\/09\/e566b208ebb9c887f69395fdcc30b3ac7f2925f6c5538675883528d2f160dfe1.jpeg\",\"datePublished\":\"2022-09-15T08:18:04+00:00\",\"dateModified\":\"2022-09-15T08:18:04+00:00\",\"breadcrumb\":{\"@id\":\"https:\/\/foretnature.be\/en\/resume-foret-mail\/encore-un-ete-sous-tension-pour-la-sante-des-forets\/#breadcrumb\"},\"inLanguage\":\"en-GB\",\"potentialAction\":[{\"@type\":\"ReadAction\",\"target\":[\"https:\/\/foretnature.be\/en\/resume-foret-mail\/encore-un-ete-sous-tension-pour-la-sante-des-forets\/\"]}]},{\"@type\":\"ImageObject\",\"inLanguage\":\"en-GB\",\"@id\":\"https:\/\/foretnature.be\/en\/resume-foret-mail\/encore-un-ete-sous-tension-pour-la-sante-des-forets\/#primaryimage\",\"url\":\"https:\/\/foretnature.be\/wp-content\/uploads\/2022\/09\/e566b208ebb9c887f69395fdcc30b3ac7f2925f6c5538675883528d2f160dfe1.jpeg\",\"contentUrl\":\"https:\/\/foretnature.be\/wp-content\/uploads\/2022\/09\/e566b208ebb9c887f69395fdcc30b3ac7f2925f6c5538675883528d2f160dfe1.jpeg\",\"width\":900,\"height\":600},{\"@type\":\"BreadcrumbList\",\"@id\":\"https:\/\/foretnature.be\/en\/resume-foret-mail\/encore-un-ete-sous-tension-pour-la-sante-des-forets\/#breadcrumb\",\"itemListElement\":[{\"@type\":\"ListItem\",\"position\":1,\"name\":\"Home\",\"item\":\"https:\/\/foretnature.be\/\"},{\"@type\":\"ListItem\",\"position\":2,\"name\":\"Encore un \u00e9t\u00e9 sous tension pour la sant\u00e9 des for\u00eats\"}]},{\"@type\":\"WebSite\",\"@id\":\"https:\/\/foretnature.be\/#website\",\"url\":\"https:\/\/foretnature.be\/\",\"name\":\"For\u00eat.Nature\",\"description\":\"Une \u00e9quipe technique au service de la for\u00eat\",\"publisher\":{\"@id\":\"https:\/\/foretnature.be\/#organization\"},\"potentialAction\":[{\"@type\":\"SearchAction\",\"target\":{\"@type\":\"EntryPoint\",\"urlTemplate\":\"https:\/\/foretnature.be\/?s={search_term_string}\"},\"query-input\":\"required name=search_term_string\"}],\"inLanguage\":\"en-GB\"},{\"@type\":\"Organization\",\"@id\":\"https:\/\/foretnature.be\/#organization\",\"name\":\"For\u00eat.Nature\",\"url\":\"https:\/\/foretnature.be\/\",\"logo\":{\"@type\":\"ImageObject\",\"inLanguage\":\"en-GB\",\"@id\":\"https:\/\/foretnature.be\/#\/schema\/logo\/image\/\",\"url\":\"https:\/\/foretnature.be\/wp-content\/uploads\/2021\/01\/logoFOblanc.png\",\"contentUrl\":\"https:\/\/foretnature.be\/wp-content\/uploads\/2021\/01\/logoFOblanc.png\",\"width\":300,\"height\":151,\"caption\":\"For\u00eat.Nature\"},\"image\":{\"@id\":\"https:\/\/foretnature.be\/#\/schema\/logo\/image\/\"}}]}<\/script>\n<!-- \/ Yoast SEO plugin. -->","yoast_head_json":{"title":"Encore un \u00e9t\u00e9 sous tension pour la sant\u00e9 des for\u00eats - For\u00eat.Nature","robots":{"index":"index","follow":"follow","max-snippet":"max-snippet:-1","max-image-preview":"max-image-preview:large","max-video-preview":"max-video-preview:-1"},"canonical":"https:\/\/foretnature.be\/en\/resume-foret-mail\/encore-un-ete-sous-tension-pour-la-sante-des-forets\/","og_locale":"en_GB","og_type":"article","og_title":"Encore un \u00e9t\u00e9 sous tension pour la sant\u00e9 des for\u00eats - For\u00eat.Nature","og_description":"L\u2019Observatoire wallon de la sant\u00e9 des for\u00eats fournit les derni\u00e8res actualit\u00e9s phytosanitaires des for\u00eats. D\u2019un point de vue climatique, cet \u00e9t\u00e9 a \u00e9t\u00e9 marqu\u00e9 par des jours chauds et secs depuis la fin du mois de juin. \u00c0 cela s\u2019est ajout\u00e9e une vague de chaleur importante qui a dur\u00e9 plus d\u2019une semaine. Les \u00e9pic\u00e9as ont [&hellip;]","og_url":"https:\/\/foretnature.be\/en\/resume-foret-mail\/encore-un-ete-sous-tension-pour-la-sante-des-forets\/","og_site_name":"For\u00eat.Nature","og_image":[{"width":900,"height":600,"url":"https:\/\/foretnature.be\/wp-content\/uploads\/2022\/09\/e566b208ebb9c887f69395fdcc30b3ac7f2925f6c5538675883528d2f160dfe1.jpeg","type":"image\/jpeg"}],"twitter_card":"summary_large_image","twitter_misc":{"Estimated reading time":"2 minutes"},"schema":{"@context":"https:\/\/schema.org","@graph":[{"@type":"WebPage","@id":"https:\/\/foretnature.be\/en\/resume-foret-mail\/encore-un-ete-sous-tension-pour-la-sante-des-forets\/","url":"https:\/\/foretnature.be\/en\/resume-foret-mail\/encore-un-ete-sous-tension-pour-la-sante-des-forets\/","name":"Encore un \u00e9t\u00e9 sous tension pour la sant\u00e9 des for\u00eats - For\u00eat.Nature","isPartOf":{"@id":"https:\/\/foretnature.be\/#website"},"primaryImageOfPage":{"@id":"https:\/\/foretnature.be\/en\/resume-foret-mail\/encore-un-ete-sous-tension-pour-la-sante-des-forets\/#primaryimage"},"image":{"@id":"https:\/\/foretnature.be\/en\/resume-foret-mail\/encore-un-ete-sous-tension-pour-la-sante-des-forets\/#primaryimage"},"thumbnailUrl":"https:\/\/foretnature.be\/wp-content\/uploads\/2022\/09\/e566b208ebb9c887f69395fdcc30b3ac7f2925f6c5538675883528d2f160dfe1.jpeg","datePublished":"2022-09-15T08:18:04+00:00","dateModified":"2022-09-15T08:18:04+00:00","breadcrumb":{"@id":"https:\/\/foretnature.be\/en\/resume-foret-mail\/encore-un-ete-sous-tension-pour-la-sante-des-forets\/#breadcrumb"},"inLanguage":"en-GB","potentialAction":[{"@type":"ReadAction","target":["https:\/\/foretnature.be\/en\/resume-foret-mail\/encore-un-ete-sous-tension-pour-la-sante-des-forets\/"]}]},{"@type":"ImageObject","inLanguage":"en-GB","@id":"https:\/\/foretnature.be\/en\/resume-foret-mail\/encore-un-ete-sous-tension-pour-la-sante-des-forets\/#primaryimage","url":"https:\/\/foretnature.be\/wp-content\/uploads\/2022\/09\/e566b208ebb9c887f69395fdcc30b3ac7f2925f6c5538675883528d2f160dfe1.jpeg","contentUrl":"https:\/\/foretnature.be\/wp-content\/uploads\/2022\/09\/e566b208ebb9c887f69395fdcc30b3ac7f2925f6c5538675883528d2f160dfe1.jpeg","width":900,"height":600},{"@type":"BreadcrumbList","@id":"https:\/\/foretnature.be\/en\/resume-foret-mail\/encore-un-ete-sous-tension-pour-la-sante-des-forets\/#breadcrumb","itemListElement":[{"@type":"ListItem","position":1,"name":"Home","item":"https:\/\/foretnature.be\/"},{"@type":"ListItem","position":2,"name":"Encore un \u00e9t\u00e9 sous tension pour la sant\u00e9 des for\u00eats"}]},{"@type":"WebSite","@id":"https:\/\/foretnature.be\/#website","url":"https:\/\/foretnature.be\/","name":"For\u00eat.Nature","description":"Une \u00e9quipe technique au service de la for\u00eat","publisher":{"@id":"https:\/\/foretnature.be\/#organization"},"potentialAction":[{"@type":"SearchAction","target":{"@type":"EntryPoint","urlTemplate":"https:\/\/foretnature.be\/?s={search_term_string}"},"query-input":"required name=search_term_string"}],"inLanguage":"en-GB"},{"@type":"Organization","@id":"https:\/\/foretnature.be\/#organization","name":"For\u00eat.Nature","url":"https:\/\/foretnature.be\/","logo":{"@type":"ImageObject","inLanguage":"en-GB","@id":"https:\/\/foretnature.be\/#\/schema\/logo\/image\/","url":"https:\/\/foretnature.be\/wp-content\/uploads\/2021\/01\/logoFOblanc.png","contentUrl":"https:\/\/foretnature.be\/wp-content\/uploads\/2021\/01\/logoFOblanc.png","width":300,"height":151,"caption":"For\u00eat.Nature"},"image":{"@id":"https:\/\/foretnature.be\/#\/schema\/logo\/image\/"}}]}},"_links":{"self":[{"href":"https:\/\/foretnature.be\/en\/wp-json\/wp\/v2\/resume-foret-mail\/37385"}],"collection":[{"href":"https:\/\/foretnature.be\/en\/wp-json\/wp\/v2\/resume-foret-mail"}],"about":[{"href":"https:\/\/foretnature.be\/en\/wp-json\/wp\/v2\/types\/resume-foret-mail"}],"version-history":[{"count":1,"href":"https:\/\/foretnature.be\/en\/wp-json\/wp\/v2\/resume-foret-mail\/37385\/revisions"}],"predecessor-version":[{"id":37386,"href":"https:\/\/foretnature.be\/en\/wp-json\/wp\/v2\/resume-foret-mail\/37385\/revisions\/37386"}],"wp:featuredmedia":[{"embeddable":true,"href":"https:\/\/foretnature.be\/en\/wp-json\/wp\/v2\/media\/37361"}],"wp:attachment":[{"href":"https:\/\/foretnature.be\/en\/wp-json\/wp\/v2\/media?parent=37385"}],"wp:term":[{"taxonomy":"category","embeddable":true,"href":"https:\/\/foretnature.be\/en\/wp-json\/wp\/v2\/categories?post=37385"}],"curies":[{"name":"wp","href":"https:\/\/api.w.org\/{rel}","templated":true}]}}

Encore un été sous tension pour la santé des forêts

<p>L’Observatoire wallon de la santé des forêts fournit les dernières actualités phytosanitaires des forêts. D’un point de vue climatique, cet été a été marqué par des jours chauds et secs depuis la fin du mois de juin. À cela s’est ajoutée une vague de chaleur importante qui a duré plus d’une semaine.</p>
<p>Les épicéas ont concentré tous les regards ces derniers mois, mais cette année pas uniquement en raison des attaques de scolytes. En effet, dès le printemps, des peuplements ont montré des signes de faiblesse avec des arbres à la teinte jaune ou brune. Le responsable n’est pas le scolyte, mais il s’agit du puceron vert qui pique les aiguilles. Ces dernières s’affaiblissent et finissent par tomber, laissant des arbres à l’aspect très clair. Bien que les conséquences soient souvent limitées, ce stress s’ajoute à la sécheresse et augmente le risque d’attaque de scolytes.</p>
<p>Du côté du typographe ou du scolyte justement, les conditions de 2022 ont été propices à son développement et les attaques de puceron vert ainsi que la sécheresse font porter un risque important sur les peuplements. Jusqu’à présent les attaques restent très discrètes, mais il est important de poursuivre la surveillance afin de limiter les risques pour 2023.</p>
<p>Enfin, une note d’espoir subsiste pour le frêne. Quelques sujets résistants à la chalarose ont été repérés et semblent se maintenir en bon état. Si cela se confirme, cette découverte laisse entrevoir de futures opportunités pour cette essence.</p>

<p>L’Observatoire wallon de la santé des forêts fournit les dernières actualités phytosanitaires des forêts. D’un point de vue climatique, cet été a été marqué par des jours chauds et secs depuis la fin du mois de juin. À cela s’est ajoutée une vague de chaleur importante qui a duré plus d’une semaine. Les épicéas ont [&hellip;]</p>

<!-- This site is optimized with the Yoast SEO plugin v23.2 - https://yoast.com/wordpress/plugins/seo/ -->
<title>Encore un été sous tension pour la santé des forêts - Forêt.Nature</title>
<meta name="robots" content="index, follow, max-snippet:-1, max-image-preview:large, max-video-preview:-1" />
<link rel="canonical" href="https://foretnature.be/en/resume-foret-mail/encore-un-ete-sous-tension-pour-la-sante-des-forets/" />
<meta property="og:locale" content="en_GB" />
<meta property="og:type" content="article" />
<meta property="og:title" content="Encore un été sous tension pour la santé des forêts - Forêt.Nature" />
<meta property="og:description" content="L’Observatoire wallon de la santé des forêts fournit les dernières actualités phytosanitaires des forêts. D’un point de vue climatique, cet été a été marqué par des jours chauds et secs depuis la fin du mois de juin. À cela s’est ajoutée une vague de chaleur importante qui a duré plus d’une semaine. Les épicéas ont [&hellip;]" />
<meta property="og:url" content="https://foretnature.be/en/resume-foret-mail/encore-un-ete-sous-tension-pour-la-sante-des-forets/" />
<meta property="og:site_name" content="Forêt.Nature" />
<meta property="og:image" content="https://foretnature.be/wp-content/uploads/2022/09/e566b208ebb9c887f69395fdcc30b3ac7f2925f6c5538675883528d2f160dfe1.jpeg" />
	<meta property="og:image:width" content="900" />
	<meta property="og:image:height" content="600" />
	<meta property="og:image:type" content="image/jpeg" />
<meta name="twitter:card" content="summary_large_image" />
<meta name="twitter:label1" content="Estimated reading time" />
	<meta name="twitter:data1" content="2 minutes" />
<script type="application/ld+json" class="yoast-schema-graph">{"@context":"https://schema.org","@graph":[{"@type":"WebPage","@id":"https://foretnature.be/en/resume-foret-mail/encore-un-ete-sous-tension-pour-la-sante-des-forets/","url":"https://foretnature.be/en/resume-foret-mail/encore-un-ete-sous-tension-pour-la-sante-des-forets/","name":"Encore un été sous tension pour la santé des forêts - Forêt.Nature","isPartOf":{"@id":"https://foretnature.be/#website"},"primaryImageOfPage":{"@id":"https://foretnature.be/en/resume-foret-mail/encore-un-ete-sous-tension-pour-la-sante-des-forets/#primaryimage"},"image":{"@id":"https://foretnature.be/en/resume-foret-mail/encore-un-ete-sous-tension-pour-la-sante-des-forets/#primaryimage"},"thumbnailUrl":"https://foretnature.be/wp-content/uploads/2022/09/e566b208ebb9c887f69395fdcc30b3ac7f2925f6c5538675883528d2f160dfe1.jpeg","datePublished":"2022-09-15T08:18:04+00:00","dateModified":"2022-09-15T08:18:04+00:00","breadcrumb":{"@id":"https://foretnature.be/en/resume-foret-mail/encore-un-ete-sous-tension-pour-la-sante-des-forets/#breadcrumb"},"inLanguage":"en-GB","potentialAction":[{"@type":"ReadAction","target":["https://foretnature.be/en/resume-foret-mail/encore-un-ete-sous-tension-pour-la-sante-des-forets/"]}]},{"@type":"ImageObject","inLanguage":"en-GB","@id":"https://foretnature.be/en/resume-foret-mail/encore-un-ete-sous-tension-pour-la-sante-des-forets/#primaryimage","url":"https://foretnature.be/wp-content/uploads/2022/09/e566b208ebb9c887f69395fdcc30b3ac7f2925f6c5538675883528d2f160dfe1.jpeg","contentUrl":"https://foretnature.be/wp-content/uploads/2022/09/e566b208ebb9c887f69395fdcc30b3ac7f2925f6c5538675883528d2f160dfe1.jpeg","width":900,"height":600},{"@type":"BreadcrumbList","@id":"https://foretnature.be/en/resume-foret-mail/encore-un-ete-sous-tension-pour-la-sante-des-forets/#breadcrumb","itemListElement":[{"@type":"ListItem","position":1,"name":"Home","item":"https://foretnature.be/"},{"@type":"ListItem","position":2,"name":"Encore un été sous tension pour la santé des forêts"}]},{"@type":"WebSite","@id":"https://foretnature.be/#website","url":"https://foretnature.be/","name":"Forêt.Nature","description":"Une équipe technique au service de la forêt","publisher":{"@id":"https://foretnature.be/#organization"},"potentialAction":[{"@type":"SearchAction","target":{"@type":"EntryPoint","urlTemplate":"https://foretnature.be/?s={search_term_string}"},"query-input":"required name=search_term_string"}],"inLanguage":"en-GB"},{"@type":"Organization","@id":"https://foretnature.be/#organization","name":"Forêt.Nature","url":"https://foretnature.be/","logo":{"@type":"ImageObject","inLanguage":"en-GB","@id":"https://foretnature.be/#/schema/logo/image/","url":"https://foretnature.be/wp-content/uploads/2021/01/logoFOblanc.png","contentUrl":"https://foretnature.be/wp-content/uploads/2021/01/logoFOblanc.png","width":300,"height":151,"caption":"Forêt.Nature"},"image":{"@id":"https://foretnature.be/#/schema/logo/image/"}}]}</script>
<!-- / Yoast SEO plugin. -->

Encore un été sous tension pour la santé des forêts - Forêt.Nature

L’Observatoire wallon de la santé des forêts fournit les dernières actualités phytosanitaires des forêts. D’un point de vue climatique, cet été a été marqué par des jours chauds et secs depuis la fin du mois de juin. À cela s’est ajoutée une vague de chaleur importante qui a duré plus d’une semaine. Les épicéas ont [&hellip;]

Forêt.Nature

Une équipe technique au service de la forêt
