{"id":37383,"date":"2022-09-15T10:15:50","date_gmt":"2022-09-15T08:15:50","guid":{"rendered":"https:\/\/foretnature.be\/?post_type=resume-foret-mail&#038;p=37383"},"modified":"2022-09-15T10:15:50","modified_gmt":"2022-09-15T08:15:50","slug":"inventorihaie-booster-la-recolte-de-graines-pour-les-haies","status":"publish","type":"resume-foret-mail","link":"https:\/\/foretnature.be\/en\/resume-foret-mail\/inventorihaie-booster-la-recolte-de-graines-pour-les-haies\/","title":{"rendered":"Inventori\u2019haie : booster la r\u00e9colte de graines pour les haies  \u00ad"},"content":{"rendered":"<p>Depuis quelques ann\u00e9es, les plantations d\u2019arbres et arbustes hors for\u00eat vont bon train en Wallonie, stimul\u00e9es par le projet \u00ab Yes we plant \u00bb de la Ministre de l\u2019environnement C\u00e9line Tellier, mais \u00e9galement par les nombreuses initiatives locales et citoyennes. En effet, plus les changements environnementaux (notamment li\u00e9s aux changements climatiques) se font sentir, plus l\u2019arbre et les services \u00e9cosyst\u00e9miques qu\u2019il rend semblent importants.<\/p>\n<p>Malheureusement, face \u00e0 cet engouement, l\u2019approvisionnement en plants peine \u00e0 suivre. Cela s\u2019explique, entre autres, par le fait que la r\u00e9colte des graines n\u00e9cessaires pour faire pousser les plants est difficile, notamment parce que la ressource est tr\u00e8s dispers\u00e9e sur le territoire.<\/p>\n<p>Face \u00e0 cette difficult\u00e9, l\u2019AWAF, le Centre de Michamps et le Comptoir Forestier du SPW lancent un projet qui ambitionne d\u2019identifier un grand nombres de semenciers potentiels hors for\u00eat (haies, arbres isol\u00e9es\u2026) d\u2019esp\u00e8ces ligneuses indig\u00e8nes : l\u2019action \u00ab Inventori\u2019haie \u00bb.<\/p>\n<p>Cette action a pour but de permettre \u00e0 tous les naturalistes exp\u00e9riment\u00e9s ou d\u00e9butants, marcheurs, coureurs, amoureux de la nature ou de leur territoire de signaler les zones qu\u2019ils consid\u00e8rent int\u00e9ressantes d\u2019un point de vue de la production de graines. Cette signalisation se fait en ligne sur le site observations.be. Par le biais de ce site, toute personne d\u00e9sireuse d\u2019apporter sa contribution \u00e0 la sauvegarde des haies et de la biodiversit\u00e9 qui y est associ\u00e9e pourra signaler g\u00e9ographiquement des zones d\u2019int\u00e9r\u00eat et fournir quelques informations importantes (esp\u00e8ces pr\u00e9sentes, signes de taille\u2026) ainsi que des photos. Pour \u00eatre int\u00e9ressantes, les zones signal\u00e9es doivent respecter un certain nombre de crit\u00e8res (esp\u00e8ces indig\u00e8nes, formations (haies, buissons, lisi\u00e8res\u2026) anciennes et peu taill\u00e9es\u2026). Ils sont d\u00e9taill\u00e9s dans un court document disponible sur le site yesweplant.wallonie.be.<\/p>","protected":false},"excerpt":{"rendered":"<p>Depuis quelques ann\u00e9es, les plantations d\u2019arbres et arbustes hors for\u00eat vont bon train en Wallonie, stimul\u00e9es par le projet \u00ab Yes we plant \u00bb de la Ministre de l\u2019environnement C\u00e9line Tellier, mais \u00e9galement par les nombreuses initiatives locales et citoyennes. En effet, plus les changements environnementaux (notamment li\u00e9s aux changements climatiques) se font sentir, plus [&hellip;]<\/p>","protected":false},"featured_media":37357,"template":"","categories":[50],"acf":[],"yoast_head":"<!-- This site is optimized with the Yoast SEO plugin v23.2 - https:\/\/yoast.com\/wordpress\/plugins\/seo\/ -->\n<title>Inventori\u2019haie : booster la r\u00e9colte de graines pour les haies \u00ad - For\u00eat.Nature<\/title>\n<meta name=\"robots\" content=\"index, follow, max-snippet:-1, max-image-preview:large, max-video-preview:-1\" \/>\n<link rel=\"canonical\" href=\"https:\/\/foretnature.be\/en\/resume-foret-mail\/inventorihaie-booster-la-recolte-de-graines-pour-les-haies\/\" \/>\n<meta property=\"og:locale\" content=\"en_GB\" \/>\n<meta property=\"og:type\" content=\"article\" \/>\n<meta property=\"og:title\" content=\"Inventori\u2019haie : booster la r\u00e9colte de graines pour les haies \u00ad - For\u00eat.Nature\" \/>\n<meta property=\"og:description\" content=\"Depuis quelques ann\u00e9es, les plantations d\u2019arbres et arbustes hors for\u00eat vont bon train en Wallonie, stimul\u00e9es par le projet \u00ab Yes we plant \u00bb de la Ministre de l\u2019environnement C\u00e9line Tellier, mais \u00e9galement par les nombreuses initiatives locales et citoyennes. En effet, plus les changements environnementaux (notamment li\u00e9s aux changements climatiques) se font sentir, plus [&hellip;]\" \/>\n<meta property=\"og:url\" content=\"https:\/\/foretnature.be\/en\/resume-foret-mail\/inventorihaie-booster-la-recolte-de-graines-pour-les-haies\/\" \/>\n<meta property=\"og:site_name\" content=\"For\u00eat.Nature\" \/>\n<meta property=\"og:image\" content=\"https:\/\/foretnature.be\/wp-content\/uploads\/2022\/09\/9f2ffaef2fe239f202217b1c1dadf8ac08de556dcebc1bf361108342bcf5bf06.jpeg\" \/>\n\t<meta property=\"og:image:width\" content=\"900\" \/>\n\t<meta property=\"og:image:height\" content=\"601\" \/>\n\t<meta property=\"og:image:type\" content=\"image\/jpeg\" \/>\n<meta name=\"twitter:card\" content=\"summary_large_image\" \/>\n<meta name=\"twitter:label1\" content=\"Estimated reading time\" \/>\n\t<meta name=\"twitter:data1\" content=\"2 minutes\" \/>\n<script type=\"application\/ld+json\" class=\"yoast-schema-graph\">{\"@context\":\"https:\/\/schema.org\",\"@graph\":[{\"@type\":\"WebPage\",\"@id\":\"https:\/\/foretnature.be\/en\/resume-foret-mail\/inventorihaie-booster-la-recolte-de-graines-pour-les-haies\/\",\"url\":\"https:\/\/foretnature.be\/en\/resume-foret-mail\/inventorihaie-booster-la-recolte-de-graines-pour-les-haies\/\",\"name\":\"Inventori\u2019haie : booster la r\u00e9colte de graines pour les haies \u00ad - For\u00eat.Nature\",\"isPartOf\":{\"@id\":\"https:\/\/foretnature.be\/#website\"},\"primaryImageOfPage\":{\"@id\":\"https:\/\/foretnature.be\/en\/resume-foret-mail\/inventorihaie-booster-la-recolte-de-graines-pour-les-haies\/#primaryimage\"},\"image\":{\"@id\":\"https:\/\/foretnature.be\/en\/resume-foret-mail\/inventorihaie-booster-la-recolte-de-graines-pour-les-haies\/#primaryimage\"},\"thumbnailUrl\":\"https:\/\/foretnature.be\/wp-content\/uploads\/2022\/09\/9f2ffaef2fe239f202217b1c1dadf8ac08de556dcebc1bf361108342bcf5bf06.jpeg\",\"datePublished\":\"2022-09-15T08:15:50+00:00\",\"dateModified\":\"2022-09-15T08:15:50+00:00\",\"breadcrumb\":{\"@id\":\"https:\/\/foretnature.be\/en\/resume-foret-mail\/inventorihaie-booster-la-recolte-de-graines-pour-les-haies\/#breadcrumb\"},\"inLanguage\":\"en-GB\",\"potentialAction\":[{\"@type\":\"ReadAction\",\"target\":[\"https:\/\/foretnature.be\/en\/resume-foret-mail\/inventorihaie-booster-la-recolte-de-graines-pour-les-haies\/\"]}]},{\"@type\":\"ImageObject\",\"inLanguage\":\"en-GB\",\"@id\":\"https:\/\/foretnature.be\/en\/resume-foret-mail\/inventorihaie-booster-la-recolte-de-graines-pour-les-haies\/#primaryimage\",\"url\":\"https:\/\/foretnature.be\/wp-content\/uploads\/2022\/09\/9f2ffaef2fe239f202217b1c1dadf8ac08de556dcebc1bf361108342bcf5bf06.jpeg\",\"contentUrl\":\"https:\/\/foretnature.be\/wp-content\/uploads\/2022\/09\/9f2ffaef2fe239f202217b1c1dadf8ac08de556dcebc1bf361108342bcf5bf06.jpeg\",\"width\":900,\"height\":601},{\"@type\":\"BreadcrumbList\",\"@id\":\"https:\/\/foretnature.be\/en\/resume-foret-mail\/inventorihaie-booster-la-recolte-de-graines-pour-les-haies\/#breadcrumb\",\"itemListElement\":[{\"@type\":\"ListItem\",\"position\":1,\"name\":\"Home\",\"item\":\"https:\/\/foretnature.be\/\"},{\"@type\":\"ListItem\",\"position\":2,\"name\":\"Inventori\u2019haie : booster la r\u00e9colte de graines pour les haies \u00ad\"}]},{\"@type\":\"WebSite\",\"@id\":\"https:\/\/foretnature.be\/#website\",\"url\":\"https:\/\/foretnature.be\/\",\"name\":\"For\u00eat.Nature\",\"description\":\"Une \u00e9quipe technique au service de la for\u00eat\",\"publisher\":{\"@id\":\"https:\/\/foretnature.be\/#organization\"},\"potentialAction\":[{\"@type\":\"SearchAction\",\"target\":{\"@type\":\"EntryPoint\",\"urlTemplate\":\"https:\/\/foretnature.be\/?s={search_term_string}\"},\"query-input\":\"required name=search_term_string\"}],\"inLanguage\":\"en-GB\"},{\"@type\":\"Organization\",\"@id\":\"https:\/\/foretnature.be\/#organization\",\"name\":\"For\u00eat.Nature\",\"url\":\"https:\/\/foretnature.be\/\",\"logo\":{\"@type\":\"ImageObject\",\"inLanguage\":\"en-GB\",\"@id\":\"https:\/\/foretnature.be\/#\/schema\/logo\/image\/\",\"url\":\"https:\/\/foretnature.be\/wp-content\/uploads\/2021\/01\/logoFOblanc.png\",\"contentUrl\":\"https:\/\/foretnature.be\/wp-content\/uploads\/2021\/01\/logoFOblanc.png\",\"width\":300,\"height\":151,\"caption\":\"For\u00eat.Nature\"},\"image\":{\"@id\":\"https:\/\/foretnature.be\/#\/schema\/logo\/image\/\"}}]}<\/script>\n<!-- \/ Yoast SEO plugin. -->","yoast_head_json":{"title":"Inventori\u2019haie : booster la r\u00e9colte de graines pour les haies \u00ad - For\u00eat.Nature","robots":{"index":"index","follow":"follow","max-snippet":"max-snippet:-1","max-image-preview":"max-image-preview:large","max-video-preview":"max-video-preview:-1"},"canonical":"https:\/\/foretnature.be\/en\/resume-foret-mail\/inventorihaie-booster-la-recolte-de-graines-pour-les-haies\/","og_locale":"en_GB","og_type":"article","og_title":"Inventori\u2019haie : booster la r\u00e9colte de graines pour les haies \u00ad - For\u00eat.Nature","og_description":"Depuis quelques ann\u00e9es, les plantations d\u2019arbres et arbustes hors for\u00eat vont bon train en Wallonie, stimul\u00e9es par le projet \u00ab Yes we plant \u00bb de la Ministre de l\u2019environnement C\u00e9line Tellier, mais \u00e9galement par les nombreuses initiatives locales et citoyennes. En effet, plus les changements environnementaux (notamment li\u00e9s aux changements climatiques) se font sentir, plus [&hellip;]","og_url":"https:\/\/foretnature.be\/en\/resume-foret-mail\/inventorihaie-booster-la-recolte-de-graines-pour-les-haies\/","og_site_name":"For\u00eat.Nature","og_image":[{"width":900,"height":601,"url":"https:\/\/foretnature.be\/wp-content\/uploads\/2022\/09\/9f2ffaef2fe239f202217b1c1dadf8ac08de556dcebc1bf361108342bcf5bf06.jpeg","type":"image\/jpeg"}],"twitter_card":"summary_large_image","twitter_misc":{"Estimated reading time":"2 minutes"},"schema":{"@context":"https:\/\/schema.org","@graph":[{"@type":"WebPage","@id":"https:\/\/foretnature.be\/en\/resume-foret-mail\/inventorihaie-booster-la-recolte-de-graines-pour-les-haies\/","url":"https:\/\/foretnature.be\/en\/resume-foret-mail\/inventorihaie-booster-la-recolte-de-graines-pour-les-haies\/","name":"Inventori\u2019haie : booster la r\u00e9colte de graines pour les haies \u00ad - For\u00eat.Nature","isPartOf":{"@id":"https:\/\/foretnature.be\/#website"},"primaryImageOfPage":{"@id":"https:\/\/foretnature.be\/en\/resume-foret-mail\/inventorihaie-booster-la-recolte-de-graines-pour-les-haies\/#primaryimage"},"image":{"@id":"https:\/\/foretnature.be\/en\/resume-foret-mail\/inventorihaie-booster-la-recolte-de-graines-pour-les-haies\/#primaryimage"},"thumbnailUrl":"https:\/\/foretnature.be\/wp-content\/uploads\/2022\/09\/9f2ffaef2fe239f202217b1c1dadf8ac08de556dcebc1bf361108342bcf5bf06.jpeg","datePublished":"2022-09-15T08:15:50+00:00","dateModified":"2022-09-15T08:15:50+00:00","breadcrumb":{"@id":"https:\/\/foretnature.be\/en\/resume-foret-mail\/inventorihaie-booster-la-recolte-de-graines-pour-les-haies\/#breadcrumb"},"inLanguage":"en-GB","potentialAction":[{"@type":"ReadAction","target":["https:\/\/foretnature.be\/en\/resume-foret-mail\/inventorihaie-booster-la-recolte-de-graines-pour-les-haies\/"]}]},{"@type":"ImageObject","inLanguage":"en-GB","@id":"https:\/\/foretnature.be\/en\/resume-foret-mail\/inventorihaie-booster-la-recolte-de-graines-pour-les-haies\/#primaryimage","url":"https:\/\/foretnature.be\/wp-content\/uploads\/2022\/09\/9f2ffaef2fe239f202217b1c1dadf8ac08de556dcebc1bf361108342bcf5bf06.jpeg","contentUrl":"https:\/\/foretnature.be\/wp-content\/uploads\/2022\/09\/9f2ffaef2fe239f202217b1c1dadf8ac08de556dcebc1bf361108342bcf5bf06.jpeg","width":900,"height":601},{"@type":"BreadcrumbList","@id":"https:\/\/foretnature.be\/en\/resume-foret-mail\/inventorihaie-booster-la-recolte-de-graines-pour-les-haies\/#breadcrumb","itemListElement":[{"@type":"ListItem","position":1,"name":"Home","item":"https:\/\/foretnature.be\/"},{"@type":"ListItem","position":2,"name":"Inventori\u2019haie : booster la r\u00e9colte de graines pour les haies \u00ad"}]},{"@type":"WebSite","@id":"https:\/\/foretnature.be\/#website","url":"https:\/\/foretnature.be\/","name":"For\u00eat.Nature","description":"Une \u00e9quipe technique au service de la for\u00eat","publisher":{"@id":"https:\/\/foretnature.be\/#organization"},"potentialAction":[{"@type":"SearchAction","target":{"@type":"EntryPoint","urlTemplate":"https:\/\/foretnature.be\/?s={search_term_string}"},"query-input":"required name=search_term_string"}],"inLanguage":"en-GB"},{"@type":"Organization","@id":"https:\/\/foretnature.be\/#organization","name":"For\u00eat.Nature","url":"https:\/\/foretnature.be\/","logo":{"@type":"ImageObject","inLanguage":"en-GB","@id":"https:\/\/foretnature.be\/#\/schema\/logo\/image\/","url":"https:\/\/foretnature.be\/wp-content\/uploads\/2021\/01\/logoFOblanc.png","contentUrl":"https:\/\/foretnature.be\/wp-content\/uploads\/2021\/01\/logoFOblanc.png","width":300,"height":151,"caption":"For\u00eat.Nature"},"image":{"@id":"https:\/\/foretnature.be\/#\/schema\/logo\/image\/"}}]}},"_links":{"self":[{"href":"https:\/\/foretnature.be\/en\/wp-json\/wp\/v2\/resume-foret-mail\/37383"}],"collection":[{"href":"https:\/\/foretnature.be\/en\/wp-json\/wp\/v2\/resume-foret-mail"}],"about":[{"href":"https:\/\/foretnature.be\/en\/wp-json\/wp\/v2\/types\/resume-foret-mail"}],"version-history":[{"count":1,"href":"https:\/\/foretnature.be\/en\/wp-json\/wp\/v2\/resume-foret-mail\/37383\/revisions"}],"predecessor-version":[{"id":37384,"href":"https:\/\/foretnature.be\/en\/wp-json\/wp\/v2\/resume-foret-mail\/37383\/revisions\/37384"}],"wp:featuredmedia":[{"embeddable":true,"href":"https:\/\/foretnature.be\/en\/wp-json\/wp\/v2\/media\/37357"}],"wp:attachment":[{"href":"https:\/\/foretnature.be\/en\/wp-json\/wp\/v2\/media?parent=37383"}],"wp:term":[{"taxonomy":"category","embeddable":true,"href":"https:\/\/foretnature.be\/en\/wp-json\/wp\/v2\/categories?post=37383"}],"curies":[{"name":"wp","href":"https:\/\/api.w.org\/{rel}","templated":true}]}}

Inventori’haie : booster la récolte de graines pour les haies  ­

<p>Depuis quelques années, les plantations d’arbres et arbustes hors forêt vont bon train en Wallonie, stimulées par le projet « Yes we plant » de la Ministre de l’environnement Céline Tellier, mais également par les nombreuses initiatives locales et citoyennes. En effet, plus les changements environnementaux (notamment liés aux changements climatiques) se font sentir, plus l’arbre et les services écosystémiques qu’il rend semblent importants.</p>
<p>Malheureusement, face à cet engouement, l’approvisionnement en plants peine à suivre. Cela s’explique, entre autres, par le fait que la récolte des graines nécessaires pour faire pousser les plants est difficile, notamment parce que la ressource est très dispersée sur le territoire.</p>
<p>Face à cette difficulté, l’AWAF, le Centre de Michamps et le Comptoir Forestier du SPW lancent un projet qui ambitionne d’identifier un grand nombres de semenciers potentiels hors forêt (haies, arbres isolées…) d’espèces ligneuses indigènes : l’action « Inventori’haie ».</p>
<p>Cette action a pour but de permettre à tous les naturalistes expérimentés ou débutants, marcheurs, coureurs, amoureux de la nature ou de leur territoire de signaler les zones qu’ils considèrent intéressantes d’un point de vue de la production de graines. Cette signalisation se fait en ligne sur le site observations.be. Par le biais de ce site, toute personne désireuse d’apporter sa contribution à la sauvegarde des haies et de la biodiversité qui y est associée pourra signaler géographiquement des zones d’intérêt et fournir quelques informations importantes (espèces présentes, signes de taille…) ainsi que des photos. Pour être intéressantes, les zones signalées doivent respecter un certain nombre de critères (espèces indigènes, formations (haies, buissons, lisières…) anciennes et peu taillées…). Ils sont détaillés dans un court document disponible sur le site yesweplant.wallonie.be.</p>

<p>Depuis quelques années, les plantations d’arbres et arbustes hors forêt vont bon train en Wallonie, stimulées par le projet « Yes we plant » de la Ministre de l’environnement Céline Tellier, mais également par les nombreuses initiatives locales et citoyennes. En effet, plus les changements environnementaux (notamment liés aux changements climatiques) se font sentir, plus [&hellip;]</p>

<!-- This site is optimized with the Yoast SEO plugin v23.2 - https://yoast.com/wordpress/plugins/seo/ -->
<title>Inventori’haie : booster la récolte de graines pour les haies ­ - Forêt.Nature</title>
<meta name="robots" content="index, follow, max-snippet:-1, max-image-preview:large, max-video-preview:-1" />
<link rel="canonical" href="https://foretnature.be/en/resume-foret-mail/inventorihaie-booster-la-recolte-de-graines-pour-les-haies/" />
<meta property="og:locale" content="en_GB" />
<meta property="og:type" content="article" />
<meta property="og:title" content="Inventori’haie : booster la récolte de graines pour les haies ­ - Forêt.Nature" />
<meta property="og:description" content="Depuis quelques années, les plantations d’arbres et arbustes hors forêt vont bon train en Wallonie, stimulées par le projet « Yes we plant » de la Ministre de l’environnement Céline Tellier, mais également par les nombreuses initiatives locales et citoyennes. En effet, plus les changements environnementaux (notamment liés aux changements climatiques) se font sentir, plus [&hellip;]" />
<meta property="og:url" content="https://foretnature.be/en/resume-foret-mail/inventorihaie-booster-la-recolte-de-graines-pour-les-haies/" />
<meta property="og:site_name" content="Forêt.Nature" />
<meta property="og:image" content="https://foretnature.be/wp-content/uploads/2022/09/9f2ffaef2fe239f202217b1c1dadf8ac08de556dcebc1bf361108342bcf5bf06.jpeg" />
	<meta property="og:image:width" content="900" />
	<meta property="og:image:height" content="601" />
	<meta property="og:image:type" content="image/jpeg" />
<meta name="twitter:card" content="summary_large_image" />
<meta name="twitter:label1" content="Estimated reading time" />
	<meta name="twitter:data1" content="2 minutes" />
<script type="application/ld+json" class="yoast-schema-graph">{"@context":"https://schema.org","@graph":[{"@type":"WebPage","@id":"https://foretnature.be/en/resume-foret-mail/inventorihaie-booster-la-recolte-de-graines-pour-les-haies/","url":"https://foretnature.be/en/resume-foret-mail/inventorihaie-booster-la-recolte-de-graines-pour-les-haies/","name":"Inventori’haie : booster la récolte de graines pour les haies ­ - Forêt.Nature","isPartOf":{"@id":"https://foretnature.be/#website"},"primaryImageOfPage":{"@id":"https://foretnature.be/en/resume-foret-mail/inventorihaie-booster-la-recolte-de-graines-pour-les-haies/#primaryimage"},"image":{"@id":"https://foretnature.be/en/resume-foret-mail/inventorihaie-booster-la-recolte-de-graines-pour-les-haies/#primaryimage"},"thumbnailUrl":"https://foretnature.be/wp-content/uploads/2022/09/9f2ffaef2fe239f202217b1c1dadf8ac08de556dcebc1bf361108342bcf5bf06.jpeg","datePublished":"2022-09-15T08:15:50+00:00","dateModified":"2022-09-15T08:15:50+00:00","breadcrumb":{"@id":"https://foretnature.be/en/resume-foret-mail/inventorihaie-booster-la-recolte-de-graines-pour-les-haies/#breadcrumb"},"inLanguage":"en-GB","potentialAction":[{"@type":"ReadAction","target":["https://foretnature.be/en/resume-foret-mail/inventorihaie-booster-la-recolte-de-graines-pour-les-haies/"]}]},{"@type":"ImageObject","inLanguage":"en-GB","@id":"https://foretnature.be/en/resume-foret-mail/inventorihaie-booster-la-recolte-de-graines-pour-les-haies/#primaryimage","url":"https://foretnature.be/wp-content/uploads/2022/09/9f2ffaef2fe239f202217b1c1dadf8ac08de556dcebc1bf361108342bcf5bf06.jpeg","contentUrl":"https://foretnature.be/wp-content/uploads/2022/09/9f2ffaef2fe239f202217b1c1dadf8ac08de556dcebc1bf361108342bcf5bf06.jpeg","width":900,"height":601},{"@type":"BreadcrumbList","@id":"https://foretnature.be/en/resume-foret-mail/inventorihaie-booster-la-recolte-de-graines-pour-les-haies/#breadcrumb","itemListElement":[{"@type":"ListItem","position":1,"name":"Home","item":"https://foretnature.be/"},{"@type":"ListItem","position":2,"name":"Inventori’haie : booster la récolte de graines pour les haies ­"}]},{"@type":"WebSite","@id":"https://foretnature.be/#website","url":"https://foretnature.be/","name":"Forêt.Nature","description":"Une équipe technique au service de la forêt","publisher":{"@id":"https://foretnature.be/#organization"},"potentialAction":[{"@type":"SearchAction","target":{"@type":"EntryPoint","urlTemplate":"https://foretnature.be/?s={search_term_string}"},"query-input":"required name=search_term_string"}],"inLanguage":"en-GB"},{"@type":"Organization","@id":"https://foretnature.be/#organization","name":"Forêt.Nature","url":"https://foretnature.be/","logo":{"@type":"ImageObject","inLanguage":"en-GB","@id":"https://foretnature.be/#/schema/logo/image/","url":"https://foretnature.be/wp-content/uploads/2021/01/logoFOblanc.png","contentUrl":"https://foretnature.be/wp-content/uploads/2021/01/logoFOblanc.png","width":300,"height":151,"caption":"Forêt.Nature"},"image":{"@id":"https://foretnature.be/#/schema/logo/image/"}}]}</script>
<!-- / Yoast SEO plugin. -->

Inventori’haie : booster la récolte de graines pour les haies ­ - Forêt.Nature

Depuis quelques années, les plantations d’arbres et arbustes hors forêt vont bon train en Wallonie, stimulées par le projet « Yes we plant » de la Ministre de l’environnement Céline Tellier, mais également par les nombreuses initiatives locales et citoyennes. En effet, plus les changements environnementaux (notamment liés aux changements climatiques) se font sentir, plus [&hellip;]

Forêt.Nature

Inventori’haie : booster la récolte de graines pour les haies ­

Une équipe technique au service de la forêt
