{"id":37365,"date":"2022-09-15T09:50:49","date_gmt":"2022-09-15T07:50:49","guid":{"rendered":"https:\/\/foretnature.be\/?post_type=resume-foret-mail&#038;p=37365"},"modified":"2022-09-15T09:50:49","modified_gmt":"2022-09-15T07:50:49","slug":"du-chene","status":"publish","type":"resume-foret-mail","link":"https:\/\/foretnature.be\/en\/resume-foret-mail\/du-chene\/","title":{"rendered":"Du ch\u00eane, encore du ch\u00eane, nos peuplements n\u2019en tireront que du bien !"},"content":{"rendered":"<p>Nos ch\u00eanes europ\u00e9ens, sessile et p\u00e9doncul\u00e9, sont r\u00e9put\u00e9s thermophiles, r\u00e9sistants \u00e0 la s\u00e9cheresse et aux vents et d\u00e8s lors consid\u00e9r\u00e9s comme des esp\u00e8ces \u00e0 privil\u00e9gier pour r\u00e9sister aux changements climatiques. Leur comp\u00e9titivit\u00e9 est cependant faible dans les peuplements m\u00e9lang\u00e9s, en particulier avec le h\u00eatre, ce qui r\u00e9duit leurs chances de survie. Une \u00e9tude men\u00e9e en Bavi\u00e8re a examin\u00e9 la croissance en hauteur des ch\u00eanes en fonction des conditions environnementales, de la structure du peuplement \u00a0et de la concurrence intersp\u00e9cifique. Elle a montr\u00e9 notamment que la densit\u00e9 du peuplement et la pr\u00e9sence d\u2019un sous-\u00e9tage avaient un effet positif sur la croissance en hauteur des ch\u00eanes. Dans la plupart des m\u00e9langes, les ch\u00eanes sont moins sensibles au climat que dans les monocultures. Le m\u00e9lange avec le ch\u00eane augmente \u00e9galement la productivit\u00e9 du peuplement. Dans les conditions climatiques actuelles, la dynamique de croissance du ch\u00eane reste inf\u00e9rieure \u00e0 celle du h\u00eatre, m\u00eame dans les zones plus chaudes et plus s\u00e8ches. Le h\u00eatre semble y b\u00e9n\u00e9ficier du m\u00e9lange avec le ch\u00eane probablement pour des raisons de compl\u00e9mentarit\u00e9 et de facilitation. Les choses pourraient cependant changer avec les conditions climatiques futures.<\/p>\n<p>&nbsp;<\/p>\n<p>Une gestion foresti\u00e8re adaptative s\u2019appuie sur le m\u00e9lange de plusieurs esp\u00e8ces et une structure h\u00e9t\u00e9rog\u00e8ne qui augmente la r\u00e9sistance, la r\u00e9silience et la vitesse de restauration du peuplement apr\u00e8s une perturbation.<\/p>\n<p>Les r\u00e9sultats de l\u2019\u00e9tude encouragent \u00e0 augmenter la proportion de ch\u00eanes dans les peuplements mais la gestion sylvicole reste cruciale pour maintenir une proportion suffisante de ch\u00eanes et favoriser des ch\u00eanes vitaux, vigoureux et sains dans les peuplements m\u00e9lang\u00e9s. D\u00e8s le d\u00e9but de la fermeture du couvert, il est important de promouvoir les arbres d&rsquo;avenir par des d\u00e9tourages, qui aident \u00e0 d\u00e9velopper des couronnes vigoureuses.<\/p>","protected":false},"excerpt":{"rendered":"<p>Nos ch\u00eanes europ\u00e9ens, sessile et p\u00e9doncul\u00e9, sont r\u00e9put\u00e9s thermophiles, r\u00e9sistants \u00e0 la s\u00e9cheresse et aux vents et d\u00e8s lors consid\u00e9r\u00e9s comme des esp\u00e8ces \u00e0 privil\u00e9gier pour r\u00e9sister aux changements climatiques. Leur comp\u00e9titivit\u00e9 est cependant faible dans les peuplements m\u00e9lang\u00e9s, en particulier avec le h\u00eatre, ce qui r\u00e9duit leurs chances de survie. Une \u00e9tude men\u00e9e en [&hellip;]<\/p>","protected":false},"featured_media":37356,"template":"","categories":[50],"acf":[],"yoast_head":"<!-- This site is optimized with the Yoast SEO plugin v23.2 - https:\/\/yoast.com\/wordpress\/plugins\/seo\/ -->\n<title>Du ch\u00eane, encore du ch\u00eane, nos peuplements n\u2019en tireront que du bien ! - For\u00eat.Nature<\/title>\n<meta name=\"robots\" content=\"index, follow, max-snippet:-1, max-image-preview:large, max-video-preview:-1\" \/>\n<link rel=\"canonical\" href=\"https:\/\/foretnature.be\/en\/resume-foret-mail\/du-chene\/\" \/>\n<meta property=\"og:locale\" content=\"en_GB\" \/>\n<meta property=\"og:type\" content=\"article\" \/>\n<meta property=\"og:title\" content=\"Du ch\u00eane, encore du ch\u00eane, nos peuplements n\u2019en tireront que du bien ! - For\u00eat.Nature\" \/>\n<meta property=\"og:description\" content=\"Nos ch\u00eanes europ\u00e9ens, sessile et p\u00e9doncul\u00e9, sont r\u00e9put\u00e9s thermophiles, r\u00e9sistants \u00e0 la s\u00e9cheresse et aux vents et d\u00e8s lors consid\u00e9r\u00e9s comme des esp\u00e8ces \u00e0 privil\u00e9gier pour r\u00e9sister aux changements climatiques. Leur comp\u00e9titivit\u00e9 est cependant faible dans les peuplements m\u00e9lang\u00e9s, en particulier avec le h\u00eatre, ce qui r\u00e9duit leurs chances de survie. Une \u00e9tude men\u00e9e en [&hellip;]\" \/>\n<meta property=\"og:url\" content=\"https:\/\/foretnature.be\/en\/resume-foret-mail\/du-chene\/\" \/>\n<meta property=\"og:site_name\" content=\"For\u00eat.Nature\" \/>\n<meta property=\"og:image\" content=\"https:\/\/foretnature.be\/wp-content\/uploads\/2022\/09\/9c19bbe54cf5d4ba195028005165df721a370672d4730693f62e7fab520df576.jpeg\" \/>\n\t<meta property=\"og:image:width\" content=\"900\" \/>\n\t<meta property=\"og:image:height\" content=\"675\" \/>\n\t<meta property=\"og:image:type\" content=\"image\/jpeg\" \/>\n<meta name=\"twitter:card\" content=\"summary_large_image\" \/>\n<meta name=\"twitter:label1\" content=\"Estimated reading time\" \/>\n\t<meta name=\"twitter:data1\" content=\"2 minutes\" \/>\n<script type=\"application\/ld+json\" class=\"yoast-schema-graph\">{\"@context\":\"https:\/\/schema.org\",\"@graph\":[{\"@type\":\"WebPage\",\"@id\":\"https:\/\/foretnature.be\/resume-foret-mail\/du-chene\/\",\"url\":\"https:\/\/foretnature.be\/resume-foret-mail\/du-chene\/\",\"name\":\"Du ch\u00eane, encore du ch\u00eane, nos peuplements n\u2019en tireront que du bien ! - For\u00eat.Nature\",\"isPartOf\":{\"@id\":\"https:\/\/foretnature.be\/en\/#website\"},\"primaryImageOfPage\":{\"@id\":\"https:\/\/foretnature.be\/resume-foret-mail\/du-chene\/#primaryimage\"},\"image\":{\"@id\":\"https:\/\/foretnature.be\/resume-foret-mail\/du-chene\/#primaryimage\"},\"thumbnailUrl\":\"https:\/\/foretnature.be\/wp-content\/uploads\/2022\/09\/9c19bbe54cf5d4ba195028005165df721a370672d4730693f62e7fab520df576.jpeg\",\"datePublished\":\"2022-09-15T07:50:49+00:00\",\"dateModified\":\"2022-09-15T07:50:49+00:00\",\"breadcrumb\":{\"@id\":\"https:\/\/foretnature.be\/resume-foret-mail\/du-chene\/#breadcrumb\"},\"inLanguage\":\"en-GB\",\"potentialAction\":[{\"@type\":\"ReadAction\",\"target\":[\"https:\/\/foretnature.be\/resume-foret-mail\/du-chene\/\"]}]},{\"@type\":\"ImageObject\",\"inLanguage\":\"en-GB\",\"@id\":\"https:\/\/foretnature.be\/resume-foret-mail\/du-chene\/#primaryimage\",\"url\":\"https:\/\/foretnature.be\/wp-content\/uploads\/2022\/09\/9c19bbe54cf5d4ba195028005165df721a370672d4730693f62e7fab520df576.jpeg\",\"contentUrl\":\"https:\/\/foretnature.be\/wp-content\/uploads\/2022\/09\/9c19bbe54cf5d4ba195028005165df721a370672d4730693f62e7fab520df576.jpeg\",\"width\":900,\"height\":675},{\"@type\":\"BreadcrumbList\",\"@id\":\"https:\/\/foretnature.be\/resume-foret-mail\/du-chene\/#breadcrumb\",\"itemListElement\":[{\"@type\":\"ListItem\",\"position\":1,\"name\":\"Home\",\"item\":\"https:\/\/foretnature.be\/en\/\"},{\"@type\":\"ListItem\",\"position\":2,\"name\":\"Du ch\u00eane, encore du ch\u00eane, nos peuplements n\u2019en tireront que du bien !\"}]},{\"@type\":\"WebSite\",\"@id\":\"https:\/\/foretnature.be\/en\/#website\",\"url\":\"https:\/\/foretnature.be\/en\/\",\"name\":\"For\u00eat.Nature\",\"description\":\"Une \u00e9quipe technique au service de la for\u00eat\",\"publisher\":{\"@id\":\"https:\/\/foretnature.be\/en\/#organization\"},\"potentialAction\":[{\"@type\":\"SearchAction\",\"target\":{\"@type\":\"EntryPoint\",\"urlTemplate\":\"https:\/\/foretnature.be\/en\/?s={search_term_string}\"},\"query-input\":\"required name=search_term_string\"}],\"inLanguage\":\"en-GB\"},{\"@type\":\"Organization\",\"@id\":\"https:\/\/foretnature.be\/en\/#organization\",\"name\":\"For\u00eat.Nature\",\"url\":\"https:\/\/foretnature.be\/en\/\",\"logo\":{\"@type\":\"ImageObject\",\"inLanguage\":\"en-GB\",\"@id\":\"https:\/\/foretnature.be\/en\/#\/schema\/logo\/image\/\",\"url\":\"https:\/\/foretnature.be\/wp-content\/uploads\/2021\/01\/logoFOblanc.png\",\"contentUrl\":\"https:\/\/foretnature.be\/wp-content\/uploads\/2021\/01\/logoFOblanc.png\",\"width\":300,\"height\":151,\"caption\":\"For\u00eat.Nature\"},\"image\":{\"@id\":\"https:\/\/foretnature.be\/en\/#\/schema\/logo\/image\/\"}}]}<\/script>\n<!-- \/ Yoast SEO plugin. -->","yoast_head_json":{"title":"Du ch\u00eane, encore du ch\u00eane, nos peuplements n\u2019en tireront que du bien ! - For\u00eat.Nature","robots":{"index":"index","follow":"follow","max-snippet":"max-snippet:-1","max-image-preview":"max-image-preview:large","max-video-preview":"max-video-preview:-1"},"canonical":"https:\/\/foretnature.be\/en\/resume-foret-mail\/du-chene\/","og_locale":"en_GB","og_type":"article","og_title":"Du ch\u00eane, encore du ch\u00eane, nos peuplements n\u2019en tireront que du bien ! - For\u00eat.Nature","og_description":"Nos ch\u00eanes europ\u00e9ens, sessile et p\u00e9doncul\u00e9, sont r\u00e9put\u00e9s thermophiles, r\u00e9sistants \u00e0 la s\u00e9cheresse et aux vents et d\u00e8s lors consid\u00e9r\u00e9s comme des esp\u00e8ces \u00e0 privil\u00e9gier pour r\u00e9sister aux changements climatiques. Leur comp\u00e9titivit\u00e9 est cependant faible dans les peuplements m\u00e9lang\u00e9s, en particulier avec le h\u00eatre, ce qui r\u00e9duit leurs chances de survie. Une \u00e9tude men\u00e9e en [&hellip;]","og_url":"https:\/\/foretnature.be\/en\/resume-foret-mail\/du-chene\/","og_site_name":"For\u00eat.Nature","og_image":[{"width":900,"height":675,"url":"https:\/\/foretnature.be\/wp-content\/uploads\/2022\/09\/9c19bbe54cf5d4ba195028005165df721a370672d4730693f62e7fab520df576.jpeg","type":"image\/jpeg"}],"twitter_card":"summary_large_image","twitter_misc":{"Estimated reading time":"2 minutes"},"schema":{"@context":"https:\/\/schema.org","@graph":[{"@type":"WebPage","@id":"https:\/\/foretnature.be\/resume-foret-mail\/du-chene\/","url":"https:\/\/foretnature.be\/resume-foret-mail\/du-chene\/","name":"Du ch\u00eane, encore du ch\u00eane, nos peuplements n\u2019en tireront que du bien ! - For\u00eat.Nature","isPartOf":{"@id":"https:\/\/foretnature.be\/en\/#website"},"primaryImageOfPage":{"@id":"https:\/\/foretnature.be\/resume-foret-mail\/du-chene\/#primaryimage"},"image":{"@id":"https:\/\/foretnature.be\/resume-foret-mail\/du-chene\/#primaryimage"},"thumbnailUrl":"https:\/\/foretnature.be\/wp-content\/uploads\/2022\/09\/9c19bbe54cf5d4ba195028005165df721a370672d4730693f62e7fab520df576.jpeg","datePublished":"2022-09-15T07:50:49+00:00","dateModified":"2022-09-15T07:50:49+00:00","breadcrumb":{"@id":"https:\/\/foretnature.be\/resume-foret-mail\/du-chene\/#breadcrumb"},"inLanguage":"en-GB","potentialAction":[{"@type":"ReadAction","target":["https:\/\/foretnature.be\/resume-foret-mail\/du-chene\/"]}]},{"@type":"ImageObject","inLanguage":"en-GB","@id":"https:\/\/foretnature.be\/resume-foret-mail\/du-chene\/#primaryimage","url":"https:\/\/foretnature.be\/wp-content\/uploads\/2022\/09\/9c19bbe54cf5d4ba195028005165df721a370672d4730693f62e7fab520df576.jpeg","contentUrl":"https:\/\/foretnature.be\/wp-content\/uploads\/2022\/09\/9c19bbe54cf5d4ba195028005165df721a370672d4730693f62e7fab520df576.jpeg","width":900,"height":675},{"@type":"BreadcrumbList","@id":"https:\/\/foretnature.be\/resume-foret-mail\/du-chene\/#breadcrumb","itemListElement":[{"@type":"ListItem","position":1,"name":"Home","item":"https:\/\/foretnature.be\/en\/"},{"@type":"ListItem","position":2,"name":"Du ch\u00eane, encore du ch\u00eane, nos peuplements n\u2019en tireront que du bien !"}]},{"@type":"WebSite","@id":"https:\/\/foretnature.be\/en\/#website","url":"https:\/\/foretnature.be\/en\/","name":"For\u00eat.Nature","description":"Une \u00e9quipe technique au service de la for\u00eat","publisher":{"@id":"https:\/\/foretnature.be\/en\/#organization"},"potentialAction":[{"@type":"SearchAction","target":{"@type":"EntryPoint","urlTemplate":"https:\/\/foretnature.be\/en\/?s={search_term_string}"},"query-input":"required name=search_term_string"}],"inLanguage":"en-GB"},{"@type":"Organization","@id":"https:\/\/foretnature.be\/en\/#organization","name":"For\u00eat.Nature","url":"https:\/\/foretnature.be\/en\/","logo":{"@type":"ImageObject","inLanguage":"en-GB","@id":"https:\/\/foretnature.be\/en\/#\/schema\/logo\/image\/","url":"https:\/\/foretnature.be\/wp-content\/uploads\/2021\/01\/logoFOblanc.png","contentUrl":"https:\/\/foretnature.be\/wp-content\/uploads\/2021\/01\/logoFOblanc.png","width":300,"height":151,"caption":"For\u00eat.Nature"},"image":{"@id":"https:\/\/foretnature.be\/en\/#\/schema\/logo\/image\/"}}]}},"_links":{"self":[{"href":"https:\/\/foretnature.be\/en\/wp-json\/wp\/v2\/resume-foret-mail\/37365"}],"collection":[{"href":"https:\/\/foretnature.be\/en\/wp-json\/wp\/v2\/resume-foret-mail"}],"about":[{"href":"https:\/\/foretnature.be\/en\/wp-json\/wp\/v2\/types\/resume-foret-mail"}],"version-history":[{"count":1,"href":"https:\/\/foretnature.be\/en\/wp-json\/wp\/v2\/resume-foret-mail\/37365\/revisions"}],"predecessor-version":[{"id":37366,"href":"https:\/\/foretnature.be\/en\/wp-json\/wp\/v2\/resume-foret-mail\/37365\/revisions\/37366"}],"wp:featuredmedia":[{"embeddable":true,"href":"https:\/\/foretnature.be\/en\/wp-json\/wp\/v2\/media\/37356"}],"wp:attachment":[{"href":"https:\/\/foretnature.be\/en\/wp-json\/wp\/v2\/media?parent=37365"}],"wp:term":[{"taxonomy":"category","embeddable":true,"href":"https:\/\/foretnature.be\/en\/wp-json\/wp\/v2\/categories?post=37365"}],"curies":[{"name":"wp","href":"https:\/\/api.w.org\/{rel}","templated":true}]}}

Du chêne, encore du chêne, nos peuplements n’en tireront que du bien !

<p>Nos chênes européens, sessile et pédonculé, sont réputés thermophiles, résistants à la sécheresse et aux vents et dès lors considérés comme des espèces à privilégier pour résister aux changements climatiques. Leur compétitivité est cependant faible dans les peuplements mélangés, en particulier avec le hêtre, ce qui réduit leurs chances de survie. Une étude menée en Bavière a examiné la croissance en hauteur des chênes en fonction des conditions environnementales, de la structure du peuplement  et de la concurrence interspécifique. Elle a montré notamment que la densité du peuplement et la présence d’un sous-étage avaient un effet positif sur la croissance en hauteur des chênes. Dans la plupart des mélanges, les chênes sont moins sensibles au climat que dans les monocultures. Le mélange avec le chêne augmente également la productivité du peuplement. Dans les conditions climatiques actuelles, la dynamique de croissance du chêne reste inférieure à celle du hêtre, même dans les zones plus chaudes et plus sèches. Le hêtre semble y bénéficier du mélange avec le chêne probablement pour des raisons de complémentarité et de facilitation. Les choses pourraient cependant changer avec les conditions climatiques futures.</p>
<p>&nbsp;</p>
<p>Une gestion forestière adaptative s’appuie sur le mélange de plusieurs espèces et une structure hétérogène qui augmente la résistance, la résilience et la vitesse de restauration du peuplement après une perturbation.</p>
<p>Les résultats de l’étude encouragent à augmenter la proportion de chênes dans les peuplements mais la gestion sylvicole reste cruciale pour maintenir une proportion suffisante de chênes et favoriser des chênes vitaux, vigoureux et sains dans les peuplements mélangés. Dès le début de la fermeture du couvert, il est important de promouvoir les arbres d&rsquo;avenir par des détourages, qui aident à développer des couronnes vigoureuses.</p>

<p>Nos chênes européens, sessile et pédonculé, sont réputés thermophiles, résistants à la sécheresse et aux vents et dès lors considérés comme des espèces à privilégier pour résister aux changements climatiques. Leur compétitivité est cependant faible dans les peuplements mélangés, en particulier avec le hêtre, ce qui réduit leurs chances de survie. Une étude menée en [&hellip;]</p>

<!-- This site is optimized with the Yoast SEO plugin v23.2 - https://yoast.com/wordpress/plugins/seo/ -->
<title>Du chêne, encore du chêne, nos peuplements n’en tireront que du bien ! - Forêt.Nature</title>
<meta name="robots" content="index, follow, max-snippet:-1, max-image-preview:large, max-video-preview:-1" />
<link rel="canonical" href="https://foretnature.be/en/resume-foret-mail/du-chene/" />
<meta property="og:locale" content="en_GB" />
<meta property="og:type" content="article" />
<meta property="og:title" content="Du chêne, encore du chêne, nos peuplements n’en tireront que du bien ! - Forêt.Nature" />
<meta property="og:description" content="Nos chênes européens, sessile et pédonculé, sont réputés thermophiles, résistants à la sécheresse et aux vents et dès lors considérés comme des espèces à privilégier pour résister aux changements climatiques. Leur compétitivité est cependant faible dans les peuplements mélangés, en particulier avec le hêtre, ce qui réduit leurs chances de survie. Une étude menée en [&hellip;]" />
<meta property="og:url" content="https://foretnature.be/en/resume-foret-mail/du-chene/" />
<meta property="og:site_name" content="Forêt.Nature" />
<meta property="og:image" content="https://foretnature.be/wp-content/uploads/2022/09/9c19bbe54cf5d4ba195028005165df721a370672d4730693f62e7fab520df576.jpeg" />
	<meta property="og:image:width" content="900" />
	<meta property="og:image:height" content="675" />
	<meta property="og:image:type" content="image/jpeg" />
<meta name="twitter:card" content="summary_large_image" />
<meta name="twitter:label1" content="Estimated reading time" />
	<meta name="twitter:data1" content="2 minutes" />
<script type="application/ld+json" class="yoast-schema-graph">{"@context":"https://schema.org","@graph":[{"@type":"WebPage","@id":"https://foretnature.be/resume-foret-mail/du-chene/","url":"https://foretnature.be/resume-foret-mail/du-chene/","name":"Du chêne, encore du chêne, nos peuplements n’en tireront que du bien ! - Forêt.Nature","isPartOf":{"@id":"https://foretnature.be/en/#website"},"primaryImageOfPage":{"@id":"https://foretnature.be/resume-foret-mail/du-chene/#primaryimage"},"image":{"@id":"https://foretnature.be/resume-foret-mail/du-chene/#primaryimage"},"thumbnailUrl":"https://foretnature.be/wp-content/uploads/2022/09/9c19bbe54cf5d4ba195028005165df721a370672d4730693f62e7fab520df576.jpeg","datePublished":"2022-09-15T07:50:49+00:00","dateModified":"2022-09-15T07:50:49+00:00","breadcrumb":{"@id":"https://foretnature.be/resume-foret-mail/du-chene/#breadcrumb"},"inLanguage":"en-GB","potentialAction":[{"@type":"ReadAction","target":["https://foretnature.be/resume-foret-mail/du-chene/"]}]},{"@type":"ImageObject","inLanguage":"en-GB","@id":"https://foretnature.be/resume-foret-mail/du-chene/#primaryimage","url":"https://foretnature.be/wp-content/uploads/2022/09/9c19bbe54cf5d4ba195028005165df721a370672d4730693f62e7fab520df576.jpeg","contentUrl":"https://foretnature.be/wp-content/uploads/2022/09/9c19bbe54cf5d4ba195028005165df721a370672d4730693f62e7fab520df576.jpeg","width":900,"height":675},{"@type":"BreadcrumbList","@id":"https://foretnature.be/resume-foret-mail/du-chene/#breadcrumb","itemListElement":[{"@type":"ListItem","position":1,"name":"Home","item":"https://foretnature.be/en/"},{"@type":"ListItem","position":2,"name":"Du chêne, encore du chêne, nos peuplements n’en tireront que du bien !"}]},{"@type":"WebSite","@id":"https://foretnature.be/en/#website","url":"https://foretnature.be/en/","name":"Forêt.Nature","description":"Une équipe technique au service de la forêt","publisher":{"@id":"https://foretnature.be/en/#organization"},"potentialAction":[{"@type":"SearchAction","target":{"@type":"EntryPoint","urlTemplate":"https://foretnature.be/en/?s={search_term_string}"},"query-input":"required name=search_term_string"}],"inLanguage":"en-GB"},{"@type":"Organization","@id":"https://foretnature.be/en/#organization","name":"Forêt.Nature","url":"https://foretnature.be/en/","logo":{"@type":"ImageObject","inLanguage":"en-GB","@id":"https://foretnature.be/en/#/schema/logo/image/","url":"https://foretnature.be/wp-content/uploads/2021/01/logoFOblanc.png","contentUrl":"https://foretnature.be/wp-content/uploads/2021/01/logoFOblanc.png","width":300,"height":151,"caption":"Forêt.Nature"},"image":{"@id":"https://foretnature.be/en/#/schema/logo/image/"}}]}</script>
<!-- / Yoast SEO plugin. -->

Du chêne, encore du chêne, nos peuplements n’en tireront que du bien ! - Forêt.Nature

Nos chênes européens, sessile et pédonculé, sont réputés thermophiles, résistants à la sécheresse et aux vents et dès lors considérés comme des espèces à privilégier pour résister aux changements climatiques. Leur compétitivité est cependant faible dans les peuplements mélangés, en particulier avec le hêtre, ce qui réduit leurs chances de survie. Une étude menée en [&hellip;]

Forêt.Nature

Une équipe technique au service de la forêt
