{"id":35713,"date":"2022-06-16T15:31:00","date_gmt":"2022-06-16T13:31:00","guid":{"rendered":"https:\/\/foretnature.be\/?post_type=resume-foret-mail&#038;p=35713"},"modified":"2022-06-16T15:31:00","modified_gmt":"2022-06-16T13:31:00","slug":"le-gradient-hydrique-des-sols-est-lelement-determinant-de-la-repartition-des-chenes","status":"publish","type":"resume-foret-mail","link":"https:\/\/foretnature.be\/en\/resume-foret-mail\/le-gradient-hydrique-des-sols-est-lelement-determinant-de-la-repartition-des-chenes\/","title":{"rendered":"Le gradient hydrique des sols est l\u2019\u00e9l\u00e9ment d\u00e9terminant de la r\u00e9partition des ch\u00eanes"},"content":{"rendered":"<p>Les ch\u00eanes indig\u00e8nes sont tr\u00e8s diversifi\u00e9s sur le plan g\u00e9n\u00e9tique, ce qui leur permet notamment de s\u2019adapter au r\u00e9chauffement climatique. En revanche, la d\u00e9termination des diff\u00e9rentes esp\u00e8ces est parfois per\u00e7ue comme probl\u00e9matique en raison des hybridations qui peuvent avoir lieu entre elles, par exemple entre les ch\u00eanes sessile et pubescent. L\u2019association suisse proQuercus a publi\u00e9 \u00e0 cet effet une cl\u00e9 de d\u00e9termination \u00e0 l\u2019usage des praticiens forestiers, permettant de d\u00e9terminer les diff\u00e9rents types de ch\u00eanes de mani\u00e8re visuelle. Cette cl\u00e9 propose une approche originale du complexe sessile\/pubescent et les caract\u00e8res morphologiques pr\u00e9sent\u00e9s sont le reflet des r\u00e9alit\u00e9s g\u00e9n\u00e9tiques. <\/p>\n<p>L\u2019herbier des ch\u00eanes du canton de Vaud, qui rassemble plus de 16 000 feuilles de ces arbres, a servi de base \u00e0 l\u2019\u00e9tablissement de cette cl\u00e9 et a permis de pr\u00e9ciser les liens des ch\u00eanes avec leurs milieux pr\u00e9f\u00e9rentiels. D\u2019autres herbiers cantonaux existent en Suisse, permettant encore d\u2019am\u00e9liorer les connaissances sur ces essences. Celui du canton du Valais refl\u00e8te d\u2019ailleurs l\u2019adaptation des populations de ch\u00eanes au stress climatique. Dans ce canton au climat estival chaud et sec (Valais central), les ch\u00eanes se sont adapt\u00e9s en arborant un feuillage pubescent. <\/p>\n<p>En \u00e9tudiant cet herbier, les potentialit\u00e9s d\u2019adaptation des ch\u00eanes aux conditions \u00e9daphiques et climatiques locales ou r\u00e9gionales ont clairement \u00e9t\u00e9 mises en \u00e9vidence, via une modulation des proportions des esp\u00e8ces de ch\u00eane du complexe sessile\/pubescent. Le gradient hydrique des sols est ainsi l\u2019\u00e9l\u00e9ment d\u00e9terminant de la r\u00e9partition des esp\u00e8ces de ch\u00eanes. Le ch\u00eane p\u00e9doncul\u00e9 est cantonn\u00e9 aux milieux lui garantissant un apport en eau continu. Ce crit\u00e8re est donc \u00e0 prendre en compte pour sa conservation \u00e0 long terme avec une qualit\u00e9 satisfaisante. Hors des stations humides propices au p\u00e9doncul\u00e9, le complexe sessile\/pubescent constitue un r\u00e9servoir prometteur \u00e0 disposition des sylviculteurs pour assister l\u2019\u00e9volution des populations de ch\u00eanes. <\/p>","protected":false},"excerpt":{"rendered":"<p>Les ch\u00eanes indig\u00e8nes sont tr\u00e8s diversifi\u00e9s sur le plan g\u00e9n\u00e9tique, ce qui leur permet notamment de s\u2019adapter au r\u00e9chauffement climatique. En revanche, la d\u00e9termination des diff\u00e9rentes esp\u00e8ces est parfois per\u00e7ue comme probl\u00e9matique en raison des hybridations qui peuvent avoir lieu entre elles, par exemple entre les ch\u00eanes sessile et pubescent. L\u2019association suisse proQuercus a publi\u00e9 [&hellip;]<\/p>","protected":false},"featured_media":0,"template":"","categories":[50],"acf":[],"yoast_head":"<!-- This site is optimized with the Yoast SEO plugin v23.2 - https:\/\/yoast.com\/wordpress\/plugins\/seo\/ -->\n<title>Le gradient hydrique des sols est l\u2019\u00e9l\u00e9ment d\u00e9terminant de la r\u00e9partition des ch\u00eanes - For\u00eat.Nature<\/title>\n<meta name=\"robots\" content=\"index, follow, max-snippet:-1, max-image-preview:large, max-video-preview:-1\" \/>\n<link rel=\"canonical\" href=\"https:\/\/foretnature.be\/en\/resume-foret-mail\/le-gradient-hydrique-des-sols-est-lelement-determinant-de-la-repartition-des-chenes\/\" \/>\n<meta property=\"og:locale\" content=\"en_GB\" \/>\n<meta property=\"og:type\" content=\"article\" \/>\n<meta property=\"og:title\" content=\"Le gradient hydrique des sols est l\u2019\u00e9l\u00e9ment d\u00e9terminant de la r\u00e9partition des ch\u00eanes - For\u00eat.Nature\" \/>\n<meta property=\"og:description\" content=\"Les ch\u00eanes indig\u00e8nes sont tr\u00e8s diversifi\u00e9s sur le plan g\u00e9n\u00e9tique, ce qui leur permet notamment de s\u2019adapter au r\u00e9chauffement climatique. En revanche, la d\u00e9termination des diff\u00e9rentes esp\u00e8ces est parfois per\u00e7ue comme probl\u00e9matique en raison des hybridations qui peuvent avoir lieu entre elles, par exemple entre les ch\u00eanes sessile et pubescent. L\u2019association suisse proQuercus a publi\u00e9 [&hellip;]\" \/>\n<meta property=\"og:url\" content=\"https:\/\/foretnature.be\/en\/resume-foret-mail\/le-gradient-hydrique-des-sols-est-lelement-determinant-de-la-repartition-des-chenes\/\" \/>\n<meta property=\"og:site_name\" content=\"For\u00eat.Nature\" \/>\n<meta name=\"twitter:card\" content=\"summary_large_image\" \/>\n<meta name=\"twitter:label1\" content=\"Estimated reading time\" \/>\n\t<meta name=\"twitter:data1\" content=\"2 minutes\" \/>\n<script type=\"application\/ld+json\" class=\"yoast-schema-graph\">{\"@context\":\"https:\/\/schema.org\",\"@graph\":[{\"@type\":\"WebPage\",\"@id\":\"https:\/\/foretnature.be\/en\/resume-foret-mail\/le-gradient-hydrique-des-sols-est-lelement-determinant-de-la-repartition-des-chenes\/\",\"url\":\"https:\/\/foretnature.be\/en\/resume-foret-mail\/le-gradient-hydrique-des-sols-est-lelement-determinant-de-la-repartition-des-chenes\/\",\"name\":\"Le gradient hydrique des sols est l\u2019\u00e9l\u00e9ment d\u00e9terminant de la r\u00e9partition des ch\u00eanes - For\u00eat.Nature\",\"isPartOf\":{\"@id\":\"https:\/\/foretnature.be\/#website\"},\"datePublished\":\"2022-06-16T13:31:00+00:00\",\"dateModified\":\"2022-06-16T13:31:00+00:00\",\"breadcrumb\":{\"@id\":\"https:\/\/foretnature.be\/en\/resume-foret-mail\/le-gradient-hydrique-des-sols-est-lelement-determinant-de-la-repartition-des-chenes\/#breadcrumb\"},\"inLanguage\":\"en-GB\",\"potentialAction\":[{\"@type\":\"ReadAction\",\"target\":[\"https:\/\/foretnature.be\/en\/resume-foret-mail\/le-gradient-hydrique-des-sols-est-lelement-determinant-de-la-repartition-des-chenes\/\"]}]},{\"@type\":\"BreadcrumbList\",\"@id\":\"https:\/\/foretnature.be\/en\/resume-foret-mail\/le-gradient-hydrique-des-sols-est-lelement-determinant-de-la-repartition-des-chenes\/#breadcrumb\",\"itemListElement\":[{\"@type\":\"ListItem\",\"position\":1,\"name\":\"Home\",\"item\":\"https:\/\/foretnature.be\/\"},{\"@type\":\"ListItem\",\"position\":2,\"name\":\"Le gradient hydrique des sols est l\u2019\u00e9l\u00e9ment d\u00e9terminant de la r\u00e9partition des ch\u00eanes\"}]},{\"@type\":\"WebSite\",\"@id\":\"https:\/\/foretnature.be\/#website\",\"url\":\"https:\/\/foretnature.be\/\",\"name\":\"For\u00eat.Nature\",\"description\":\"Une \u00e9quipe technique au service de la for\u00eat\",\"publisher\":{\"@id\":\"https:\/\/foretnature.be\/#organization\"},\"potentialAction\":[{\"@type\":\"SearchAction\",\"target\":{\"@type\":\"EntryPoint\",\"urlTemplate\":\"https:\/\/foretnature.be\/?s={search_term_string}\"},\"query-input\":\"required name=search_term_string\"}],\"inLanguage\":\"en-GB\"},{\"@type\":\"Organization\",\"@id\":\"https:\/\/foretnature.be\/#organization\",\"name\":\"For\u00eat.Nature\",\"url\":\"https:\/\/foretnature.be\/\",\"logo\":{\"@type\":\"ImageObject\",\"inLanguage\":\"en-GB\",\"@id\":\"https:\/\/foretnature.be\/#\/schema\/logo\/image\/\",\"url\":\"https:\/\/foretnature.be\/wp-content\/uploads\/2021\/01\/logoFOblanc.png\",\"contentUrl\":\"https:\/\/foretnature.be\/wp-content\/uploads\/2021\/01\/logoFOblanc.png\",\"width\":300,\"height\":151,\"caption\":\"For\u00eat.Nature\"},\"image\":{\"@id\":\"https:\/\/foretnature.be\/#\/schema\/logo\/image\/\"}}]}<\/script>\n<!-- \/ Yoast SEO plugin. -->","yoast_head_json":{"title":"Le gradient hydrique des sols est l\u2019\u00e9l\u00e9ment d\u00e9terminant de la r\u00e9partition des ch\u00eanes - For\u00eat.Nature","robots":{"index":"index","follow":"follow","max-snippet":"max-snippet:-1","max-image-preview":"max-image-preview:large","max-video-preview":"max-video-preview:-1"},"canonical":"https:\/\/foretnature.be\/en\/resume-foret-mail\/le-gradient-hydrique-des-sols-est-lelement-determinant-de-la-repartition-des-chenes\/","og_locale":"en_GB","og_type":"article","og_title":"Le gradient hydrique des sols est l\u2019\u00e9l\u00e9ment d\u00e9terminant de la r\u00e9partition des ch\u00eanes - For\u00eat.Nature","og_description":"Les ch\u00eanes indig\u00e8nes sont tr\u00e8s diversifi\u00e9s sur le plan g\u00e9n\u00e9tique, ce qui leur permet notamment de s\u2019adapter au r\u00e9chauffement climatique. En revanche, la d\u00e9termination des diff\u00e9rentes esp\u00e8ces est parfois per\u00e7ue comme probl\u00e9matique en raison des hybridations qui peuvent avoir lieu entre elles, par exemple entre les ch\u00eanes sessile et pubescent. L\u2019association suisse proQuercus a publi\u00e9 [&hellip;]","og_url":"https:\/\/foretnature.be\/en\/resume-foret-mail\/le-gradient-hydrique-des-sols-est-lelement-determinant-de-la-repartition-des-chenes\/","og_site_name":"For\u00eat.Nature","twitter_card":"summary_large_image","twitter_misc":{"Estimated reading time":"2 minutes"},"schema":{"@context":"https:\/\/schema.org","@graph":[{"@type":"WebPage","@id":"https:\/\/foretnature.be\/en\/resume-foret-mail\/le-gradient-hydrique-des-sols-est-lelement-determinant-de-la-repartition-des-chenes\/","url":"https:\/\/foretnature.be\/en\/resume-foret-mail\/le-gradient-hydrique-des-sols-est-lelement-determinant-de-la-repartition-des-chenes\/","name":"Le gradient hydrique des sols est l\u2019\u00e9l\u00e9ment d\u00e9terminant de la r\u00e9partition des ch\u00eanes - For\u00eat.Nature","isPartOf":{"@id":"https:\/\/foretnature.be\/#website"},"datePublished":"2022-06-16T13:31:00+00:00","dateModified":"2022-06-16T13:31:00+00:00","breadcrumb":{"@id":"https:\/\/foretnature.be\/en\/resume-foret-mail\/le-gradient-hydrique-des-sols-est-lelement-determinant-de-la-repartition-des-chenes\/#breadcrumb"},"inLanguage":"en-GB","potentialAction":[{"@type":"ReadAction","target":["https:\/\/foretnature.be\/en\/resume-foret-mail\/le-gradient-hydrique-des-sols-est-lelement-determinant-de-la-repartition-des-chenes\/"]}]},{"@type":"BreadcrumbList","@id":"https:\/\/foretnature.be\/en\/resume-foret-mail\/le-gradient-hydrique-des-sols-est-lelement-determinant-de-la-repartition-des-chenes\/#breadcrumb","itemListElement":[{"@type":"ListItem","position":1,"name":"Home","item":"https:\/\/foretnature.be\/"},{"@type":"ListItem","position":2,"name":"Le gradient hydrique des sols est l\u2019\u00e9l\u00e9ment d\u00e9terminant de la r\u00e9partition des ch\u00eanes"}]},{"@type":"WebSite","@id":"https:\/\/foretnature.be\/#website","url":"https:\/\/foretnature.be\/","name":"For\u00eat.Nature","description":"Une \u00e9quipe technique au service de la for\u00eat","publisher":{"@id":"https:\/\/foretnature.be\/#organization"},"potentialAction":[{"@type":"SearchAction","target":{"@type":"EntryPoint","urlTemplate":"https:\/\/foretnature.be\/?s={search_term_string}"},"query-input":"required name=search_term_string"}],"inLanguage":"en-GB"},{"@type":"Organization","@id":"https:\/\/foretnature.be\/#organization","name":"For\u00eat.Nature","url":"https:\/\/foretnature.be\/","logo":{"@type":"ImageObject","inLanguage":"en-GB","@id":"https:\/\/foretnature.be\/#\/schema\/logo\/image\/","url":"https:\/\/foretnature.be\/wp-content\/uploads\/2021\/01\/logoFOblanc.png","contentUrl":"https:\/\/foretnature.be\/wp-content\/uploads\/2021\/01\/logoFOblanc.png","width":300,"height":151,"caption":"For\u00eat.Nature"},"image":{"@id":"https:\/\/foretnature.be\/#\/schema\/logo\/image\/"}}]}},"_links":{"self":[{"href":"https:\/\/foretnature.be\/en\/wp-json\/wp\/v2\/resume-foret-mail\/35713"}],"collection":[{"href":"https:\/\/foretnature.be\/en\/wp-json\/wp\/v2\/resume-foret-mail"}],"about":[{"href":"https:\/\/foretnature.be\/en\/wp-json\/wp\/v2\/types\/resume-foret-mail"}],"version-history":[{"count":1,"href":"https:\/\/foretnature.be\/en\/wp-json\/wp\/v2\/resume-foret-mail\/35713\/revisions"}],"predecessor-version":[{"id":35714,"href":"https:\/\/foretnature.be\/en\/wp-json\/wp\/v2\/resume-foret-mail\/35713\/revisions\/35714"}],"wp:attachment":[{"href":"https:\/\/foretnature.be\/en\/wp-json\/wp\/v2\/media?parent=35713"}],"wp:term":[{"taxonomy":"category","embeddable":true,"href":"https:\/\/foretnature.be\/en\/wp-json\/wp\/v2\/categories?post=35713"}],"curies":[{"name":"wp","href":"https:\/\/api.w.org\/{rel}","templated":true}]}}

Le gradient hydrique des sols est l’élément déterminant de la répartition des chênes

<p>Les chênes indigènes sont très diversifiés sur le plan génétique, ce qui leur permet notamment de s’adapter au réchauffement climatique. En revanche, la détermination des différentes espèces est parfois perçue comme problématique en raison des hybridations qui peuvent avoir lieu entre elles, par exemple entre les chênes sessile et pubescent. L’association suisse proQuercus a publié à cet effet une clé de détermination à l’usage des praticiens forestiers, permettant de déterminer les différents types de chênes de manière visuelle. Cette clé propose une approche originale du complexe sessile/pubescent et les caractères morphologiques présentés sont le reflet des réalités génétiques. </p>
<p>L’herbier des chênes du canton de Vaud, qui rassemble plus de 16 000 feuilles de ces arbres, a servi de base à l’établissement de cette clé et a permis de préciser les liens des chênes avec leurs milieux préférentiels. D’autres herbiers cantonaux existent en Suisse, permettant encore d’améliorer les connaissances sur ces essences. Celui du canton du Valais reflète d’ailleurs l’adaptation des populations de chênes au stress climatique. Dans ce canton au climat estival chaud et sec (Valais central), les chênes se sont adaptés en arborant un feuillage pubescent. </p>
<p>En étudiant cet herbier, les potentialités d’adaptation des chênes aux conditions édaphiques et climatiques locales ou régionales ont clairement été mises en évidence, via une modulation des proportions des espèces de chêne du complexe sessile/pubescent. Le gradient hydrique des sols est ainsi l’élément déterminant de la répartition des espèces de chênes. Le chêne pédonculé est cantonné aux milieux lui garantissant un apport en eau continu. Ce critère est donc à prendre en compte pour sa conservation à long terme avec une qualité satisfaisante. Hors des stations humides propices au pédonculé, le complexe sessile/pubescent constitue un réservoir prometteur à disposition des sylviculteurs pour assister l’évolution des populations de chênes. </p>

<p>Les chênes indigènes sont très diversifiés sur le plan génétique, ce qui leur permet notamment de s’adapter au réchauffement climatique. En revanche, la détermination des différentes espèces est parfois perçue comme problématique en raison des hybridations qui peuvent avoir lieu entre elles, par exemple entre les chênes sessile et pubescent. L’association suisse proQuercus a publié [&hellip;]</p>

<!-- This site is optimized with the Yoast SEO plugin v23.2 - https://yoast.com/wordpress/plugins/seo/ -->
<title>Le gradient hydrique des sols est l’élément déterminant de la répartition des chênes - Forêt.Nature</title>
<meta name="robots" content="index, follow, max-snippet:-1, max-image-preview:large, max-video-preview:-1" />
<link rel="canonical" href="https://foretnature.be/en/resume-foret-mail/le-gradient-hydrique-des-sols-est-lelement-determinant-de-la-repartition-des-chenes/" />
<meta property="og:locale" content="en_GB" />
<meta property="og:type" content="article" />
<meta property="og:title" content="Le gradient hydrique des sols est l’élément déterminant de la répartition des chênes - Forêt.Nature" />
<meta property="og:description" content="Les chênes indigènes sont très diversifiés sur le plan génétique, ce qui leur permet notamment de s’adapter au réchauffement climatique. En revanche, la détermination des différentes espèces est parfois perçue comme problématique en raison des hybridations qui peuvent avoir lieu entre elles, par exemple entre les chênes sessile et pubescent. L’association suisse proQuercus a publié [&hellip;]" />
<meta property="og:url" content="https://foretnature.be/en/resume-foret-mail/le-gradient-hydrique-des-sols-est-lelement-determinant-de-la-repartition-des-chenes/" />
<meta property="og:site_name" content="Forêt.Nature" />
<meta name="twitter:card" content="summary_large_image" />
<meta name="twitter:label1" content="Estimated reading time" />
	<meta name="twitter:data1" content="2 minutes" />
<script type="application/ld+json" class="yoast-schema-graph">{"@context":"https://schema.org","@graph":[{"@type":"WebPage","@id":"https://foretnature.be/en/resume-foret-mail/le-gradient-hydrique-des-sols-est-lelement-determinant-de-la-repartition-des-chenes/","url":"https://foretnature.be/en/resume-foret-mail/le-gradient-hydrique-des-sols-est-lelement-determinant-de-la-repartition-des-chenes/","name":"Le gradient hydrique des sols est l’élément déterminant de la répartition des chênes - Forêt.Nature","isPartOf":{"@id":"https://foretnature.be/#website"},"datePublished":"2022-06-16T13:31:00+00:00","dateModified":"2022-06-16T13:31:00+00:00","breadcrumb":{"@id":"https://foretnature.be/en/resume-foret-mail/le-gradient-hydrique-des-sols-est-lelement-determinant-de-la-repartition-des-chenes/#breadcrumb"},"inLanguage":"en-GB","potentialAction":[{"@type":"ReadAction","target":["https://foretnature.be/en/resume-foret-mail/le-gradient-hydrique-des-sols-est-lelement-determinant-de-la-repartition-des-chenes/"]}]},{"@type":"BreadcrumbList","@id":"https://foretnature.be/en/resume-foret-mail/le-gradient-hydrique-des-sols-est-lelement-determinant-de-la-repartition-des-chenes/#breadcrumb","itemListElement":[{"@type":"ListItem","position":1,"name":"Home","item":"https://foretnature.be/"},{"@type":"ListItem","position":2,"name":"Le gradient hydrique des sols est l’élément déterminant de la répartition des chênes"}]},{"@type":"WebSite","@id":"https://foretnature.be/#website","url":"https://foretnature.be/","name":"Forêt.Nature","description":"Une équipe technique au service de la forêt","publisher":{"@id":"https://foretnature.be/#organization"},"potentialAction":[{"@type":"SearchAction","target":{"@type":"EntryPoint","urlTemplate":"https://foretnature.be/?s={search_term_string}"},"query-input":"required name=search_term_string"}],"inLanguage":"en-GB"},{"@type":"Organization","@id":"https://foretnature.be/#organization","name":"Forêt.Nature","url":"https://foretnature.be/","logo":{"@type":"ImageObject","inLanguage":"en-GB","@id":"https://foretnature.be/#/schema/logo/image/","url":"https://foretnature.be/wp-content/uploads/2021/01/logoFOblanc.png","contentUrl":"https://foretnature.be/wp-content/uploads/2021/01/logoFOblanc.png","width":300,"height":151,"caption":"Forêt.Nature"},"image":{"@id":"https://foretnature.be/#/schema/logo/image/"}}]}</script>
<!-- / Yoast SEO plugin. -->

Le gradient hydrique des sols est l’élément déterminant de la répartition des chênes - Forêt.Nature

Les chênes indigènes sont très diversifiés sur le plan génétique, ce qui leur permet notamment de s’adapter au réchauffement climatique. En revanche, la détermination des différentes espèces est parfois perçue comme problématique en raison des hybridations qui peuvent avoir lieu entre elles, par exemple entre les chênes sessile et pubescent. L’association suisse proQuercus a publié [&hellip;]

Forêt.Nature

Une équipe technique au service de la forêt
