{"id":35602,"date":"2022-05-19T10:10:29","date_gmt":"2022-05-19T08:10:29","guid":{"rendered":"https:\/\/foretnature.be\/?post_type=resume-foret-mail&#038;p=35602"},"modified":"2022-05-19T10:10:29","modified_gmt":"2022-05-19T08:10:29","slug":"50-ares-despace-vert-a-moins-de-300-metres-de-chaque-logement","status":"publish","type":"resume-foret-mail","link":"https:\/\/foretnature.be\/en\/resume-foret-mail\/50-ares-despace-vert-a-moins-de-300-metres-de-chaque-logement\/","title":{"rendered":"50 ares d\u2019espace vert \u00e0 moins de 300 m\u00e8tres de chaque logement"},"content":{"rendered":"<p>Les villes manquent trop souvent d\u2019espaces verts accessibles. Elles constituent des hotspots de pollution de l\u2019air, de bruit, de chaleur et de maladies, menant chaque ann\u00e9e \u00e0 un nombre consid\u00e9rable de d\u00e9c\u00e8s pr\u00e9matur\u00e9s. Pourtant, les espaces verts sont b\u00e9n\u00e9fiques \u00e0 notre sant\u00e9 : ils att\u00e9nuent les probl\u00e8mes de sant\u00e9 mentale et diminuent le nombre de maladies cardiovasculaires, am\u00e9liorent le fonctionnement cognitif des enfants, offrent une meilleure sant\u00e9 aux personnes plus \u00e2g\u00e9es et donnent facilement l\u2019opportunit\u00e9 de pratiquer du sport ou d\u2019interagir avec son entourage. L\u2019Organisation Mondiale de la Sant\u00e9 recommande donc la pr\u00e9sence d\u2019un espace vert d\u2019au moins 0,5 ha \u00e0 une distance lin\u00e9aire de maximum 300 m\u00e8tres de chaque logement.<\/p>\n<p>Une \u00e9quipe du Barcelona Institute of Global Health a \u00e9tudi\u00e9 plus de mille villes \u00e0 travers toute l\u2019Europe et identifi\u00e9 celles dont la mortalit\u00e9 attribuable \u00e0 un manque d\u2019espaces verts est la plus faible et la plus \u00e9lev\u00e9e. En prenant en compte tous les types de v\u00e9g\u00e9tation pr\u00e9sents en ville sur base d\u2019images satellitaires, les chercheurs ont ainsi conclu que 62 % de la population urbaine europ\u00e9enne vit dans des zones qui ne rencontrent pas les recommandations de l\u2019OMS, en particulier dans les quartiers pauvres. Jusqu\u2019\u00e0 43.000 d\u00e9c\u00e8s pourraient pourtant \u00eatre \u00e9vit\u00e9s chaque ann\u00e9e dans ces villes si elles respectaient les lignes de conduite prescrites.<\/p>\n<p>En plus de la quantit\u00e9 de v\u00e9g\u00e9tation pr\u00e9sente en ville, c\u2019est l\u2019accessibilit\u00e9 et la proximit\u00e9 aux habitations qui est d\u2019une importance capitale. En Europe et au Royaume-Uni, les villes pr\u00e9sentent un \u00ab foss\u00e9 d\u2019espaces verts \u00bb entre les r\u00e9sidents plus ais\u00e9s vivant dans les zones verdoyantes et les habitants plus pauvres cantonn\u00e9s dans les cit\u00e9s sans verdure. Une distribution homog\u00e8ne des espaces verts est ainsi primordiale.<\/p>","protected":false},"excerpt":{"rendered":"<p>Les villes manquent trop souvent d\u2019espaces verts accessibles. Elles constituent des hotspots de pollution de l\u2019air, de bruit, de chaleur et de maladies, menant chaque ann\u00e9e \u00e0 un nombre consid\u00e9rable de d\u00e9c\u00e8s pr\u00e9matur\u00e9s. Pourtant, les espaces verts sont b\u00e9n\u00e9fiques \u00e0 notre sant\u00e9 : ils att\u00e9nuent les probl\u00e8mes de sant\u00e9 mentale et diminuent le nombre de [&hellip;]<\/p>","protected":false},"featured_media":0,"template":"","categories":[50],"acf":[],"yoast_head":"<!-- This site is optimized with the Yoast SEO plugin v23.2 - https:\/\/yoast.com\/wordpress\/plugins\/seo\/ -->\n<title>50 ares d\u2019espace vert \u00e0 moins de 300 m\u00e8tres de chaque logement - For\u00eat.Nature<\/title>\n<meta name=\"robots\" content=\"index, follow, max-snippet:-1, max-image-preview:large, max-video-preview:-1\" \/>\n<link rel=\"canonical\" href=\"https:\/\/foretnature.be\/en\/resume-foret-mail\/50-ares-despace-vert-a-moins-de-300-metres-de-chaque-logement\/\" \/>\n<meta property=\"og:locale\" content=\"en_GB\" \/>\n<meta property=\"og:type\" content=\"article\" \/>\n<meta property=\"og:title\" content=\"50 ares d\u2019espace vert \u00e0 moins de 300 m\u00e8tres de chaque logement - For\u00eat.Nature\" \/>\n<meta property=\"og:description\" content=\"Les villes manquent trop souvent d\u2019espaces verts accessibles. Elles constituent des hotspots de pollution de l\u2019air, de bruit, de chaleur et de maladies, menant chaque ann\u00e9e \u00e0 un nombre consid\u00e9rable de d\u00e9c\u00e8s pr\u00e9matur\u00e9s. Pourtant, les espaces verts sont b\u00e9n\u00e9fiques \u00e0 notre sant\u00e9 : ils att\u00e9nuent les probl\u00e8mes de sant\u00e9 mentale et diminuent le nombre de [&hellip;]\" \/>\n<meta property=\"og:url\" content=\"https:\/\/foretnature.be\/en\/resume-foret-mail\/50-ares-despace-vert-a-moins-de-300-metres-de-chaque-logement\/\" \/>\n<meta property=\"og:site_name\" content=\"For\u00eat.Nature\" \/>\n<meta name=\"twitter:card\" content=\"summary_large_image\" \/>\n<meta name=\"twitter:label1\" content=\"Estimated reading time\" \/>\n\t<meta name=\"twitter:data1\" content=\"2 minutes\" \/>\n<script type=\"application\/ld+json\" class=\"yoast-schema-graph\">{\"@context\":\"https:\/\/schema.org\",\"@graph\":[{\"@type\":\"WebPage\",\"@id\":\"https:\/\/foretnature.be\/resume-foret-mail\/50-ares-despace-vert-a-moins-de-300-metres-de-chaque-logement\/\",\"url\":\"https:\/\/foretnature.be\/resume-foret-mail\/50-ares-despace-vert-a-moins-de-300-metres-de-chaque-logement\/\",\"name\":\"50 ares d\u2019espace vert \u00e0 moins de 300 m\u00e8tres de chaque logement - For\u00eat.Nature\",\"isPartOf\":{\"@id\":\"https:\/\/foretnature.be\/en\/#website\"},\"datePublished\":\"2022-05-19T08:10:29+00:00\",\"dateModified\":\"2022-05-19T08:10:29+00:00\",\"breadcrumb\":{\"@id\":\"https:\/\/foretnature.be\/resume-foret-mail\/50-ares-despace-vert-a-moins-de-300-metres-de-chaque-logement\/#breadcrumb\"},\"inLanguage\":\"en-GB\",\"potentialAction\":[{\"@type\":\"ReadAction\",\"target\":[\"https:\/\/foretnature.be\/resume-foret-mail\/50-ares-despace-vert-a-moins-de-300-metres-de-chaque-logement\/\"]}]},{\"@type\":\"BreadcrumbList\",\"@id\":\"https:\/\/foretnature.be\/resume-foret-mail\/50-ares-despace-vert-a-moins-de-300-metres-de-chaque-logement\/#breadcrumb\",\"itemListElement\":[{\"@type\":\"ListItem\",\"position\":1,\"name\":\"Home\",\"item\":\"https:\/\/foretnature.be\/en\/\"},{\"@type\":\"ListItem\",\"position\":2,\"name\":\"50 ares d\u2019espace vert \u00e0 moins de 300 m\u00e8tres de chaque logement\"}]},{\"@type\":\"WebSite\",\"@id\":\"https:\/\/foretnature.be\/en\/#website\",\"url\":\"https:\/\/foretnature.be\/en\/\",\"name\":\"For\u00eat.Nature\",\"description\":\"Une \u00e9quipe technique au service de la for\u00eat\",\"publisher\":{\"@id\":\"https:\/\/foretnature.be\/en\/#organization\"},\"potentialAction\":[{\"@type\":\"SearchAction\",\"target\":{\"@type\":\"EntryPoint\",\"urlTemplate\":\"https:\/\/foretnature.be\/en\/?s={search_term_string}\"},\"query-input\":\"required name=search_term_string\"}],\"inLanguage\":\"en-GB\"},{\"@type\":\"Organization\",\"@id\":\"https:\/\/foretnature.be\/en\/#organization\",\"name\":\"For\u00eat.Nature\",\"url\":\"https:\/\/foretnature.be\/en\/\",\"logo\":{\"@type\":\"ImageObject\",\"inLanguage\":\"en-GB\",\"@id\":\"https:\/\/foretnature.be\/en\/#\/schema\/logo\/image\/\",\"url\":\"https:\/\/foretnature.be\/wp-content\/uploads\/2021\/01\/logoFOblanc.png\",\"contentUrl\":\"https:\/\/foretnature.be\/wp-content\/uploads\/2021\/01\/logoFOblanc.png\",\"width\":300,\"height\":151,\"caption\":\"For\u00eat.Nature\"},\"image\":{\"@id\":\"https:\/\/foretnature.be\/en\/#\/schema\/logo\/image\/\"}}]}<\/script>\n<!-- \/ Yoast SEO plugin. -->","yoast_head_json":{"title":"50 ares d\u2019espace vert \u00e0 moins de 300 m\u00e8tres de chaque logement - For\u00eat.Nature","robots":{"index":"index","follow":"follow","max-snippet":"max-snippet:-1","max-image-preview":"max-image-preview:large","max-video-preview":"max-video-preview:-1"},"canonical":"https:\/\/foretnature.be\/en\/resume-foret-mail\/50-ares-despace-vert-a-moins-de-300-metres-de-chaque-logement\/","og_locale":"en_GB","og_type":"article","og_title":"50 ares d\u2019espace vert \u00e0 moins de 300 m\u00e8tres de chaque logement - For\u00eat.Nature","og_description":"Les villes manquent trop souvent d\u2019espaces verts accessibles. Elles constituent des hotspots de pollution de l\u2019air, de bruit, de chaleur et de maladies, menant chaque ann\u00e9e \u00e0 un nombre consid\u00e9rable de d\u00e9c\u00e8s pr\u00e9matur\u00e9s. Pourtant, les espaces verts sont b\u00e9n\u00e9fiques \u00e0 notre sant\u00e9 : ils att\u00e9nuent les probl\u00e8mes de sant\u00e9 mentale et diminuent le nombre de [&hellip;]","og_url":"https:\/\/foretnature.be\/en\/resume-foret-mail\/50-ares-despace-vert-a-moins-de-300-metres-de-chaque-logement\/","og_site_name":"For\u00eat.Nature","twitter_card":"summary_large_image","twitter_misc":{"Estimated reading time":"2 minutes"},"schema":{"@context":"https:\/\/schema.org","@graph":[{"@type":"WebPage","@id":"https:\/\/foretnature.be\/resume-foret-mail\/50-ares-despace-vert-a-moins-de-300-metres-de-chaque-logement\/","url":"https:\/\/foretnature.be\/resume-foret-mail\/50-ares-despace-vert-a-moins-de-300-metres-de-chaque-logement\/","name":"50 ares d\u2019espace vert \u00e0 moins de 300 m\u00e8tres de chaque logement - For\u00eat.Nature","isPartOf":{"@id":"https:\/\/foretnature.be\/en\/#website"},"datePublished":"2022-05-19T08:10:29+00:00","dateModified":"2022-05-19T08:10:29+00:00","breadcrumb":{"@id":"https:\/\/foretnature.be\/resume-foret-mail\/50-ares-despace-vert-a-moins-de-300-metres-de-chaque-logement\/#breadcrumb"},"inLanguage":"en-GB","potentialAction":[{"@type":"ReadAction","target":["https:\/\/foretnature.be\/resume-foret-mail\/50-ares-despace-vert-a-moins-de-300-metres-de-chaque-logement\/"]}]},{"@type":"BreadcrumbList","@id":"https:\/\/foretnature.be\/resume-foret-mail\/50-ares-despace-vert-a-moins-de-300-metres-de-chaque-logement\/#breadcrumb","itemListElement":[{"@type":"ListItem","position":1,"name":"Home","item":"https:\/\/foretnature.be\/en\/"},{"@type":"ListItem","position":2,"name":"50 ares d\u2019espace vert \u00e0 moins de 300 m\u00e8tres de chaque logement"}]},{"@type":"WebSite","@id":"https:\/\/foretnature.be\/en\/#website","url":"https:\/\/foretnature.be\/en\/","name":"For\u00eat.Nature","description":"Une \u00e9quipe technique au service de la for\u00eat","publisher":{"@id":"https:\/\/foretnature.be\/en\/#organization"},"potentialAction":[{"@type":"SearchAction","target":{"@type":"EntryPoint","urlTemplate":"https:\/\/foretnature.be\/en\/?s={search_term_string}"},"query-input":"required name=search_term_string"}],"inLanguage":"en-GB"},{"@type":"Organization","@id":"https:\/\/foretnature.be\/en\/#organization","name":"For\u00eat.Nature","url":"https:\/\/foretnature.be\/en\/","logo":{"@type":"ImageObject","inLanguage":"en-GB","@id":"https:\/\/foretnature.be\/en\/#\/schema\/logo\/image\/","url":"https:\/\/foretnature.be\/wp-content\/uploads\/2021\/01\/logoFOblanc.png","contentUrl":"https:\/\/foretnature.be\/wp-content\/uploads\/2021\/01\/logoFOblanc.png","width":300,"height":151,"caption":"For\u00eat.Nature"},"image":{"@id":"https:\/\/foretnature.be\/en\/#\/schema\/logo\/image\/"}}]}},"_links":{"self":[{"href":"https:\/\/foretnature.be\/en\/wp-json\/wp\/v2\/resume-foret-mail\/35602"}],"collection":[{"href":"https:\/\/foretnature.be\/en\/wp-json\/wp\/v2\/resume-foret-mail"}],"about":[{"href":"https:\/\/foretnature.be\/en\/wp-json\/wp\/v2\/types\/resume-foret-mail"}],"version-history":[{"count":1,"href":"https:\/\/foretnature.be\/en\/wp-json\/wp\/v2\/resume-foret-mail\/35602\/revisions"}],"predecessor-version":[{"id":35603,"href":"https:\/\/foretnature.be\/en\/wp-json\/wp\/v2\/resume-foret-mail\/35602\/revisions\/35603"}],"wp:attachment":[{"href":"https:\/\/foretnature.be\/en\/wp-json\/wp\/v2\/media?parent=35602"}],"wp:term":[{"taxonomy":"category","embeddable":true,"href":"https:\/\/foretnature.be\/en\/wp-json\/wp\/v2\/categories?post=35602"}],"curies":[{"name":"wp","href":"https:\/\/api.w.org\/{rel}","templated":true}]}}

50 ares d’espace vert à moins de 300 mètres de chaque logement

<p>Les villes manquent trop souvent d’espaces verts accessibles. Elles constituent des hotspots de pollution de l’air, de bruit, de chaleur et de maladies, menant chaque année à un nombre considérable de décès prématurés. Pourtant, les espaces verts sont bénéfiques à notre santé : ils atténuent les problèmes de santé mentale et diminuent le nombre de maladies cardiovasculaires, améliorent le fonctionnement cognitif des enfants, offrent une meilleure santé aux personnes plus âgées et donnent facilement l’opportunité de pratiquer du sport ou d’interagir avec son entourage. L’Organisation Mondiale de la Santé recommande donc la présence d’un espace vert d’au moins 0,5 ha à une distance linéaire de maximum 300 mètres de chaque logement.</p>
<p>Une équipe du Barcelona Institute of Global Health a étudié plus de mille villes à travers toute l’Europe et identifié celles dont la mortalité attribuable à un manque d’espaces verts est la plus faible et la plus élevée. En prenant en compte tous les types de végétation présents en ville sur base d’images satellitaires, les chercheurs ont ainsi conclu que 62 % de la population urbaine européenne vit dans des zones qui ne rencontrent pas les recommandations de l’OMS, en particulier dans les quartiers pauvres. Jusqu’à 43.000 décès pourraient pourtant être évités chaque année dans ces villes si elles respectaient les lignes de conduite prescrites.</p>
<p>En plus de la quantité de végétation présente en ville, c’est l’accessibilité et la proximité aux habitations qui est d’une importance capitale. En Europe et au Royaume-Uni, les villes présentent un « fossé d’espaces verts » entre les résidents plus aisés vivant dans les zones verdoyantes et les habitants plus pauvres cantonnés dans les cités sans verdure. Une distribution homogène des espaces verts est ainsi primordiale.</p>

<p>Les villes manquent trop souvent d’espaces verts accessibles. Elles constituent des hotspots de pollution de l’air, de bruit, de chaleur et de maladies, menant chaque année à un nombre considérable de décès prématurés. Pourtant, les espaces verts sont bénéfiques à notre santé : ils atténuent les problèmes de santé mentale et diminuent le nombre de [&hellip;]</p>

<!-- This site is optimized with the Yoast SEO plugin v23.2 - https://yoast.com/wordpress/plugins/seo/ -->
<title>50 ares d’espace vert à moins de 300 mètres de chaque logement - Forêt.Nature</title>
<meta name="robots" content="index, follow, max-snippet:-1, max-image-preview:large, max-video-preview:-1" />
<link rel="canonical" href="https://foretnature.be/en/resume-foret-mail/50-ares-despace-vert-a-moins-de-300-metres-de-chaque-logement/" />
<meta property="og:locale" content="en_GB" />
<meta property="og:type" content="article" />
<meta property="og:title" content="50 ares d’espace vert à moins de 300 mètres de chaque logement - Forêt.Nature" />
<meta property="og:description" content="Les villes manquent trop souvent d’espaces verts accessibles. Elles constituent des hotspots de pollution de l’air, de bruit, de chaleur et de maladies, menant chaque année à un nombre considérable de décès prématurés. Pourtant, les espaces verts sont bénéfiques à notre santé : ils atténuent les problèmes de santé mentale et diminuent le nombre de [&hellip;]" />
<meta property="og:url" content="https://foretnature.be/en/resume-foret-mail/50-ares-despace-vert-a-moins-de-300-metres-de-chaque-logement/" />
<meta property="og:site_name" content="Forêt.Nature" />
<meta name="twitter:card" content="summary_large_image" />
<meta name="twitter:label1" content="Estimated reading time" />
	<meta name="twitter:data1" content="2 minutes" />
<script type="application/ld+json" class="yoast-schema-graph">{"@context":"https://schema.org","@graph":[{"@type":"WebPage","@id":"https://foretnature.be/resume-foret-mail/50-ares-despace-vert-a-moins-de-300-metres-de-chaque-logement/","url":"https://foretnature.be/resume-foret-mail/50-ares-despace-vert-a-moins-de-300-metres-de-chaque-logement/","name":"50 ares d’espace vert à moins de 300 mètres de chaque logement - Forêt.Nature","isPartOf":{"@id":"https://foretnature.be/en/#website"},"datePublished":"2022-05-19T08:10:29+00:00","dateModified":"2022-05-19T08:10:29+00:00","breadcrumb":{"@id":"https://foretnature.be/resume-foret-mail/50-ares-despace-vert-a-moins-de-300-metres-de-chaque-logement/#breadcrumb"},"inLanguage":"en-GB","potentialAction":[{"@type":"ReadAction","target":["https://foretnature.be/resume-foret-mail/50-ares-despace-vert-a-moins-de-300-metres-de-chaque-logement/"]}]},{"@type":"BreadcrumbList","@id":"https://foretnature.be/resume-foret-mail/50-ares-despace-vert-a-moins-de-300-metres-de-chaque-logement/#breadcrumb","itemListElement":[{"@type":"ListItem","position":1,"name":"Home","item":"https://foretnature.be/en/"},{"@type":"ListItem","position":2,"name":"50 ares d’espace vert à moins de 300 mètres de chaque logement"}]},{"@type":"WebSite","@id":"https://foretnature.be/en/#website","url":"https://foretnature.be/en/","name":"Forêt.Nature","description":"Une équipe technique au service de la forêt","publisher":{"@id":"https://foretnature.be/en/#organization"},"potentialAction":[{"@type":"SearchAction","target":{"@type":"EntryPoint","urlTemplate":"https://foretnature.be/en/?s={search_term_string}"},"query-input":"required name=search_term_string"}],"inLanguage":"en-GB"},{"@type":"Organization","@id":"https://foretnature.be/en/#organization","name":"Forêt.Nature","url":"https://foretnature.be/en/","logo":{"@type":"ImageObject","inLanguage":"en-GB","@id":"https://foretnature.be/en/#/schema/logo/image/","url":"https://foretnature.be/wp-content/uploads/2021/01/logoFOblanc.png","contentUrl":"https://foretnature.be/wp-content/uploads/2021/01/logoFOblanc.png","width":300,"height":151,"caption":"Forêt.Nature"},"image":{"@id":"https://foretnature.be/en/#/schema/logo/image/"}}]}</script>
<!-- / Yoast SEO plugin. -->

50 ares d’espace vert à moins de 300 mètres de chaque logement - Forêt.Nature

Les villes manquent trop souvent d’espaces verts accessibles. Elles constituent des hotspots de pollution de l’air, de bruit, de chaleur et de maladies, menant chaque année à un nombre considérable de décès prématurés. Pourtant, les espaces verts sont bénéfiques à notre santé : ils atténuent les problèmes de santé mentale et diminuent le nombre de [&hellip;]

Forêt.Nature

Une équipe technique au service de la forêt
