{"id":35513,"date":"2022-05-10T13:16:11","date_gmt":"2022-05-10T11:16:11","guid":{"rendered":"https:\/\/foretnature.be\/?post_type=resume-foret-mail&#038;p=35513"},"modified":"2022-05-10T13:16:11","modified_gmt":"2022-05-10T11:16:11","slug":"comment-organiser-les-paysages-de-maniere-adequate-pour-la-biodiversite-forestiere","status":"publish","type":"resume-foret-mail","link":"https:\/\/foretnature.be\/en\/resume-foret-mail\/comment-organiser-les-paysages-de-maniere-adequate-pour-la-biodiversite-forestiere\/","title":{"rendered":"Comment organiser les paysages de mani\u00e8re ad\u00e9quate pour la biodiversit\u00e9 foresti\u00e8re ?"},"content":{"rendered":"<p>Bien que les for\u00eats repr\u00e9sentent l\u2019\u00e9cosyst\u00e8me terrestre le plus r\u00e9pandu sur Terre, elles ont \u00e9t\u00e9 modifi\u00e9es au cours de l\u2019histoire par l\u2019agriculture et le d\u00e9veloppement de nos infrastructures humaines. Comment, d\u00e8s lors, organiser les paysages de mani\u00e8re ad\u00e9quate et coh\u00e9rente vis-\u00e0-vis de la biodiversit\u00e9 ? Cette \u00e9tude a combin\u00e9 diff\u00e9rents concepts empiriques pour d\u00e9finir des sc\u00e9narios paysagers optimaux pour les esp\u00e8ces foresti\u00e8res.<\/p>\n<p>&nbsp;<\/p>\n<p>Plusieurs \u00e9tudes th\u00e9oriques indiquent en effet que la biodiversit\u00e9 foresti\u00e8re diminue fortement dans les paysages avec moins de 10 \u00e0 30 % d\u2019habitat forestier r\u00e9siduel. Le \u00ab paysage optimal \u00bb propos\u00e9 ici devrait donc contenir au moins 40 % de couverture foresti\u00e8re, cette proportion devenant encore plus importante au niveau des tropiques et dans les paysages dont la matrice non foresti\u00e8re est de mauvaise qualit\u00e9. Ces 40 % de couverture foresti\u00e8re devraient \u00eatre r\u00e9partis comme suit :<br \/>\n10 % organis\u00e9s en une grande parcelle d\u2019un seul tenant,<br \/>\nles 30 % restants r\u00e9partis en plusieurs patchs forestiers de taille plus r\u00e9duite, distribu\u00e9s de fa\u00e7on uniforme dans le paysage ou en plusieurs \u00e9l\u00e9ments arbor\u00e9s semi-naturels jouant le r\u00f4le de corridor \u00e9cologique.<\/p>\n<p>Ces diff\u00e9rentes parcelles doivent \u00eatre int\u00e9gr\u00e9es \u00e0 une matrice globale de haute qualit\u00e9. \u00c9videmment, les for\u00eats existantes ne doivent pas \u00eatre converties en ce \u00ab paysage optimal \u00bb, la priorit\u00e9 \u00e9tant leur pr\u00e9servation. Le paysage doit aussi \u00eatre suffisamment grand pour que 10 % de sa surface r\u00e9pondent aux exigences minimales en termes d\u2019habitat des esp\u00e8ces vivant dans les for\u00eats \u00e9tendues. Les sc\u00e9narios paysagers propos\u00e9s dans cette \u00e9tude repr\u00e9sentent ainsi un compromis optimal entre l\u2019apport de biens et services pour l\u2019humain et la pr\u00e9servation de la majorit\u00e9 de la biodiversit\u00e9 foresti\u00e8re.<\/p>","protected":false},"excerpt":{"rendered":"<p>Bien que les for\u00eats repr\u00e9sentent l\u2019\u00e9cosyst\u00e8me terrestre le plus r\u00e9pandu sur Terre, elles ont \u00e9t\u00e9 modifi\u00e9es au cours de l\u2019histoire par l\u2019agriculture et le d\u00e9veloppement de nos infrastructures humaines. Comment, d\u00e8s lors, organiser les paysages de mani\u00e8re ad\u00e9quate et coh\u00e9rente vis-\u00e0-vis de la biodiversit\u00e9 ? Cette \u00e9tude a combin\u00e9 diff\u00e9rents concepts empiriques pour d\u00e9finir des [&hellip;]<\/p>","protected":false},"featured_media":0,"template":"","categories":[50],"acf":[],"yoast_head":"<!-- This site is optimized with the Yoast SEO plugin v23.2 - https:\/\/yoast.com\/wordpress\/plugins\/seo\/ -->\n<title>Comment organiser les paysages de mani\u00e8re ad\u00e9quate pour la biodiversit\u00e9 foresti\u00e8re ? - For\u00eat.Nature<\/title>\n<meta name=\"robots\" content=\"index, follow, max-snippet:-1, max-image-preview:large, max-video-preview:-1\" \/>\n<link rel=\"canonical\" href=\"https:\/\/foretnature.be\/en\/resume-foret-mail\/comment-organiser-les-paysages-de-maniere-adequate-pour-la-biodiversite-forestiere\/\" \/>\n<meta property=\"og:locale\" content=\"en_GB\" \/>\n<meta property=\"og:type\" content=\"article\" \/>\n<meta property=\"og:title\" content=\"Comment organiser les paysages de mani\u00e8re ad\u00e9quate pour la biodiversit\u00e9 foresti\u00e8re ? - For\u00eat.Nature\" \/>\n<meta property=\"og:description\" content=\"Bien que les for\u00eats repr\u00e9sentent l\u2019\u00e9cosyst\u00e8me terrestre le plus r\u00e9pandu sur Terre, elles ont \u00e9t\u00e9 modifi\u00e9es au cours de l\u2019histoire par l\u2019agriculture et le d\u00e9veloppement de nos infrastructures humaines. Comment, d\u00e8s lors, organiser les paysages de mani\u00e8re ad\u00e9quate et coh\u00e9rente vis-\u00e0-vis de la biodiversit\u00e9 ? Cette \u00e9tude a combin\u00e9 diff\u00e9rents concepts empiriques pour d\u00e9finir des [&hellip;]\" \/>\n<meta property=\"og:url\" content=\"https:\/\/foretnature.be\/en\/resume-foret-mail\/comment-organiser-les-paysages-de-maniere-adequate-pour-la-biodiversite-forestiere\/\" \/>\n<meta property=\"og:site_name\" content=\"For\u00eat.Nature\" \/>\n<meta name=\"twitter:card\" content=\"summary_large_image\" \/>\n<meta name=\"twitter:label1\" content=\"Estimated reading time\" \/>\n\t<meta name=\"twitter:data1\" content=\"2 minutes\" \/>\n<script type=\"application\/ld+json\" class=\"yoast-schema-graph\">{\"@context\":\"https:\/\/schema.org\",\"@graph\":[{\"@type\":\"WebPage\",\"@id\":\"https:\/\/foretnature.be\/en\/resume-foret-mail\/comment-organiser-les-paysages-de-maniere-adequate-pour-la-biodiversite-forestiere\/\",\"url\":\"https:\/\/foretnature.be\/en\/resume-foret-mail\/comment-organiser-les-paysages-de-maniere-adequate-pour-la-biodiversite-forestiere\/\",\"name\":\"Comment organiser les paysages de mani\u00e8re ad\u00e9quate pour la biodiversit\u00e9 foresti\u00e8re ? - For\u00eat.Nature\",\"isPartOf\":{\"@id\":\"https:\/\/foretnature.be\/#website\"},\"datePublished\":\"2022-05-10T11:16:11+00:00\",\"dateModified\":\"2022-05-10T11:16:11+00:00\",\"breadcrumb\":{\"@id\":\"https:\/\/foretnature.be\/en\/resume-foret-mail\/comment-organiser-les-paysages-de-maniere-adequate-pour-la-biodiversite-forestiere\/#breadcrumb\"},\"inLanguage\":\"en-GB\",\"potentialAction\":[{\"@type\":\"ReadAction\",\"target\":[\"https:\/\/foretnature.be\/en\/resume-foret-mail\/comment-organiser-les-paysages-de-maniere-adequate-pour-la-biodiversite-forestiere\/\"]}]},{\"@type\":\"BreadcrumbList\",\"@id\":\"https:\/\/foretnature.be\/en\/resume-foret-mail\/comment-organiser-les-paysages-de-maniere-adequate-pour-la-biodiversite-forestiere\/#breadcrumb\",\"itemListElement\":[{\"@type\":\"ListItem\",\"position\":1,\"name\":\"Home\",\"item\":\"https:\/\/foretnature.be\/\"},{\"@type\":\"ListItem\",\"position\":2,\"name\":\"Comment organiser les paysages de mani\u00e8re ad\u00e9quate pour la biodiversit\u00e9 foresti\u00e8re ?\"}]},{\"@type\":\"WebSite\",\"@id\":\"https:\/\/foretnature.be\/#website\",\"url\":\"https:\/\/foretnature.be\/\",\"name\":\"For\u00eat.Nature\",\"description\":\"Une \u00e9quipe technique au service de la for\u00eat\",\"publisher\":{\"@id\":\"https:\/\/foretnature.be\/#organization\"},\"potentialAction\":[{\"@type\":\"SearchAction\",\"target\":{\"@type\":\"EntryPoint\",\"urlTemplate\":\"https:\/\/foretnature.be\/?s={search_term_string}\"},\"query-input\":\"required name=search_term_string\"}],\"inLanguage\":\"en-GB\"},{\"@type\":\"Organization\",\"@id\":\"https:\/\/foretnature.be\/#organization\",\"name\":\"For\u00eat.Nature\",\"url\":\"https:\/\/foretnature.be\/\",\"logo\":{\"@type\":\"ImageObject\",\"inLanguage\":\"en-GB\",\"@id\":\"https:\/\/foretnature.be\/#\/schema\/logo\/image\/\",\"url\":\"https:\/\/foretnature.be\/wp-content\/uploads\/2021\/01\/logoFOblanc.png\",\"contentUrl\":\"https:\/\/foretnature.be\/wp-content\/uploads\/2021\/01\/logoFOblanc.png\",\"width\":300,\"height\":151,\"caption\":\"For\u00eat.Nature\"},\"image\":{\"@id\":\"https:\/\/foretnature.be\/#\/schema\/logo\/image\/\"}}]}<\/script>\n<!-- \/ Yoast SEO plugin. -->","yoast_head_json":{"title":"Comment organiser les paysages de mani\u00e8re ad\u00e9quate pour la biodiversit\u00e9 foresti\u00e8re ? - For\u00eat.Nature","robots":{"index":"index","follow":"follow","max-snippet":"max-snippet:-1","max-image-preview":"max-image-preview:large","max-video-preview":"max-video-preview:-1"},"canonical":"https:\/\/foretnature.be\/en\/resume-foret-mail\/comment-organiser-les-paysages-de-maniere-adequate-pour-la-biodiversite-forestiere\/","og_locale":"en_GB","og_type":"article","og_title":"Comment organiser les paysages de mani\u00e8re ad\u00e9quate pour la biodiversit\u00e9 foresti\u00e8re ? - For\u00eat.Nature","og_description":"Bien que les for\u00eats repr\u00e9sentent l\u2019\u00e9cosyst\u00e8me terrestre le plus r\u00e9pandu sur Terre, elles ont \u00e9t\u00e9 modifi\u00e9es au cours de l\u2019histoire par l\u2019agriculture et le d\u00e9veloppement de nos infrastructures humaines. Comment, d\u00e8s lors, organiser les paysages de mani\u00e8re ad\u00e9quate et coh\u00e9rente vis-\u00e0-vis de la biodiversit\u00e9 ? Cette \u00e9tude a combin\u00e9 diff\u00e9rents concepts empiriques pour d\u00e9finir des [&hellip;]","og_url":"https:\/\/foretnature.be\/en\/resume-foret-mail\/comment-organiser-les-paysages-de-maniere-adequate-pour-la-biodiversite-forestiere\/","og_site_name":"For\u00eat.Nature","twitter_card":"summary_large_image","twitter_misc":{"Estimated reading time":"2 minutes"},"schema":{"@context":"https:\/\/schema.org","@graph":[{"@type":"WebPage","@id":"https:\/\/foretnature.be\/en\/resume-foret-mail\/comment-organiser-les-paysages-de-maniere-adequate-pour-la-biodiversite-forestiere\/","url":"https:\/\/foretnature.be\/en\/resume-foret-mail\/comment-organiser-les-paysages-de-maniere-adequate-pour-la-biodiversite-forestiere\/","name":"Comment organiser les paysages de mani\u00e8re ad\u00e9quate pour la biodiversit\u00e9 foresti\u00e8re ? - For\u00eat.Nature","isPartOf":{"@id":"https:\/\/foretnature.be\/#website"},"datePublished":"2022-05-10T11:16:11+00:00","dateModified":"2022-05-10T11:16:11+00:00","breadcrumb":{"@id":"https:\/\/foretnature.be\/en\/resume-foret-mail\/comment-organiser-les-paysages-de-maniere-adequate-pour-la-biodiversite-forestiere\/#breadcrumb"},"inLanguage":"en-GB","potentialAction":[{"@type":"ReadAction","target":["https:\/\/foretnature.be\/en\/resume-foret-mail\/comment-organiser-les-paysages-de-maniere-adequate-pour-la-biodiversite-forestiere\/"]}]},{"@type":"BreadcrumbList","@id":"https:\/\/foretnature.be\/en\/resume-foret-mail\/comment-organiser-les-paysages-de-maniere-adequate-pour-la-biodiversite-forestiere\/#breadcrumb","itemListElement":[{"@type":"ListItem","position":1,"name":"Home","item":"https:\/\/foretnature.be\/"},{"@type":"ListItem","position":2,"name":"Comment organiser les paysages de mani\u00e8re ad\u00e9quate pour la biodiversit\u00e9 foresti\u00e8re ?"}]},{"@type":"WebSite","@id":"https:\/\/foretnature.be\/#website","url":"https:\/\/foretnature.be\/","name":"For\u00eat.Nature","description":"Une \u00e9quipe technique au service de la for\u00eat","publisher":{"@id":"https:\/\/foretnature.be\/#organization"},"potentialAction":[{"@type":"SearchAction","target":{"@type":"EntryPoint","urlTemplate":"https:\/\/foretnature.be\/?s={search_term_string}"},"query-input":"required name=search_term_string"}],"inLanguage":"en-GB"},{"@type":"Organization","@id":"https:\/\/foretnature.be\/#organization","name":"For\u00eat.Nature","url":"https:\/\/foretnature.be\/","logo":{"@type":"ImageObject","inLanguage":"en-GB","@id":"https:\/\/foretnature.be\/#\/schema\/logo\/image\/","url":"https:\/\/foretnature.be\/wp-content\/uploads\/2021\/01\/logoFOblanc.png","contentUrl":"https:\/\/foretnature.be\/wp-content\/uploads\/2021\/01\/logoFOblanc.png","width":300,"height":151,"caption":"For\u00eat.Nature"},"image":{"@id":"https:\/\/foretnature.be\/#\/schema\/logo\/image\/"}}]}},"_links":{"self":[{"href":"https:\/\/foretnature.be\/en\/wp-json\/wp\/v2\/resume-foret-mail\/35513"}],"collection":[{"href":"https:\/\/foretnature.be\/en\/wp-json\/wp\/v2\/resume-foret-mail"}],"about":[{"href":"https:\/\/foretnature.be\/en\/wp-json\/wp\/v2\/types\/resume-foret-mail"}],"version-history":[{"count":1,"href":"https:\/\/foretnature.be\/en\/wp-json\/wp\/v2\/resume-foret-mail\/35513\/revisions"}],"predecessor-version":[{"id":35514,"href":"https:\/\/foretnature.be\/en\/wp-json\/wp\/v2\/resume-foret-mail\/35513\/revisions\/35514"}],"wp:attachment":[{"href":"https:\/\/foretnature.be\/en\/wp-json\/wp\/v2\/media?parent=35513"}],"wp:term":[{"taxonomy":"category","embeddable":true,"href":"https:\/\/foretnature.be\/en\/wp-json\/wp\/v2\/categories?post=35513"}],"curies":[{"name":"wp","href":"https:\/\/api.w.org\/{rel}","templated":true}]}}

Comment organiser les paysages de manière adéquate pour la biodiversité forestière ?

<p>Bien que les forêts représentent l’écosystème terrestre le plus répandu sur Terre, elles ont été modifiées au cours de l’histoire par l’agriculture et le développement de nos infrastructures humaines. Comment, dès lors, organiser les paysages de manière adéquate et cohérente vis-à-vis de la biodiversité ? Cette étude a combiné différents concepts empiriques pour définir des scénarios paysagers optimaux pour les espèces forestières.</p>
<p>&nbsp;</p>
<p>Plusieurs études théoriques indiquent en effet que la biodiversité forestière diminue fortement dans les paysages avec moins de 10 à 30 % d’habitat forestier résiduel. Le « paysage optimal » proposé ici devrait donc contenir au moins 40 % de couverture forestière, cette proportion devenant encore plus importante au niveau des tropiques et dans les paysages dont la matrice non forestière est de mauvaise qualité. Ces 40 % de couverture forestière devraient être répartis comme suit :<br />
10 % organisés en une grande parcelle d’un seul tenant,<br />
les 30 % restants répartis en plusieurs patchs forestiers de taille plus réduite, distribués de façon uniforme dans le paysage ou en plusieurs éléments arborés semi-naturels jouant le rôle de corridor écologique.</p>
<p>Ces différentes parcelles doivent être intégrées à une matrice globale de haute qualité. Évidemment, les forêts existantes ne doivent pas être converties en ce « paysage optimal », la priorité étant leur préservation. Le paysage doit aussi être suffisamment grand pour que 10 % de sa surface répondent aux exigences minimales en termes d’habitat des espèces vivant dans les forêts étendues. Les scénarios paysagers proposés dans cette étude représentent ainsi un compromis optimal entre l’apport de biens et services pour l’humain et la préservation de la majorité de la biodiversité forestière.</p>

<p>Bien que les forêts représentent l’écosystème terrestre le plus répandu sur Terre, elles ont été modifiées au cours de l’histoire par l’agriculture et le développement de nos infrastructures humaines. Comment, dès lors, organiser les paysages de manière adéquate et cohérente vis-à-vis de la biodiversité ? Cette étude a combiné différents concepts empiriques pour définir des [&hellip;]</p>

<!-- This site is optimized with the Yoast SEO plugin v23.2 - https://yoast.com/wordpress/plugins/seo/ -->
<title>Comment organiser les paysages de manière adéquate pour la biodiversité forestière ? - Forêt.Nature</title>
<meta name="robots" content="index, follow, max-snippet:-1, max-image-preview:large, max-video-preview:-1" />
<link rel="canonical" href="https://foretnature.be/en/resume-foret-mail/comment-organiser-les-paysages-de-maniere-adequate-pour-la-biodiversite-forestiere/" />
<meta property="og:locale" content="en_GB" />
<meta property="og:type" content="article" />
<meta property="og:title" content="Comment organiser les paysages de manière adéquate pour la biodiversité forestière ? - Forêt.Nature" />
<meta property="og:description" content="Bien que les forêts représentent l’écosystème terrestre le plus répandu sur Terre, elles ont été modifiées au cours de l’histoire par l’agriculture et le développement de nos infrastructures humaines. Comment, dès lors, organiser les paysages de manière adéquate et cohérente vis-à-vis de la biodiversité ? Cette étude a combiné différents concepts empiriques pour définir des [&hellip;]" />
<meta property="og:url" content="https://foretnature.be/en/resume-foret-mail/comment-organiser-les-paysages-de-maniere-adequate-pour-la-biodiversite-forestiere/" />
<meta property="og:site_name" content="Forêt.Nature" />
<meta name="twitter:card" content="summary_large_image" />
<meta name="twitter:label1" content="Estimated reading time" />
	<meta name="twitter:data1" content="2 minutes" />
<script type="application/ld+json" class="yoast-schema-graph">{"@context":"https://schema.org","@graph":[{"@type":"WebPage","@id":"https://foretnature.be/en/resume-foret-mail/comment-organiser-les-paysages-de-maniere-adequate-pour-la-biodiversite-forestiere/","url":"https://foretnature.be/en/resume-foret-mail/comment-organiser-les-paysages-de-maniere-adequate-pour-la-biodiversite-forestiere/","name":"Comment organiser les paysages de manière adéquate pour la biodiversité forestière ? - Forêt.Nature","isPartOf":{"@id":"https://foretnature.be/#website"},"datePublished":"2022-05-10T11:16:11+00:00","dateModified":"2022-05-10T11:16:11+00:00","breadcrumb":{"@id":"https://foretnature.be/en/resume-foret-mail/comment-organiser-les-paysages-de-maniere-adequate-pour-la-biodiversite-forestiere/#breadcrumb"},"inLanguage":"en-GB","potentialAction":[{"@type":"ReadAction","target":["https://foretnature.be/en/resume-foret-mail/comment-organiser-les-paysages-de-maniere-adequate-pour-la-biodiversite-forestiere/"]}]},{"@type":"BreadcrumbList","@id":"https://foretnature.be/en/resume-foret-mail/comment-organiser-les-paysages-de-maniere-adequate-pour-la-biodiversite-forestiere/#breadcrumb","itemListElement":[{"@type":"ListItem","position":1,"name":"Home","item":"https://foretnature.be/"},{"@type":"ListItem","position":2,"name":"Comment organiser les paysages de manière adéquate pour la biodiversité forestière ?"}]},{"@type":"WebSite","@id":"https://foretnature.be/#website","url":"https://foretnature.be/","name":"Forêt.Nature","description":"Une équipe technique au service de la forêt","publisher":{"@id":"https://foretnature.be/#organization"},"potentialAction":[{"@type":"SearchAction","target":{"@type":"EntryPoint","urlTemplate":"https://foretnature.be/?s={search_term_string}"},"query-input":"required name=search_term_string"}],"inLanguage":"en-GB"},{"@type":"Organization","@id":"https://foretnature.be/#organization","name":"Forêt.Nature","url":"https://foretnature.be/","logo":{"@type":"ImageObject","inLanguage":"en-GB","@id":"https://foretnature.be/#/schema/logo/image/","url":"https://foretnature.be/wp-content/uploads/2021/01/logoFOblanc.png","contentUrl":"https://foretnature.be/wp-content/uploads/2021/01/logoFOblanc.png","width":300,"height":151,"caption":"Forêt.Nature"},"image":{"@id":"https://foretnature.be/#/schema/logo/image/"}}]}</script>
<!-- / Yoast SEO plugin. -->

Comment organiser les paysages de manière adéquate pour la biodiversité forestière ? - Forêt.Nature

Bien que les forêts représentent l’écosystème terrestre le plus répandu sur Terre, elles ont été modifiées au cours de l’histoire par l’agriculture et le développement de nos infrastructures humaines. Comment, dès lors, organiser les paysages de manière adéquate et cohérente vis-à-vis de la biodiversité ? Cette étude a combiné différents concepts empiriques pour définir des [&hellip;]

Forêt.Nature

Une équipe technique au service de la forêt
