{"id":34998,"date":"2021-11-19T16:53:29","date_gmt":"2021-11-19T15:53:29","guid":{"rendered":"https:\/\/foretnature.be\/?post_type=resume-foret-mail&#038;p=34998"},"modified":"2021-11-19T16:53:29","modified_gmt":"2021-11-19T15:53:29","slug":"des-indemnites-en-vue-pour-la-ppa","status":"publish","type":"resume-foret-mail","link":"https:\/\/foretnature.be\/en\/resume-foret-mail\/des-indemnites-en-vue-pour-la-ppa\/","title":{"rendered":"Des indemnit\u00e9s en vue pour la PPA"},"content":{"rendered":"<p>Le 7 octobre 2021, le Gouvernement wallon a approuv\u00e9 des aides compl\u00e9mentaires aux propri\u00e9taires forestiers publics et priv\u00e9s ainsi qu&rsquo;aux entreprises de la fili\u00e8re for\u00eat-bois ayant subi un pr\u00e9judice lors de l&rsquo;interdiction de circulation en for\u00eat suite \u00e0 l&rsquo;\u00e9pid\u00e9mie de peste porcine africaine.<\/p>\n<p>&nbsp;<\/p>\n<p>Les dossiers de demande d&rsquo;indemnisation sont \u00e0 introduire aupr\u00e8s de l&rsquo;Office \u00e9conomique wallon du bois end\u00e9ans les 45 jours de la parution de l&rsquo;arr\u00eat\u00e9 concern\u00e9.<\/p>","protected":false},"excerpt":{"rendered":"<p>Le 7 octobre 2021, le Gouvernement wallon a approuv\u00e9 des aides compl\u00e9mentaires aux propri\u00e9taires forestiers publics et priv\u00e9s ainsi qu&rsquo;aux entreprises de la fili\u00e8re for\u00eat-bois ayant subi un pr\u00e9judice lors de l&rsquo;interdiction de circulation en for\u00eat suite \u00e0 l&rsquo;\u00e9pid\u00e9mie de peste porcine africaine. &nbsp; Les dossiers de demande d&rsquo;indemnisation sont \u00e0 introduire aupr\u00e8s de l&rsquo;Office [&hellip;]<\/p>","protected":false},"featured_media":0,"template":"","categories":[50],"acf":[],"yoast_head":"<!-- This site is optimized with the Yoast SEO plugin v23.2 - https:\/\/yoast.com\/wordpress\/plugins\/seo\/ -->\n<title>Des indemnit\u00e9s en vue pour la PPA - For\u00eat.Nature<\/title>\n<meta name=\"robots\" content=\"index, follow, max-snippet:-1, max-image-preview:large, max-video-preview:-1\" \/>\n<link rel=\"canonical\" href=\"https:\/\/foretnature.be\/en\/resume-foret-mail\/des-indemnites-en-vue-pour-la-ppa\/\" \/>\n<meta property=\"og:locale\" content=\"en_GB\" \/>\n<meta property=\"og:type\" content=\"article\" \/>\n<meta property=\"og:title\" content=\"Des indemnit\u00e9s en vue pour la PPA - For\u00eat.Nature\" \/>\n<meta property=\"og:description\" content=\"Le 7 octobre 2021, le Gouvernement wallon a approuv\u00e9 des aides compl\u00e9mentaires aux propri\u00e9taires forestiers publics et priv\u00e9s ainsi qu&rsquo;aux entreprises de la fili\u00e8re for\u00eat-bois ayant subi un pr\u00e9judice lors de l&rsquo;interdiction de circulation en for\u00eat suite \u00e0 l&rsquo;\u00e9pid\u00e9mie de peste porcine africaine. &nbsp; Les dossiers de demande d&rsquo;indemnisation sont \u00e0 introduire aupr\u00e8s de l&rsquo;Office [&hellip;]\" \/>\n<meta property=\"og:url\" content=\"https:\/\/foretnature.be\/en\/resume-foret-mail\/des-indemnites-en-vue-pour-la-ppa\/\" \/>\n<meta property=\"og:site_name\" content=\"For\u00eat.Nature\" \/>\n<meta name=\"twitter:card\" content=\"summary_large_image\" \/>\n<script type=\"application\/ld+json\" class=\"yoast-schema-graph\">{\"@context\":\"https:\/\/schema.org\",\"@graph\":[{\"@type\":\"WebPage\",\"@id\":\"https:\/\/foretnature.be\/en\/resume-foret-mail\/des-indemnites-en-vue-pour-la-ppa\/\",\"url\":\"https:\/\/foretnature.be\/en\/resume-foret-mail\/des-indemnites-en-vue-pour-la-ppa\/\",\"name\":\"Des indemnit\u00e9s en vue pour la PPA - For\u00eat.Nature\",\"isPartOf\":{\"@id\":\"https:\/\/foretnature.be\/#website\"},\"datePublished\":\"2021-11-19T15:53:29+00:00\",\"dateModified\":\"2021-11-19T15:53:29+00:00\",\"breadcrumb\":{\"@id\":\"https:\/\/foretnature.be\/en\/resume-foret-mail\/des-indemnites-en-vue-pour-la-ppa\/#breadcrumb\"},\"inLanguage\":\"en-GB\",\"potentialAction\":[{\"@type\":\"ReadAction\",\"target\":[\"https:\/\/foretnature.be\/en\/resume-foret-mail\/des-indemnites-en-vue-pour-la-ppa\/\"]}]},{\"@type\":\"BreadcrumbList\",\"@id\":\"https:\/\/foretnature.be\/en\/resume-foret-mail\/des-indemnites-en-vue-pour-la-ppa\/#breadcrumb\",\"itemListElement\":[{\"@type\":\"ListItem\",\"position\":1,\"name\":\"Home\",\"item\":\"https:\/\/foretnature.be\/\"},{\"@type\":\"ListItem\",\"position\":2,\"name\":\"Des indemnit\u00e9s en vue pour la PPA\"}]},{\"@type\":\"WebSite\",\"@id\":\"https:\/\/foretnature.be\/#website\",\"url\":\"https:\/\/foretnature.be\/\",\"name\":\"For\u00eat.Nature\",\"description\":\"Une \u00e9quipe technique au service de la for\u00eat\",\"publisher\":{\"@id\":\"https:\/\/foretnature.be\/#organization\"},\"potentialAction\":[{\"@type\":\"SearchAction\",\"target\":{\"@type\":\"EntryPoint\",\"urlTemplate\":\"https:\/\/foretnature.be\/?s={search_term_string}\"},\"query-input\":\"required name=search_term_string\"}],\"inLanguage\":\"en-GB\"},{\"@type\":\"Organization\",\"@id\":\"https:\/\/foretnature.be\/#organization\",\"name\":\"For\u00eat.Nature\",\"url\":\"https:\/\/foretnature.be\/\",\"logo\":{\"@type\":\"ImageObject\",\"inLanguage\":\"en-GB\",\"@id\":\"https:\/\/foretnature.be\/#\/schema\/logo\/image\/\",\"url\":\"https:\/\/foretnature.be\/wp-content\/uploads\/2021\/01\/logoFOblanc.png\",\"contentUrl\":\"https:\/\/foretnature.be\/wp-content\/uploads\/2021\/01\/logoFOblanc.png\",\"width\":300,\"height\":151,\"caption\":\"For\u00eat.Nature\"},\"image\":{\"@id\":\"https:\/\/foretnature.be\/#\/schema\/logo\/image\/\"}}]}<\/script>\n<!-- \/ Yoast SEO plugin. -->","yoast_head_json":{"title":"Des indemnit\u00e9s en vue pour la PPA - For\u00eat.Nature","robots":{"index":"index","follow":"follow","max-snippet":"max-snippet:-1","max-image-preview":"max-image-preview:large","max-video-preview":"max-video-preview:-1"},"canonical":"https:\/\/foretnature.be\/en\/resume-foret-mail\/des-indemnites-en-vue-pour-la-ppa\/","og_locale":"en_GB","og_type":"article","og_title":"Des indemnit\u00e9s en vue pour la PPA - For\u00eat.Nature","og_description":"Le 7 octobre 2021, le Gouvernement wallon a approuv\u00e9 des aides compl\u00e9mentaires aux propri\u00e9taires forestiers publics et priv\u00e9s ainsi qu&rsquo;aux entreprises de la fili\u00e8re for\u00eat-bois ayant subi un pr\u00e9judice lors de l&rsquo;interdiction de circulation en for\u00eat suite \u00e0 l&rsquo;\u00e9pid\u00e9mie de peste porcine africaine. &nbsp; Les dossiers de demande d&rsquo;indemnisation sont \u00e0 introduire aupr\u00e8s de l&rsquo;Office [&hellip;]","og_url":"https:\/\/foretnature.be\/en\/resume-foret-mail\/des-indemnites-en-vue-pour-la-ppa\/","og_site_name":"For\u00eat.Nature","twitter_card":"summary_large_image","schema":{"@context":"https:\/\/schema.org","@graph":[{"@type":"WebPage","@id":"https:\/\/foretnature.be\/en\/resume-foret-mail\/des-indemnites-en-vue-pour-la-ppa\/","url":"https:\/\/foretnature.be\/en\/resume-foret-mail\/des-indemnites-en-vue-pour-la-ppa\/","name":"Des indemnit\u00e9s en vue pour la PPA - For\u00eat.Nature","isPartOf":{"@id":"https:\/\/foretnature.be\/#website"},"datePublished":"2021-11-19T15:53:29+00:00","dateModified":"2021-11-19T15:53:29+00:00","breadcrumb":{"@id":"https:\/\/foretnature.be\/en\/resume-foret-mail\/des-indemnites-en-vue-pour-la-ppa\/#breadcrumb"},"inLanguage":"en-GB","potentialAction":[{"@type":"ReadAction","target":["https:\/\/foretnature.be\/en\/resume-foret-mail\/des-indemnites-en-vue-pour-la-ppa\/"]}]},{"@type":"BreadcrumbList","@id":"https:\/\/foretnature.be\/en\/resume-foret-mail\/des-indemnites-en-vue-pour-la-ppa\/#breadcrumb","itemListElement":[{"@type":"ListItem","position":1,"name":"Home","item":"https:\/\/foretnature.be\/"},{"@type":"ListItem","position":2,"name":"Des indemnit\u00e9s en vue pour la PPA"}]},{"@type":"WebSite","@id":"https:\/\/foretnature.be\/#website","url":"https:\/\/foretnature.be\/","name":"For\u00eat.Nature","description":"Une \u00e9quipe technique au service de la for\u00eat","publisher":{"@id":"https:\/\/foretnature.be\/#organization"},"potentialAction":[{"@type":"SearchAction","target":{"@type":"EntryPoint","urlTemplate":"https:\/\/foretnature.be\/?s={search_term_string}"},"query-input":"required name=search_term_string"}],"inLanguage":"en-GB"},{"@type":"Organization","@id":"https:\/\/foretnature.be\/#organization","name":"For\u00eat.Nature","url":"https:\/\/foretnature.be\/","logo":{"@type":"ImageObject","inLanguage":"en-GB","@id":"https:\/\/foretnature.be\/#\/schema\/logo\/image\/","url":"https:\/\/foretnature.be\/wp-content\/uploads\/2021\/01\/logoFOblanc.png","contentUrl":"https:\/\/foretnature.be\/wp-content\/uploads\/2021\/01\/logoFOblanc.png","width":300,"height":151,"caption":"For\u00eat.Nature"},"image":{"@id":"https:\/\/foretnature.be\/#\/schema\/logo\/image\/"}}]}},"_links":{"self":[{"href":"https:\/\/foretnature.be\/en\/wp-json\/wp\/v2\/resume-foret-mail\/34998"}],"collection":[{"href":"https:\/\/foretnature.be\/en\/wp-json\/wp\/v2\/resume-foret-mail"}],"about":[{"href":"https:\/\/foretnature.be\/en\/wp-json\/wp\/v2\/types\/resume-foret-mail"}],"version-history":[{"count":1,"href":"https:\/\/foretnature.be\/en\/wp-json\/wp\/v2\/resume-foret-mail\/34998\/revisions"}],"predecessor-version":[{"id":34999,"href":"https:\/\/foretnature.be\/en\/wp-json\/wp\/v2\/resume-foret-mail\/34998\/revisions\/34999"}],"wp:attachment":[{"href":"https:\/\/foretnature.be\/en\/wp-json\/wp\/v2\/media?parent=34998"}],"wp:term":[{"taxonomy":"category","embeddable":true,"href":"https:\/\/foretnature.be\/en\/wp-json\/wp\/v2\/categories?post=34998"}],"curies":[{"name":"wp","href":"https:\/\/api.w.org\/{rel}","templated":true}]}}

Des indemnités en vue pour la PPA

<p>Le 7 octobre 2021, le Gouvernement wallon a approuvé des aides complémentaires aux propriétaires forestiers publics et privés ainsi qu&rsquo;aux entreprises de la filière forêt-bois ayant subi un préjudice lors de l&rsquo;interdiction de circulation en forêt suite à l&rsquo;épidémie de peste porcine africaine.</p>
<p>&nbsp;</p>
<p>Les dossiers de demande d&rsquo;indemnisation sont à introduire auprès de l&rsquo;Office économique wallon du bois endéans les 45 jours de la parution de l&rsquo;arrêté concerné.</p>

<p>Le 7 octobre 2021, le Gouvernement wallon a approuvé des aides complémentaires aux propriétaires forestiers publics et privés ainsi qu&rsquo;aux entreprises de la filière forêt-bois ayant subi un préjudice lors de l&rsquo;interdiction de circulation en forêt suite à l&rsquo;épidémie de peste porcine africaine. &nbsp; Les dossiers de demande d&rsquo;indemnisation sont à introduire auprès de l&rsquo;Office [&hellip;]</p>

<!-- This site is optimized with the Yoast SEO plugin v23.2 - https://yoast.com/wordpress/plugins/seo/ -->
<title>Des indemnités en vue pour la PPA - Forêt.Nature</title>
<meta name="robots" content="index, follow, max-snippet:-1, max-image-preview:large, max-video-preview:-1" />
<link rel="canonical" href="https://foretnature.be/en/resume-foret-mail/des-indemnites-en-vue-pour-la-ppa/" />
<meta property="og:locale" content="en_GB" />
<meta property="og:type" content="article" />
<meta property="og:title" content="Des indemnités en vue pour la PPA - Forêt.Nature" />
<meta property="og:description" content="Le 7 octobre 2021, le Gouvernement wallon a approuvé des aides complémentaires aux propriétaires forestiers publics et privés ainsi qu&rsquo;aux entreprises de la filière forêt-bois ayant subi un préjudice lors de l&rsquo;interdiction de circulation en forêt suite à l&rsquo;épidémie de peste porcine africaine. &nbsp; Les dossiers de demande d&rsquo;indemnisation sont à introduire auprès de l&rsquo;Office [&hellip;]" />
<meta property="og:url" content="https://foretnature.be/en/resume-foret-mail/des-indemnites-en-vue-pour-la-ppa/" />
<meta property="og:site_name" content="Forêt.Nature" />
<meta name="twitter:card" content="summary_large_image" />
<script type="application/ld+json" class="yoast-schema-graph">{"@context":"https://schema.org","@graph":[{"@type":"WebPage","@id":"https://foretnature.be/en/resume-foret-mail/des-indemnites-en-vue-pour-la-ppa/","url":"https://foretnature.be/en/resume-foret-mail/des-indemnites-en-vue-pour-la-ppa/","name":"Des indemnités en vue pour la PPA - Forêt.Nature","isPartOf":{"@id":"https://foretnature.be/#website"},"datePublished":"2021-11-19T15:53:29+00:00","dateModified":"2021-11-19T15:53:29+00:00","breadcrumb":{"@id":"https://foretnature.be/en/resume-foret-mail/des-indemnites-en-vue-pour-la-ppa/#breadcrumb"},"inLanguage":"en-GB","potentialAction":[{"@type":"ReadAction","target":["https://foretnature.be/en/resume-foret-mail/des-indemnites-en-vue-pour-la-ppa/"]}]},{"@type":"BreadcrumbList","@id":"https://foretnature.be/en/resume-foret-mail/des-indemnites-en-vue-pour-la-ppa/#breadcrumb","itemListElement":[{"@type":"ListItem","position":1,"name":"Home","item":"https://foretnature.be/"},{"@type":"ListItem","position":2,"name":"Des indemnités en vue pour la PPA"}]},{"@type":"WebSite","@id":"https://foretnature.be/#website","url":"https://foretnature.be/","name":"Forêt.Nature","description":"Une équipe technique au service de la forêt","publisher":{"@id":"https://foretnature.be/#organization"},"potentialAction":[{"@type":"SearchAction","target":{"@type":"EntryPoint","urlTemplate":"https://foretnature.be/?s={search_term_string}"},"query-input":"required name=search_term_string"}],"inLanguage":"en-GB"},{"@type":"Organization","@id":"https://foretnature.be/#organization","name":"Forêt.Nature","url":"https://foretnature.be/","logo":{"@type":"ImageObject","inLanguage":"en-GB","@id":"https://foretnature.be/#/schema/logo/image/","url":"https://foretnature.be/wp-content/uploads/2021/01/logoFOblanc.png","contentUrl":"https://foretnature.be/wp-content/uploads/2021/01/logoFOblanc.png","width":300,"height":151,"caption":"Forêt.Nature"},"image":{"@id":"https://foretnature.be/#/schema/logo/image/"}}]}</script>
<!-- / Yoast SEO plugin. -->

Des indemnités en vue pour la PPA - Forêt.Nature

Le 7 octobre 2021, le Gouvernement wallon a approuvé des aides complémentaires aux propriétaires forestiers publics et privés ainsi qu&rsquo;aux entreprises de la filière forêt-bois ayant subi un préjudice lors de l&rsquo;interdiction de circulation en forêt suite à l&rsquo;épidémie de peste porcine africaine. &nbsp; Les dossiers de demande d&rsquo;indemnisation sont à introduire auprès de l&rsquo;Office [&hellip;]

Forêt.Nature

Une équipe technique au service de la forêt
