{"id":34554,"date":"2021-09-10T11:45:59","date_gmt":"2021-09-10T09:45:59","guid":{"rendered":"https:\/\/foretnature.be\/resume-foret-mail\/quelle-strategie-carbone-pour-la-foret-dici-2050\/"},"modified":"2021-09-10T11:45:59","modified_gmt":"2021-09-10T09:45:59","slug":"quelle-strategie-carbone-pour-la-foret-dici-2050","status":"publish","type":"resume-foret-mail","link":"https:\/\/foretnature.be\/en\/resume-foret-mail\/quelle-strategie-carbone-pour-la-foret-dici-2050\/","title":{"rendered":"Quelle strat\u00e9gie carbone pour la for\u00eat d\u2019ici 2050 ?"},"content":{"rendered":"<p>Ce nouveau rapport apporte un autre \u00e9clairage sur le r\u00f4le \u00e0 jouer par la for\u00eat et les produits bois dans l\u2019att\u00e9nuation du changement climatique \u00e0 l\u2019horizon 2050 en France. Il partage les savoirs et ouvre la discussion \u00e0 un public large. Il a \u00e9t\u00e9 command\u00e9 par les associations Amis de la Terre, Fern et Canop\u00e9e \u00e0 Ga\u00ebtan du Bus de Warnaffe.<br \/>\nIl demande que les strat\u00e9gies nationales se planifient \u00e0 l\u2019\u00e9chelle r\u00e9gionale et que les d\u00e9cisions techniques se prennent \u00e0 l\u2019\u00e9chelle locale. Il tente de mieux prendre en compte les petits bois, le bois mort et les branches dans le calcul global du stock de carbone.<br \/>\nTrois sc\u00e9narios sont analys\u00e9s : intensif (priorit\u00e9 fili\u00e8re), extensif (priorit\u00e9 \u00e9cosyst\u00e8me) et mod\u00e9r\u00e9 (compromis).<br \/>\nL\u2019intensif \u00e9chapperait au but de stockage de carbone (tenant compte du stockage du carbone dans l\u2019\u00e9cosyst\u00e8me et dans les produits, et de l\u2019effet de substitution) et ne prend pas en compte les stress subis par les arbres, les probl\u00e8mes de fertilit\u00e9 du sol sous l\u2019effet du pr\u00e9l\u00e8vement des branches, la perte de biodiversit\u00e9 sous l\u2019effet du pr\u00e9l\u00e8vement des bois morts et de la rar\u00e9faction des gros et tr\u00e8s gros bois, et les conflits d\u2019usage. Une telle optique m\u00e8nerait \u00e0 une d\u00e9stabilisation des \u00e9cosyst\u00e8mes, imposant progressivement la pratique des cycles courts et le renouvellement par plantation.<br \/>\nL\u2019extensif m\u00e8nerait sans doute \u00e0 une p\u00e9nurie d\u2019approvisionnement dans la fili\u00e8re bois (fermeture de scieries, pertes d\u2019emplois\u2026) et entra\u00eenerait la hausse des importations.<br \/>\nL\u2019auteur propose finalement d\u2019approfondir une strat\u00e9gie d\u2019att\u00e9nuation mod\u00e9r\u00e9e, fond\u00e9e sur (1) le choix explicite de maintenir durablement 25 % de la surface foresti\u00e8re en libre \u00e9volution ; (2) le maintien jusque 2050 d\u2019un pr\u00e9l\u00e8vement de 60 Mm\u00b3\/an avec augmentation des surfaces g\u00e9r\u00e9es pour mieux r\u00e9partir ce pr\u00e9l\u00e8vement dans l\u2019espace, atteindre un capital d\u2019\u00e9quilibre et diminuer le taux de pr\u00e9l\u00e8vement des branches et du bois mort ; (3) la pratique d\u2019une sylviculture \u00e0 couvert continu, avec des termes d\u2019exploitabilit\u00e9 \u00e9lev\u00e9s, combin\u00e9e, dans les surfaces en impasse sanitaire, \u00e0 la futaie r\u00e9guli\u00e8re par petits parquets plant\u00e9s d\u2019essences diversifi\u00e9es apr\u00e8s un travail du sol minimal.<\/p>","protected":false},"excerpt":{"rendered":"<p>Ce nouveau rapport apporte un autre \u00e9clairage sur le r\u00f4le \u00e0 jouer par la for\u00eat et les produits bois dans l\u2019att\u00e9nuation du changement climatique \u00e0 l\u2019horizon 2050 en France. Il partage les savoirs et ouvre la discussion \u00e0 un public large. Il a \u00e9t\u00e9 command\u00e9 par les associations Amis de la Terre, Fern et Canop\u00e9e [&hellip;]<\/p>","protected":false},"featured_media":0,"template":"","categories":[50],"acf":[],"yoast_head":"<!-- This site is optimized with the Yoast SEO plugin v23.2 - https:\/\/yoast.com\/wordpress\/plugins\/seo\/ -->\n<title>Quelle strat\u00e9gie carbone pour la for\u00eat d\u2019ici 2050 ? - For\u00eat.Nature<\/title>\n<meta name=\"robots\" content=\"index, follow, max-snippet:-1, max-image-preview:large, max-video-preview:-1\" \/>\n<link rel=\"canonical\" href=\"https:\/\/foretnature.be\/en\/resume-foret-mail\/quelle-strategie-carbone-pour-la-foret-dici-2050\/\" \/>\n<meta property=\"og:locale\" content=\"en_GB\" \/>\n<meta property=\"og:type\" content=\"article\" \/>\n<meta property=\"og:title\" content=\"Quelle strat\u00e9gie carbone pour la for\u00eat d\u2019ici 2050 ? - For\u00eat.Nature\" \/>\n<meta property=\"og:description\" content=\"Ce nouveau rapport apporte un autre \u00e9clairage sur le r\u00f4le \u00e0 jouer par la for\u00eat et les produits bois dans l\u2019att\u00e9nuation du changement climatique \u00e0 l\u2019horizon 2050 en France. Il partage les savoirs et ouvre la discussion \u00e0 un public large. Il a \u00e9t\u00e9 command\u00e9 par les associations Amis de la Terre, Fern et Canop\u00e9e [&hellip;]\" \/>\n<meta property=\"og:url\" content=\"https:\/\/foretnature.be\/en\/resume-foret-mail\/quelle-strategie-carbone-pour-la-foret-dici-2050\/\" \/>\n<meta property=\"og:site_name\" content=\"For\u00eat.Nature\" \/>\n<meta name=\"twitter:card\" content=\"summary_large_image\" \/>\n<meta name=\"twitter:label1\" content=\"Estimated reading time\" \/>\n\t<meta name=\"twitter:data1\" content=\"2 minutes\" \/>\n<script type=\"application\/ld+json\" class=\"yoast-schema-graph\">{\"@context\":\"https:\/\/schema.org\",\"@graph\":[{\"@type\":\"WebPage\",\"@id\":\"https:\/\/foretnature.be\/en\/resume-foret-mail\/quelle-strategie-carbone-pour-la-foret-dici-2050\/\",\"url\":\"https:\/\/foretnature.be\/en\/resume-foret-mail\/quelle-strategie-carbone-pour-la-foret-dici-2050\/\",\"name\":\"Quelle strat\u00e9gie carbone pour la for\u00eat d\u2019ici 2050 ? - For\u00eat.Nature\",\"isPartOf\":{\"@id\":\"https:\/\/foretnature.be\/#website\"},\"datePublished\":\"2021-09-10T09:45:59+00:00\",\"dateModified\":\"2021-09-10T09:45:59+00:00\",\"breadcrumb\":{\"@id\":\"https:\/\/foretnature.be\/en\/resume-foret-mail\/quelle-strategie-carbone-pour-la-foret-dici-2050\/#breadcrumb\"},\"inLanguage\":\"en-GB\",\"potentialAction\":[{\"@type\":\"ReadAction\",\"target\":[\"https:\/\/foretnature.be\/en\/resume-foret-mail\/quelle-strategie-carbone-pour-la-foret-dici-2050\/\"]}]},{\"@type\":\"BreadcrumbList\",\"@id\":\"https:\/\/foretnature.be\/en\/resume-foret-mail\/quelle-strategie-carbone-pour-la-foret-dici-2050\/#breadcrumb\",\"itemListElement\":[{\"@type\":\"ListItem\",\"position\":1,\"name\":\"Home\",\"item\":\"https:\/\/foretnature.be\/\"},{\"@type\":\"ListItem\",\"position\":2,\"name\":\"Quelle strat\u00e9gie carbone pour la for\u00eat d\u2019ici 2050 ?\"}]},{\"@type\":\"WebSite\",\"@id\":\"https:\/\/foretnature.be\/#website\",\"url\":\"https:\/\/foretnature.be\/\",\"name\":\"For\u00eat.Nature\",\"description\":\"Une \u00e9quipe technique au service de la for\u00eat\",\"publisher\":{\"@id\":\"https:\/\/foretnature.be\/#organization\"},\"potentialAction\":[{\"@type\":\"SearchAction\",\"target\":{\"@type\":\"EntryPoint\",\"urlTemplate\":\"https:\/\/foretnature.be\/?s={search_term_string}\"},\"query-input\":\"required name=search_term_string\"}],\"inLanguage\":\"en-GB\"},{\"@type\":\"Organization\",\"@id\":\"https:\/\/foretnature.be\/#organization\",\"name\":\"For\u00eat.Nature\",\"url\":\"https:\/\/foretnature.be\/\",\"logo\":{\"@type\":\"ImageObject\",\"inLanguage\":\"en-GB\",\"@id\":\"https:\/\/foretnature.be\/#\/schema\/logo\/image\/\",\"url\":\"https:\/\/foretnature.be\/wp-content\/uploads\/2021\/01\/logoFOblanc.png\",\"contentUrl\":\"https:\/\/foretnature.be\/wp-content\/uploads\/2021\/01\/logoFOblanc.png\",\"width\":300,\"height\":151,\"caption\":\"For\u00eat.Nature\"},\"image\":{\"@id\":\"https:\/\/foretnature.be\/#\/schema\/logo\/image\/\"}}]}<\/script>\n<!-- \/ Yoast SEO plugin. -->","yoast_head_json":{"title":"Quelle strat\u00e9gie carbone pour la for\u00eat d\u2019ici 2050 ? - For\u00eat.Nature","robots":{"index":"index","follow":"follow","max-snippet":"max-snippet:-1","max-image-preview":"max-image-preview:large","max-video-preview":"max-video-preview:-1"},"canonical":"https:\/\/foretnature.be\/en\/resume-foret-mail\/quelle-strategie-carbone-pour-la-foret-dici-2050\/","og_locale":"en_GB","og_type":"article","og_title":"Quelle strat\u00e9gie carbone pour la for\u00eat d\u2019ici 2050 ? - For\u00eat.Nature","og_description":"Ce nouveau rapport apporte un autre \u00e9clairage sur le r\u00f4le \u00e0 jouer par la for\u00eat et les produits bois dans l\u2019att\u00e9nuation du changement climatique \u00e0 l\u2019horizon 2050 en France. Il partage les savoirs et ouvre la discussion \u00e0 un public large. Il a \u00e9t\u00e9 command\u00e9 par les associations Amis de la Terre, Fern et Canop\u00e9e [&hellip;]","og_url":"https:\/\/foretnature.be\/en\/resume-foret-mail\/quelle-strategie-carbone-pour-la-foret-dici-2050\/","og_site_name":"For\u00eat.Nature","twitter_card":"summary_large_image","twitter_misc":{"Estimated reading time":"2 minutes"},"schema":{"@context":"https:\/\/schema.org","@graph":[{"@type":"WebPage","@id":"https:\/\/foretnature.be\/en\/resume-foret-mail\/quelle-strategie-carbone-pour-la-foret-dici-2050\/","url":"https:\/\/foretnature.be\/en\/resume-foret-mail\/quelle-strategie-carbone-pour-la-foret-dici-2050\/","name":"Quelle strat\u00e9gie carbone pour la for\u00eat d\u2019ici 2050 ? - For\u00eat.Nature","isPartOf":{"@id":"https:\/\/foretnature.be\/#website"},"datePublished":"2021-09-10T09:45:59+00:00","dateModified":"2021-09-10T09:45:59+00:00","breadcrumb":{"@id":"https:\/\/foretnature.be\/en\/resume-foret-mail\/quelle-strategie-carbone-pour-la-foret-dici-2050\/#breadcrumb"},"inLanguage":"en-GB","potentialAction":[{"@type":"ReadAction","target":["https:\/\/foretnature.be\/en\/resume-foret-mail\/quelle-strategie-carbone-pour-la-foret-dici-2050\/"]}]},{"@type":"BreadcrumbList","@id":"https:\/\/foretnature.be\/en\/resume-foret-mail\/quelle-strategie-carbone-pour-la-foret-dici-2050\/#breadcrumb","itemListElement":[{"@type":"ListItem","position":1,"name":"Home","item":"https:\/\/foretnature.be\/"},{"@type":"ListItem","position":2,"name":"Quelle strat\u00e9gie carbone pour la for\u00eat d\u2019ici 2050 ?"}]},{"@type":"WebSite","@id":"https:\/\/foretnature.be\/#website","url":"https:\/\/foretnature.be\/","name":"For\u00eat.Nature","description":"Une \u00e9quipe technique au service de la for\u00eat","publisher":{"@id":"https:\/\/foretnature.be\/#organization"},"potentialAction":[{"@type":"SearchAction","target":{"@type":"EntryPoint","urlTemplate":"https:\/\/foretnature.be\/?s={search_term_string}"},"query-input":"required name=search_term_string"}],"inLanguage":"en-GB"},{"@type":"Organization","@id":"https:\/\/foretnature.be\/#organization","name":"For\u00eat.Nature","url":"https:\/\/foretnature.be\/","logo":{"@type":"ImageObject","inLanguage":"en-GB","@id":"https:\/\/foretnature.be\/#\/schema\/logo\/image\/","url":"https:\/\/foretnature.be\/wp-content\/uploads\/2021\/01\/logoFOblanc.png","contentUrl":"https:\/\/foretnature.be\/wp-content\/uploads\/2021\/01\/logoFOblanc.png","width":300,"height":151,"caption":"For\u00eat.Nature"},"image":{"@id":"https:\/\/foretnature.be\/#\/schema\/logo\/image\/"}}]}},"_links":{"self":[{"href":"https:\/\/foretnature.be\/en\/wp-json\/wp\/v2\/resume-foret-mail\/34554"}],"collection":[{"href":"https:\/\/foretnature.be\/en\/wp-json\/wp\/v2\/resume-foret-mail"}],"about":[{"href":"https:\/\/foretnature.be\/en\/wp-json\/wp\/v2\/types\/resume-foret-mail"}],"version-history":[{"count":0,"href":"https:\/\/foretnature.be\/en\/wp-json\/wp\/v2\/resume-foret-mail\/34554\/revisions"}],"wp:attachment":[{"href":"https:\/\/foretnature.be\/en\/wp-json\/wp\/v2\/media?parent=34554"}],"wp:term":[{"taxonomy":"category","embeddable":true,"href":"https:\/\/foretnature.be\/en\/wp-json\/wp\/v2\/categories?post=34554"}],"curies":[{"name":"wp","href":"https:\/\/api.w.org\/{rel}","templated":true}]}}

Quelle stratégie carbone pour la forêt d’ici 2050 ?

<p>Ce nouveau rapport apporte un autre éclairage sur le rôle à jouer par la forêt et les produits bois dans l’atténuation du changement climatique à l’horizon 2050 en France. Il partage les savoirs et ouvre la discussion à un public large. Il a été commandé par les associations Amis de la Terre, Fern et Canopée à Gaëtan du Bus de Warnaffe.<br />
Il demande que les stratégies nationales se planifient à l’échelle régionale et que les décisions techniques se prennent à l’échelle locale. Il tente de mieux prendre en compte les petits bois, le bois mort et les branches dans le calcul global du stock de carbone.<br />
Trois scénarios sont analysés : intensif (priorité filière), extensif (priorité écosystème) et modéré (compromis).<br />
L’intensif échapperait au but de stockage de carbone (tenant compte du stockage du carbone dans l’écosystème et dans les produits, et de l’effet de substitution) et ne prend pas en compte les stress subis par les arbres, les problèmes de fertilité du sol sous l’effet du prélèvement des branches, la perte de biodiversité sous l’effet du prélèvement des bois morts et de la raréfaction des gros et très gros bois, et les conflits d’usage. Une telle optique mènerait à une déstabilisation des écosystèmes, imposant progressivement la pratique des cycles courts et le renouvellement par plantation.<br />
L’extensif mènerait sans doute à une pénurie d’approvisionnement dans la filière bois (fermeture de scieries, pertes d’emplois…) et entraînerait la hausse des importations.<br />
L’auteur propose finalement d’approfondir une stratégie d’atténuation modérée, fondée sur (1) le choix explicite de maintenir durablement 25 % de la surface forestière en libre évolution ; (2) le maintien jusque 2050 d’un prélèvement de 60 Mm³/an avec augmentation des surfaces gérées pour mieux répartir ce prélèvement dans l’espace, atteindre un capital d’équilibre et diminuer le taux de prélèvement des branches et du bois mort ; (3) la pratique d’une sylviculture à couvert continu, avec des termes d’exploitabilité élevés, combinée, dans les surfaces en impasse sanitaire, à la futaie régulière par petits parquets plantés d’essences diversifiées après un travail du sol minimal.</p>

<p>Ce nouveau rapport apporte un autre éclairage sur le rôle à jouer par la forêt et les produits bois dans l’atténuation du changement climatique à l’horizon 2050 en France. Il partage les savoirs et ouvre la discussion à un public large. Il a été commandé par les associations Amis de la Terre, Fern et Canopée [&hellip;]</p>

<!-- This site is optimized with the Yoast SEO plugin v23.2 - https://yoast.com/wordpress/plugins/seo/ -->
<title>Quelle stratégie carbone pour la forêt d’ici 2050 ? - Forêt.Nature</title>
<meta name="robots" content="index, follow, max-snippet:-1, max-image-preview:large, max-video-preview:-1" />
<link rel="canonical" href="https://foretnature.be/en/resume-foret-mail/quelle-strategie-carbone-pour-la-foret-dici-2050/" />
<meta property="og:locale" content="en_GB" />
<meta property="og:type" content="article" />
<meta property="og:title" content="Quelle stratégie carbone pour la forêt d’ici 2050 ? - Forêt.Nature" />
<meta property="og:description" content="Ce nouveau rapport apporte un autre éclairage sur le rôle à jouer par la forêt et les produits bois dans l’atténuation du changement climatique à l’horizon 2050 en France. Il partage les savoirs et ouvre la discussion à un public large. Il a été commandé par les associations Amis de la Terre, Fern et Canopée [&hellip;]" />
<meta property="og:url" content="https://foretnature.be/en/resume-foret-mail/quelle-strategie-carbone-pour-la-foret-dici-2050/" />
<meta property="og:site_name" content="Forêt.Nature" />
<meta name="twitter:card" content="summary_large_image" />
<meta name="twitter:label1" content="Estimated reading time" />
	<meta name="twitter:data1" content="2 minutes" />
<script type="application/ld+json" class="yoast-schema-graph">{"@context":"https://schema.org","@graph":[{"@type":"WebPage","@id":"https://foretnature.be/en/resume-foret-mail/quelle-strategie-carbone-pour-la-foret-dici-2050/","url":"https://foretnature.be/en/resume-foret-mail/quelle-strategie-carbone-pour-la-foret-dici-2050/","name":"Quelle stratégie carbone pour la forêt d’ici 2050 ? - Forêt.Nature","isPartOf":{"@id":"https://foretnature.be/#website"},"datePublished":"2021-09-10T09:45:59+00:00","dateModified":"2021-09-10T09:45:59+00:00","breadcrumb":{"@id":"https://foretnature.be/en/resume-foret-mail/quelle-strategie-carbone-pour-la-foret-dici-2050/#breadcrumb"},"inLanguage":"en-GB","potentialAction":[{"@type":"ReadAction","target":["https://foretnature.be/en/resume-foret-mail/quelle-strategie-carbone-pour-la-foret-dici-2050/"]}]},{"@type":"BreadcrumbList","@id":"https://foretnature.be/en/resume-foret-mail/quelle-strategie-carbone-pour-la-foret-dici-2050/#breadcrumb","itemListElement":[{"@type":"ListItem","position":1,"name":"Home","item":"https://foretnature.be/"},{"@type":"ListItem","position":2,"name":"Quelle stratégie carbone pour la forêt d’ici 2050 ?"}]},{"@type":"WebSite","@id":"https://foretnature.be/#website","url":"https://foretnature.be/","name":"Forêt.Nature","description":"Une équipe technique au service de la forêt","publisher":{"@id":"https://foretnature.be/#organization"},"potentialAction":[{"@type":"SearchAction","target":{"@type":"EntryPoint","urlTemplate":"https://foretnature.be/?s={search_term_string}"},"query-input":"required name=search_term_string"}],"inLanguage":"en-GB"},{"@type":"Organization","@id":"https://foretnature.be/#organization","name":"Forêt.Nature","url":"https://foretnature.be/","logo":{"@type":"ImageObject","inLanguage":"en-GB","@id":"https://foretnature.be/#/schema/logo/image/","url":"https://foretnature.be/wp-content/uploads/2021/01/logoFOblanc.png","contentUrl":"https://foretnature.be/wp-content/uploads/2021/01/logoFOblanc.png","width":300,"height":151,"caption":"Forêt.Nature"},"image":{"@id":"https://foretnature.be/#/schema/logo/image/"}}]}</script>
<!-- / Yoast SEO plugin. -->

Quelle stratégie carbone pour la forêt d’ici 2050 ? - Forêt.Nature

Ce nouveau rapport apporte un autre éclairage sur le rôle à jouer par la forêt et les produits bois dans l’atténuation du changement climatique à l’horizon 2050 en France. Il partage les savoirs et ouvre la discussion à un public large. Il a été commandé par les associations Amis de la Terre, Fern et Canopée [&hellip;]

Forêt.Nature

Une équipe technique au service de la forêt
