{"id":34536,"date":"2021-09-10T11:45:59","date_gmt":"2021-09-10T09:45:59","guid":{"rendered":"https:\/\/foretnature.be\/resume-foret-mail\/agenda-annonces-et-offres-demploi\/"},"modified":"2021-09-10T11:45:59","modified_gmt":"2021-09-10T09:45:59","slug":"agenda-annonces-et-offres-demploi","status":"publish","type":"resume-foret-mail","link":"https:\/\/foretnature.be\/en\/resume-foret-mail\/agenda-annonces-et-offres-demploi\/","title":{"rendered":"Agenda, annonces et offres d\u2019emploi"},"content":{"rendered":"<p>\u00c9valuer la qualit\u00e9 des bois sur pied et abattus + visite du parc \u00e0 grumes de Wallonie<br \/>\nNassogne, 6 mars 2020 (formation tout public)<br \/>\nLes enjeux du carbone : la fili\u00e8re \u00ab\u00a0for\u00eat-bois\u00a0\u00bb peut-elle faire mieux pour le climat ?<br \/>\nParis, 29 janvier 2020<br \/>\nInternational Conference on Forests for Biodiversity and Climate<br \/>\nBruxelles, 4-5 f\u00e9vrier 2020<br \/>\n7\u1d49 atelier REGEFOR : For\u00eat en crise, relevons le d\u00e9fi !<br \/>\nNancy, 22-24 juin 2020<br \/>\nRecherche de plantations m\u00e9lang\u00e9es<br \/>\nDans le cadre d\u2019un TFE \u00e0 la HEPL et la CAPFP : m\u00e9langes compos\u00e9s d\u2019au minimum deux essences (ch\u00eane sessile, ch\u00eane rouge d\u2019Am\u00e9rique, \u00e9rable sycomore, bouleau verruqueux, douglas, m\u00e9l\u00e8ze d\u2019Europe, pin sylvestre, sapin de Nordmann). But : d\u00e9termination de plusieurs m\u00e9langes d\u2019essences qui pourraient \u00eatre recommand\u00e9s pour des reboisements en Ardenne. Contactez Adrien Thom\u00e9e avant le 15 janvier 2020.<br \/>\nOffre d\u2019emploi. Technicien ou technicienne foresti\u00e8re \u00e0 mi-temps<br \/>\n\u00c9ch\u00e9ance pour postuler : 14 janvier 2020<\/p>","protected":false},"excerpt":{"rendered":"<p>\u00c9valuer la qualit\u00e9 des bois sur pied et abattus + visite du parc \u00e0 grumes de Wallonie Nassogne, 6 mars 2020 (formation tout public) Les enjeux du carbone : la fili\u00e8re \u00ab\u00a0for\u00eat-bois\u00a0\u00bb peut-elle faire mieux pour le climat ? Paris, 29 janvier 2020 International Conference on Forests for Biodiversity and Climate Bruxelles, 4-5 f\u00e9vrier 2020 [&hellip;]<\/p>","protected":false},"featured_media":0,"template":"","categories":[50],"acf":[],"yoast_head":"<!-- This site is optimized with the Yoast SEO plugin v23.2 - https:\/\/yoast.com\/wordpress\/plugins\/seo\/ -->\n<title>Agenda, annonces et offres d\u2019emploi - For\u00eat.Nature<\/title>\n<meta name=\"robots\" content=\"index, follow, max-snippet:-1, max-image-preview:large, max-video-preview:-1\" \/>\n<link rel=\"canonical\" href=\"https:\/\/foretnature.be\/en\/resume-foret-mail\/agenda-annonces-et-offres-demploi\/\" \/>\n<meta property=\"og:locale\" content=\"en_GB\" \/>\n<meta property=\"og:type\" content=\"article\" \/>\n<meta property=\"og:title\" content=\"Agenda, annonces et offres d\u2019emploi - For\u00eat.Nature\" \/>\n<meta property=\"og:description\" content=\"\u00c9valuer la qualit\u00e9 des bois sur pied et abattus + visite du parc \u00e0 grumes de Wallonie Nassogne, 6 mars 2020 (formation tout public) Les enjeux du carbone : la fili\u00e8re \u00ab\u00a0for\u00eat-bois\u00a0\u00bb peut-elle faire mieux pour le climat ? Paris, 29 janvier 2020 International Conference on Forests for Biodiversity and Climate Bruxelles, 4-5 f\u00e9vrier 2020 [&hellip;]\" \/>\n<meta property=\"og:url\" content=\"https:\/\/foretnature.be\/en\/resume-foret-mail\/agenda-annonces-et-offres-demploi\/\" \/>\n<meta property=\"og:site_name\" content=\"For\u00eat.Nature\" \/>\n<meta name=\"twitter:card\" content=\"summary_large_image\" \/>\n<meta name=\"twitter:label1\" content=\"Estimated reading time\" \/>\n\t<meta name=\"twitter:data1\" content=\"1 minute\" \/>\n<script type=\"application\/ld+json\" class=\"yoast-schema-graph\">{\"@context\":\"https:\/\/schema.org\",\"@graph\":[{\"@type\":\"WebPage\",\"@id\":\"https:\/\/foretnature.be\/en\/resume-foret-mail\/agenda-annonces-et-offres-demploi\/\",\"url\":\"https:\/\/foretnature.be\/en\/resume-foret-mail\/agenda-annonces-et-offres-demploi\/\",\"name\":\"Agenda, annonces et offres d\u2019emploi - For\u00eat.Nature\",\"isPartOf\":{\"@id\":\"https:\/\/foretnature.be\/#website\"},\"datePublished\":\"2021-09-10T09:45:59+00:00\",\"dateModified\":\"2021-09-10T09:45:59+00:00\",\"breadcrumb\":{\"@id\":\"https:\/\/foretnature.be\/en\/resume-foret-mail\/agenda-annonces-et-offres-demploi\/#breadcrumb\"},\"inLanguage\":\"en-GB\",\"potentialAction\":[{\"@type\":\"ReadAction\",\"target\":[\"https:\/\/foretnature.be\/en\/resume-foret-mail\/agenda-annonces-et-offres-demploi\/\"]}]},{\"@type\":\"BreadcrumbList\",\"@id\":\"https:\/\/foretnature.be\/en\/resume-foret-mail\/agenda-annonces-et-offres-demploi\/#breadcrumb\",\"itemListElement\":[{\"@type\":\"ListItem\",\"position\":1,\"name\":\"Home\",\"item\":\"https:\/\/foretnature.be\/\"},{\"@type\":\"ListItem\",\"position\":2,\"name\":\"Agenda, annonces et offres d\u2019emploi\"}]},{\"@type\":\"WebSite\",\"@id\":\"https:\/\/foretnature.be\/#website\",\"url\":\"https:\/\/foretnature.be\/\",\"name\":\"For\u00eat.Nature\",\"description\":\"Une \u00e9quipe technique au service de la for\u00eat\",\"publisher\":{\"@id\":\"https:\/\/foretnature.be\/#organization\"},\"potentialAction\":[{\"@type\":\"SearchAction\",\"target\":{\"@type\":\"EntryPoint\",\"urlTemplate\":\"https:\/\/foretnature.be\/?s={search_term_string}\"},\"query-input\":\"required name=search_term_string\"}],\"inLanguage\":\"en-GB\"},{\"@type\":\"Organization\",\"@id\":\"https:\/\/foretnature.be\/#organization\",\"name\":\"For\u00eat.Nature\",\"url\":\"https:\/\/foretnature.be\/\",\"logo\":{\"@type\":\"ImageObject\",\"inLanguage\":\"en-GB\",\"@id\":\"https:\/\/foretnature.be\/#\/schema\/logo\/image\/\",\"url\":\"https:\/\/foretnature.be\/wp-content\/uploads\/2021\/01\/logoFOblanc.png\",\"contentUrl\":\"https:\/\/foretnature.be\/wp-content\/uploads\/2021\/01\/logoFOblanc.png\",\"width\":300,\"height\":151,\"caption\":\"For\u00eat.Nature\"},\"image\":{\"@id\":\"https:\/\/foretnature.be\/#\/schema\/logo\/image\/\"}}]}<\/script>\n<!-- \/ Yoast SEO plugin. -->","yoast_head_json":{"title":"Agenda, annonces et offres d\u2019emploi - For\u00eat.Nature","robots":{"index":"index","follow":"follow","max-snippet":"max-snippet:-1","max-image-preview":"max-image-preview:large","max-video-preview":"max-video-preview:-1"},"canonical":"https:\/\/foretnature.be\/en\/resume-foret-mail\/agenda-annonces-et-offres-demploi\/","og_locale":"en_GB","og_type":"article","og_title":"Agenda, annonces et offres d\u2019emploi - For\u00eat.Nature","og_description":"\u00c9valuer la qualit\u00e9 des bois sur pied et abattus + visite du parc \u00e0 grumes de Wallonie Nassogne, 6 mars 2020 (formation tout public) Les enjeux du carbone : la fili\u00e8re \u00ab\u00a0for\u00eat-bois\u00a0\u00bb peut-elle faire mieux pour le climat ? Paris, 29 janvier 2020 International Conference on Forests for Biodiversity and Climate Bruxelles, 4-5 f\u00e9vrier 2020 [&hellip;]","og_url":"https:\/\/foretnature.be\/en\/resume-foret-mail\/agenda-annonces-et-offres-demploi\/","og_site_name":"For\u00eat.Nature","twitter_card":"summary_large_image","twitter_misc":{"Estimated reading time":"1 minute"},"schema":{"@context":"https:\/\/schema.org","@graph":[{"@type":"WebPage","@id":"https:\/\/foretnature.be\/en\/resume-foret-mail\/agenda-annonces-et-offres-demploi\/","url":"https:\/\/foretnature.be\/en\/resume-foret-mail\/agenda-annonces-et-offres-demploi\/","name":"Agenda, annonces et offres d\u2019emploi - For\u00eat.Nature","isPartOf":{"@id":"https:\/\/foretnature.be\/#website"},"datePublished":"2021-09-10T09:45:59+00:00","dateModified":"2021-09-10T09:45:59+00:00","breadcrumb":{"@id":"https:\/\/foretnature.be\/en\/resume-foret-mail\/agenda-annonces-et-offres-demploi\/#breadcrumb"},"inLanguage":"en-GB","potentialAction":[{"@type":"ReadAction","target":["https:\/\/foretnature.be\/en\/resume-foret-mail\/agenda-annonces-et-offres-demploi\/"]}]},{"@type":"BreadcrumbList","@id":"https:\/\/foretnature.be\/en\/resume-foret-mail\/agenda-annonces-et-offres-demploi\/#breadcrumb","itemListElement":[{"@type":"ListItem","position":1,"name":"Home","item":"https:\/\/foretnature.be\/"},{"@type":"ListItem","position":2,"name":"Agenda, annonces et offres d\u2019emploi"}]},{"@type":"WebSite","@id":"https:\/\/foretnature.be\/#website","url":"https:\/\/foretnature.be\/","name":"For\u00eat.Nature","description":"Une \u00e9quipe technique au service de la for\u00eat","publisher":{"@id":"https:\/\/foretnature.be\/#organization"},"potentialAction":[{"@type":"SearchAction","target":{"@type":"EntryPoint","urlTemplate":"https:\/\/foretnature.be\/?s={search_term_string}"},"query-input":"required name=search_term_string"}],"inLanguage":"en-GB"},{"@type":"Organization","@id":"https:\/\/foretnature.be\/#organization","name":"For\u00eat.Nature","url":"https:\/\/foretnature.be\/","logo":{"@type":"ImageObject","inLanguage":"en-GB","@id":"https:\/\/foretnature.be\/#\/schema\/logo\/image\/","url":"https:\/\/foretnature.be\/wp-content\/uploads\/2021\/01\/logoFOblanc.png","contentUrl":"https:\/\/foretnature.be\/wp-content\/uploads\/2021\/01\/logoFOblanc.png","width":300,"height":151,"caption":"For\u00eat.Nature"},"image":{"@id":"https:\/\/foretnature.be\/#\/schema\/logo\/image\/"}}]}},"_links":{"self":[{"href":"https:\/\/foretnature.be\/en\/wp-json\/wp\/v2\/resume-foret-mail\/34536"}],"collection":[{"href":"https:\/\/foretnature.be\/en\/wp-json\/wp\/v2\/resume-foret-mail"}],"about":[{"href":"https:\/\/foretnature.be\/en\/wp-json\/wp\/v2\/types\/resume-foret-mail"}],"version-history":[{"count":0,"href":"https:\/\/foretnature.be\/en\/wp-json\/wp\/v2\/resume-foret-mail\/34536\/revisions"}],"wp:attachment":[{"href":"https:\/\/foretnature.be\/en\/wp-json\/wp\/v2\/media?parent=34536"}],"wp:term":[{"taxonomy":"category","embeddable":true,"href":"https:\/\/foretnature.be\/en\/wp-json\/wp\/v2\/categories?post=34536"}],"curies":[{"name":"wp","href":"https:\/\/api.w.org\/{rel}","templated":true}]}}

<p>Évaluer la qualité des bois sur pied et abattus + visite du parc à grumes de Wallonie<br />
Nassogne, 6 mars 2020 (formation tout public)<br />
Les enjeux du carbone : la filière « forêt-bois » peut-elle faire mieux pour le climat ?<br />
Paris, 29 janvier 2020<br />
International Conference on Forests for Biodiversity and Climate<br />
Bruxelles, 4-5 février 2020<br />
7ᵉ atelier REGEFOR : Forêt en crise, relevons le défi !<br />
Nancy, 22-24 juin 2020<br />
Recherche de plantations mélangées<br />
Dans le cadre d’un TFE à la HEPL et la CAPFP : mélanges composés d’au minimum deux essences (chêne sessile, chêne rouge d’Amérique, érable sycomore, bouleau verruqueux, douglas, mélèze d’Europe, pin sylvestre, sapin de Nordmann). But : détermination de plusieurs mélanges d’essences qui pourraient être recommandés pour des reboisements en Ardenne. Contactez Adrien Thomée avant le 15 janvier 2020.<br />
Offre d’emploi. Technicien ou technicienne forestière à mi-temps<br />
Échéance pour postuler : 14 janvier 2020</p>

<p>Évaluer la qualité des bois sur pied et abattus + visite du parc à grumes de Wallonie Nassogne, 6 mars 2020 (formation tout public) Les enjeux du carbone : la filière « forêt-bois » peut-elle faire mieux pour le climat ? Paris, 29 janvier 2020 International Conference on Forests for Biodiversity and Climate Bruxelles, 4-5 février 2020 [&hellip;]</p>

<!-- This site is optimized with the Yoast SEO plugin v23.2 - https://yoast.com/wordpress/plugins/seo/ -->
<title>Agenda, annonces et offres d’emploi - Forêt.Nature</title>
<meta name="robots" content="index, follow, max-snippet:-1, max-image-preview:large, max-video-preview:-1" />
<link rel="canonical" href="https://foretnature.be/en/resume-foret-mail/agenda-annonces-et-offres-demploi/" />
<meta property="og:locale" content="en_GB" />
<meta property="og:type" content="article" />
<meta property="og:title" content="Agenda, annonces et offres d’emploi - Forêt.Nature" />
<meta property="og:description" content="Évaluer la qualité des bois sur pied et abattus + visite du parc à grumes de Wallonie Nassogne, 6 mars 2020 (formation tout public) Les enjeux du carbone : la filière « forêt-bois » peut-elle faire mieux pour le climat ? Paris, 29 janvier 2020 International Conference on Forests for Biodiversity and Climate Bruxelles, 4-5 février 2020 [&hellip;]" />
<meta property="og:url" content="https://foretnature.be/en/resume-foret-mail/agenda-annonces-et-offres-demploi/" />
<meta property="og:site_name" content="Forêt.Nature" />
<meta name="twitter:card" content="summary_large_image" />
<meta name="twitter:label1" content="Estimated reading time" />
	<meta name="twitter:data1" content="1 minute" />
<script type="application/ld+json" class="yoast-schema-graph">{"@context":"https://schema.org","@graph":[{"@type":"WebPage","@id":"https://foretnature.be/en/resume-foret-mail/agenda-annonces-et-offres-demploi/","url":"https://foretnature.be/en/resume-foret-mail/agenda-annonces-et-offres-demploi/","name":"Agenda, annonces et offres d’emploi - Forêt.Nature","isPartOf":{"@id":"https://foretnature.be/#website"},"datePublished":"2021-09-10T09:45:59+00:00","dateModified":"2021-09-10T09:45:59+00:00","breadcrumb":{"@id":"https://foretnature.be/en/resume-foret-mail/agenda-annonces-et-offres-demploi/#breadcrumb"},"inLanguage":"en-GB","potentialAction":[{"@type":"ReadAction","target":["https://foretnature.be/en/resume-foret-mail/agenda-annonces-et-offres-demploi/"]}]},{"@type":"BreadcrumbList","@id":"https://foretnature.be/en/resume-foret-mail/agenda-annonces-et-offres-demploi/#breadcrumb","itemListElement":[{"@type":"ListItem","position":1,"name":"Home","item":"https://foretnature.be/"},{"@type":"ListItem","position":2,"name":"Agenda, annonces et offres d’emploi"}]},{"@type":"WebSite","@id":"https://foretnature.be/#website","url":"https://foretnature.be/","name":"Forêt.Nature","description":"Une équipe technique au service de la forêt","publisher":{"@id":"https://foretnature.be/#organization"},"potentialAction":[{"@type":"SearchAction","target":{"@type":"EntryPoint","urlTemplate":"https://foretnature.be/?s={search_term_string}"},"query-input":"required name=search_term_string"}],"inLanguage":"en-GB"},{"@type":"Organization","@id":"https://foretnature.be/#organization","name":"Forêt.Nature","url":"https://foretnature.be/","logo":{"@type":"ImageObject","inLanguage":"en-GB","@id":"https://foretnature.be/#/schema/logo/image/","url":"https://foretnature.be/wp-content/uploads/2021/01/logoFOblanc.png","contentUrl":"https://foretnature.be/wp-content/uploads/2021/01/logoFOblanc.png","width":300,"height":151,"caption":"Forêt.Nature"},"image":{"@id":"https://foretnature.be/#/schema/logo/image/"}}]}</script>
<!-- / Yoast SEO plugin. -->

Agenda, annonces et offres d’emploi - Forêt.Nature

Évaluer la qualité des bois sur pied et abattus + visite du parc à grumes de Wallonie Nassogne, 6 mars 2020 (formation tout public) Les enjeux du carbone : la filière « forêt-bois » peut-elle faire mieux pour le climat ? Paris, 29 janvier 2020 International Conference on Forests for Biodiversity and Climate Bruxelles, 4-5 février 2020 [&hellip;]

Forêt.Nature

Une équipe technique au service de la forêt
