{"id":34489,"date":"2021-09-10T11:45:49","date_gmt":"2021-09-10T09:45:49","guid":{"rendered":"https:\/\/foretnature.be\/resume-foret-mail\/les-arbres-ont-soif\/"},"modified":"2021-09-10T11:45:49","modified_gmt":"2021-09-10T09:45:49","slug":"les-arbres-ont-soif","status":"publish","type":"resume-foret-mail","link":"https:\/\/foretnature.be\/en\/resume-foret-mail\/les-arbres-ont-soif\/","title":{"rendered":"Les arbres ont soif"},"content":{"rendered":"<p>Dans un article paru fin juillet dans le journal \u00ab La Croix \u00bb, le probl\u00e8me de la s\u00e9cheresse de 2019 est abord\u00e9, et en particulier l\u2019impact de celle-ci sur la sant\u00e9 de la for\u00eat fran\u00e7aise.<br \/>\nDe nombreux forestiers et scientifiques travaillent pour trouver des solutions face \u00e0 ce probl\u00e8me qui pourrait se r\u00e9p\u00e9ter \u00e0 l\u2019avenir. Dans les Vosges, les sapins souffrent et 10% d\u2019entre eux sont en train de d\u00e9p\u00e9rir. En effet, d\u00e9j\u00e0 affaiblis par la s\u00e9cheresse de 2018, ces r\u00e9sineux n\u2019ont pas support\u00e9 une nouvelle p\u00e9riode de manque d\u2019eau. De m\u00eame, les \u00e9pic\u00e9as fragilis\u00e9s par le d\u00e9ficit pluviom\u00e9trique sont attaqu\u00e9s par des scolytes. La mortalit\u00e9 des h\u00eatres et des ch\u00eanes sessiles est aussi en augmentation, ce qui est tr\u00e8s pr\u00e9occupant.<br \/>\nD\u2019apr\u00e8s les sp\u00e9cialistes, m\u00eame si les arbres poss\u00e8dent des m\u00e9canismes de r\u00e9gulation qui leur permettent de r\u00e9sister, cette capacit\u00e9 d\u2019adaptation n\u2019est pas infinie. Le probl\u00e8me r\u00e9side surtout dans la r\u00e9currence des \u00e9pisodes de s\u00e9cheresse.<br \/>\nDes exp\u00e9riences de migration assist\u00e9e sont men\u00e9es par le d\u00e9partement recherche, d\u00e9veloppement et innovation de l\u2019ONF, notamment dans le Jura. Elles consistent \u00e0 d\u00e9placer vers le nord du pays des vari\u00e9t\u00e9s ou des essences venues du sud, d\u00e9j\u00e0 adapt\u00e9es \u00e0 des conditions s\u00e8ches et ayant un int\u00e9r\u00eat \u00e9conomique \u00e9quivalent, et de provoquer des hybridations quand il s\u2019agit de la m\u00eame esp\u00e8ce.<br \/>\nCharrier P. Les arbres, eux aussi, meurent de soif. La Croix, 26\/07\/19.<\/p>","protected":false},"excerpt":{"rendered":"<p>Dans un article paru fin juillet dans le journal \u00ab La Croix \u00bb, le probl\u00e8me de la s\u00e9cheresse de 2019 est abord\u00e9, et en particulier l\u2019impact de celle-ci sur la sant\u00e9 de la for\u00eat fran\u00e7aise. De nombreux forestiers et scientifiques travaillent pour trouver des solutions face \u00e0 ce probl\u00e8me qui pourrait se r\u00e9p\u00e9ter \u00e0 l\u2019avenir. [&hellip;]<\/p>","protected":false},"featured_media":0,"template":"","categories":[50],"acf":[],"yoast_head":"<!-- This site is optimized with the Yoast SEO plugin v23.2 - https:\/\/yoast.com\/wordpress\/plugins\/seo\/ -->\n<title>Les arbres ont soif - For\u00eat.Nature<\/title>\n<meta name=\"robots\" content=\"index, follow, max-snippet:-1, max-image-preview:large, max-video-preview:-1\" \/>\n<link rel=\"canonical\" href=\"https:\/\/foretnature.be\/en\/resume-foret-mail\/les-arbres-ont-soif\/\" \/>\n<meta property=\"og:locale\" content=\"en_GB\" \/>\n<meta property=\"og:type\" content=\"article\" \/>\n<meta property=\"og:title\" content=\"Les arbres ont soif - For\u00eat.Nature\" \/>\n<meta property=\"og:description\" content=\"Dans un article paru fin juillet dans le journal \u00ab La Croix \u00bb, le probl\u00e8me de la s\u00e9cheresse de 2019 est abord\u00e9, et en particulier l\u2019impact de celle-ci sur la sant\u00e9 de la for\u00eat fran\u00e7aise. De nombreux forestiers et scientifiques travaillent pour trouver des solutions face \u00e0 ce probl\u00e8me qui pourrait se r\u00e9p\u00e9ter \u00e0 l\u2019avenir. [&hellip;]\" \/>\n<meta property=\"og:url\" content=\"https:\/\/foretnature.be\/en\/resume-foret-mail\/les-arbres-ont-soif\/\" \/>\n<meta property=\"og:site_name\" content=\"For\u00eat.Nature\" \/>\n<meta name=\"twitter:card\" content=\"summary_large_image\" \/>\n<meta name=\"twitter:label1\" content=\"Estimated reading time\" \/>\n\t<meta name=\"twitter:data1\" content=\"1 minute\" \/>\n<script type=\"application\/ld+json\" class=\"yoast-schema-graph\">{\"@context\":\"https:\/\/schema.org\",\"@graph\":[{\"@type\":\"WebPage\",\"@id\":\"https:\/\/foretnature.be\/en\/resume-foret-mail\/les-arbres-ont-soif\/\",\"url\":\"https:\/\/foretnature.be\/en\/resume-foret-mail\/les-arbres-ont-soif\/\",\"name\":\"Les arbres ont soif - For\u00eat.Nature\",\"isPartOf\":{\"@id\":\"https:\/\/foretnature.be\/#website\"},\"datePublished\":\"2021-09-10T09:45:49+00:00\",\"dateModified\":\"2021-09-10T09:45:49+00:00\",\"breadcrumb\":{\"@id\":\"https:\/\/foretnature.be\/en\/resume-foret-mail\/les-arbres-ont-soif\/#breadcrumb\"},\"inLanguage\":\"en-GB\",\"potentialAction\":[{\"@type\":\"ReadAction\",\"target\":[\"https:\/\/foretnature.be\/en\/resume-foret-mail\/les-arbres-ont-soif\/\"]}]},{\"@type\":\"BreadcrumbList\",\"@id\":\"https:\/\/foretnature.be\/en\/resume-foret-mail\/les-arbres-ont-soif\/#breadcrumb\",\"itemListElement\":[{\"@type\":\"ListItem\",\"position\":1,\"name\":\"Home\",\"item\":\"https:\/\/foretnature.be\/\"},{\"@type\":\"ListItem\",\"position\":2,\"name\":\"Les arbres ont soif\"}]},{\"@type\":\"WebSite\",\"@id\":\"https:\/\/foretnature.be\/#website\",\"url\":\"https:\/\/foretnature.be\/\",\"name\":\"For\u00eat.Nature\",\"description\":\"Une \u00e9quipe technique au service de la for\u00eat\",\"publisher\":{\"@id\":\"https:\/\/foretnature.be\/#organization\"},\"potentialAction\":[{\"@type\":\"SearchAction\",\"target\":{\"@type\":\"EntryPoint\",\"urlTemplate\":\"https:\/\/foretnature.be\/?s={search_term_string}\"},\"query-input\":\"required name=search_term_string\"}],\"inLanguage\":\"en-GB\"},{\"@type\":\"Organization\",\"@id\":\"https:\/\/foretnature.be\/#organization\",\"name\":\"For\u00eat.Nature\",\"url\":\"https:\/\/foretnature.be\/\",\"logo\":{\"@type\":\"ImageObject\",\"inLanguage\":\"en-GB\",\"@id\":\"https:\/\/foretnature.be\/#\/schema\/logo\/image\/\",\"url\":\"https:\/\/foretnature.be\/wp-content\/uploads\/2021\/01\/logoFOblanc.png\",\"contentUrl\":\"https:\/\/foretnature.be\/wp-content\/uploads\/2021\/01\/logoFOblanc.png\",\"width\":300,\"height\":151,\"caption\":\"For\u00eat.Nature\"},\"image\":{\"@id\":\"https:\/\/foretnature.be\/#\/schema\/logo\/image\/\"}}]}<\/script>\n<!-- \/ Yoast SEO plugin. -->","yoast_head_json":{"title":"Les arbres ont soif - For\u00eat.Nature","robots":{"index":"index","follow":"follow","max-snippet":"max-snippet:-1","max-image-preview":"max-image-preview:large","max-video-preview":"max-video-preview:-1"},"canonical":"https:\/\/foretnature.be\/en\/resume-foret-mail\/les-arbres-ont-soif\/","og_locale":"en_GB","og_type":"article","og_title":"Les arbres ont soif - For\u00eat.Nature","og_description":"Dans un article paru fin juillet dans le journal \u00ab La Croix \u00bb, le probl\u00e8me de la s\u00e9cheresse de 2019 est abord\u00e9, et en particulier l\u2019impact de celle-ci sur la sant\u00e9 de la for\u00eat fran\u00e7aise. De nombreux forestiers et scientifiques travaillent pour trouver des solutions face \u00e0 ce probl\u00e8me qui pourrait se r\u00e9p\u00e9ter \u00e0 l\u2019avenir. [&hellip;]","og_url":"https:\/\/foretnature.be\/en\/resume-foret-mail\/les-arbres-ont-soif\/","og_site_name":"For\u00eat.Nature","twitter_card":"summary_large_image","twitter_misc":{"Estimated reading time":"1 minute"},"schema":{"@context":"https:\/\/schema.org","@graph":[{"@type":"WebPage","@id":"https:\/\/foretnature.be\/en\/resume-foret-mail\/les-arbres-ont-soif\/","url":"https:\/\/foretnature.be\/en\/resume-foret-mail\/les-arbres-ont-soif\/","name":"Les arbres ont soif - For\u00eat.Nature","isPartOf":{"@id":"https:\/\/foretnature.be\/#website"},"datePublished":"2021-09-10T09:45:49+00:00","dateModified":"2021-09-10T09:45:49+00:00","breadcrumb":{"@id":"https:\/\/foretnature.be\/en\/resume-foret-mail\/les-arbres-ont-soif\/#breadcrumb"},"inLanguage":"en-GB","potentialAction":[{"@type":"ReadAction","target":["https:\/\/foretnature.be\/en\/resume-foret-mail\/les-arbres-ont-soif\/"]}]},{"@type":"BreadcrumbList","@id":"https:\/\/foretnature.be\/en\/resume-foret-mail\/les-arbres-ont-soif\/#breadcrumb","itemListElement":[{"@type":"ListItem","position":1,"name":"Home","item":"https:\/\/foretnature.be\/"},{"@type":"ListItem","position":2,"name":"Les arbres ont soif"}]},{"@type":"WebSite","@id":"https:\/\/foretnature.be\/#website","url":"https:\/\/foretnature.be\/","name":"For\u00eat.Nature","description":"Une \u00e9quipe technique au service de la for\u00eat","publisher":{"@id":"https:\/\/foretnature.be\/#organization"},"potentialAction":[{"@type":"SearchAction","target":{"@type":"EntryPoint","urlTemplate":"https:\/\/foretnature.be\/?s={search_term_string}"},"query-input":"required name=search_term_string"}],"inLanguage":"en-GB"},{"@type":"Organization","@id":"https:\/\/foretnature.be\/#organization","name":"For\u00eat.Nature","url":"https:\/\/foretnature.be\/","logo":{"@type":"ImageObject","inLanguage":"en-GB","@id":"https:\/\/foretnature.be\/#\/schema\/logo\/image\/","url":"https:\/\/foretnature.be\/wp-content\/uploads\/2021\/01\/logoFOblanc.png","contentUrl":"https:\/\/foretnature.be\/wp-content\/uploads\/2021\/01\/logoFOblanc.png","width":300,"height":151,"caption":"For\u00eat.Nature"},"image":{"@id":"https:\/\/foretnature.be\/#\/schema\/logo\/image\/"}}]}},"_links":{"self":[{"href":"https:\/\/foretnature.be\/en\/wp-json\/wp\/v2\/resume-foret-mail\/34489"}],"collection":[{"href":"https:\/\/foretnature.be\/en\/wp-json\/wp\/v2\/resume-foret-mail"}],"about":[{"href":"https:\/\/foretnature.be\/en\/wp-json\/wp\/v2\/types\/resume-foret-mail"}],"version-history":[{"count":0,"href":"https:\/\/foretnature.be\/en\/wp-json\/wp\/v2\/resume-foret-mail\/34489\/revisions"}],"wp:attachment":[{"href":"https:\/\/foretnature.be\/en\/wp-json\/wp\/v2\/media?parent=34489"}],"wp:term":[{"taxonomy":"category","embeddable":true,"href":"https:\/\/foretnature.be\/en\/wp-json\/wp\/v2\/categories?post=34489"}],"curies":[{"name":"wp","href":"https:\/\/api.w.org\/{rel}","templated":true}]}}

<p>Dans un article paru fin juillet dans le journal « La Croix », le problème de la sécheresse de 2019 est abordé, et en particulier l’impact de celle-ci sur la santé de la forêt française.<br />
De nombreux forestiers et scientifiques travaillent pour trouver des solutions face à ce problème qui pourrait se répéter à l’avenir. Dans les Vosges, les sapins souffrent et 10% d’entre eux sont en train de dépérir. En effet, déjà affaiblis par la sécheresse de 2018, ces résineux n’ont pas supporté une nouvelle période de manque d’eau. De même, les épicéas fragilisés par le déficit pluviométrique sont attaqués par des scolytes. La mortalité des hêtres et des chênes sessiles est aussi en augmentation, ce qui est très préoccupant.<br />
D’après les spécialistes, même si les arbres possèdent des mécanismes de régulation qui leur permettent de résister, cette capacité d’adaptation n’est pas infinie. Le problème réside surtout dans la récurrence des épisodes de sécheresse.<br />
Des expériences de migration assistée sont menées par le département recherche, développement et innovation de l’ONF, notamment dans le Jura. Elles consistent à déplacer vers le nord du pays des variétés ou des essences venues du sud, déjà adaptées à des conditions sèches et ayant un intérêt économique équivalent, et de provoquer des hybridations quand il s’agit de la même espèce.<br />
Charrier P. Les arbres, eux aussi, meurent de soif. La Croix, 26/07/19.</p>

<p>Dans un article paru fin juillet dans le journal « La Croix », le problème de la sécheresse de 2019 est abordé, et en particulier l’impact de celle-ci sur la santé de la forêt française. De nombreux forestiers et scientifiques travaillent pour trouver des solutions face à ce problème qui pourrait se répéter à l’avenir. [&hellip;]</p>

<!-- This site is optimized with the Yoast SEO plugin v23.2 - https://yoast.com/wordpress/plugins/seo/ -->
<title>Les arbres ont soif - Forêt.Nature</title>
<meta name="robots" content="index, follow, max-snippet:-1, max-image-preview:large, max-video-preview:-1" />
<link rel="canonical" href="https://foretnature.be/en/resume-foret-mail/les-arbres-ont-soif/" />
<meta property="og:locale" content="en_GB" />
<meta property="og:type" content="article" />
<meta property="og:title" content="Les arbres ont soif - Forêt.Nature" />
<meta property="og:description" content="Dans un article paru fin juillet dans le journal « La Croix », le problème de la sécheresse de 2019 est abordé, et en particulier l’impact de celle-ci sur la santé de la forêt française. De nombreux forestiers et scientifiques travaillent pour trouver des solutions face à ce problème qui pourrait se répéter à l’avenir. [&hellip;]" />
<meta property="og:url" content="https://foretnature.be/en/resume-foret-mail/les-arbres-ont-soif/" />
<meta property="og:site_name" content="Forêt.Nature" />
<meta name="twitter:card" content="summary_large_image" />
<meta name="twitter:label1" content="Estimated reading time" />
	<meta name="twitter:data1" content="1 minute" />
<script type="application/ld+json" class="yoast-schema-graph">{"@context":"https://schema.org","@graph":[{"@type":"WebPage","@id":"https://foretnature.be/en/resume-foret-mail/les-arbres-ont-soif/","url":"https://foretnature.be/en/resume-foret-mail/les-arbres-ont-soif/","name":"Les arbres ont soif - Forêt.Nature","isPartOf":{"@id":"https://foretnature.be/#website"},"datePublished":"2021-09-10T09:45:49+00:00","dateModified":"2021-09-10T09:45:49+00:00","breadcrumb":{"@id":"https://foretnature.be/en/resume-foret-mail/les-arbres-ont-soif/#breadcrumb"},"inLanguage":"en-GB","potentialAction":[{"@type":"ReadAction","target":["https://foretnature.be/en/resume-foret-mail/les-arbres-ont-soif/"]}]},{"@type":"BreadcrumbList","@id":"https://foretnature.be/en/resume-foret-mail/les-arbres-ont-soif/#breadcrumb","itemListElement":[{"@type":"ListItem","position":1,"name":"Home","item":"https://foretnature.be/"},{"@type":"ListItem","position":2,"name":"Les arbres ont soif"}]},{"@type":"WebSite","@id":"https://foretnature.be/#website","url":"https://foretnature.be/","name":"Forêt.Nature","description":"Une équipe technique au service de la forêt","publisher":{"@id":"https://foretnature.be/#organization"},"potentialAction":[{"@type":"SearchAction","target":{"@type":"EntryPoint","urlTemplate":"https://foretnature.be/?s={search_term_string}"},"query-input":"required name=search_term_string"}],"inLanguage":"en-GB"},{"@type":"Organization","@id":"https://foretnature.be/#organization","name":"Forêt.Nature","url":"https://foretnature.be/","logo":{"@type":"ImageObject","inLanguage":"en-GB","@id":"https://foretnature.be/#/schema/logo/image/","url":"https://foretnature.be/wp-content/uploads/2021/01/logoFOblanc.png","contentUrl":"https://foretnature.be/wp-content/uploads/2021/01/logoFOblanc.png","width":300,"height":151,"caption":"Forêt.Nature"},"image":{"@id":"https://foretnature.be/#/schema/logo/image/"}}]}</script>
<!-- / Yoast SEO plugin. -->

Les arbres ont soif - Forêt.Nature

Dans un article paru fin juillet dans le journal « La Croix », le problème de la sécheresse de 2019 est abordé, et en particulier l’impact de celle-ci sur la santé de la forêt française. De nombreux forestiers et scientifiques travaillent pour trouver des solutions face à ce problème qui pourrait se répéter à l’avenir. [&hellip;]

Forêt.Nature

Une équipe technique au service de la forêt
