{"id":34276,"date":"2021-09-10T11:45:15","date_gmt":"2021-09-10T09:45:15","guid":{"rendered":"https:\/\/foretnature.be\/resume-foret-mail\/video-les-arbres-les-grands-allies-des-sols\/"},"modified":"2021-09-10T11:45:15","modified_gmt":"2021-09-10T09:45:15","slug":"video-les-arbres-les-grands-allies-des-sols","status":"publish","type":"resume-foret-mail","link":"https:\/\/foretnature.be\/en\/resume-foret-mail\/video-les-arbres-les-grands-allies-des-sols\/","title":{"rendered":"Vid\u00e9o. Les arbres\u00a0: les grands alli\u00e9s des sols"},"content":{"rendered":"<p>\u00ab Jean-Marie Deshoux, fondateur de Saaltus, \u0153uvre \u00e0 la r\u00e9g\u00e9n\u00e9ration des sols et des \u00e9cosyst\u00e8mes gr\u00e2ce \u00e0 l&rsquo;agroforesterie. \u00bb Il nous en parle, dans cette vid\u00e9o de 1\u201948\u2019\u2019<br \/>\nFondation pour la Recherche sur la Biodiversit\u00e9, 27\/11\/2017.<\/p>","protected":false},"excerpt":{"rendered":"<p>\u00ab Jean-Marie Deshoux, fondateur de Saaltus, \u0153uvre \u00e0 la r\u00e9g\u00e9n\u00e9ration des sols et des \u00e9cosyst\u00e8mes gr\u00e2ce \u00e0 l&rsquo;agroforesterie. \u00bb Il nous en parle, dans cette vid\u00e9o de 1\u201948\u2019\u2019 Fondation pour la Recherche sur la Biodiversit\u00e9, 27\/11\/2017.<\/p>","protected":false},"featured_media":0,"template":"","categories":[50],"acf":[],"yoast_head":"<!-- This site is optimized with the Yoast SEO plugin v23.2 - https:\/\/yoast.com\/wordpress\/plugins\/seo\/ -->\n<title>Vid\u00e9o. Les arbres\u00a0: les grands alli\u00e9s des sols - For\u00eat.Nature<\/title>\n<meta name=\"robots\" content=\"index, follow, max-snippet:-1, max-image-preview:large, max-video-preview:-1\" \/>\n<link rel=\"canonical\" href=\"https:\/\/foretnature.be\/en\/resume-foret-mail\/video-les-arbres-les-grands-allies-des-sols\/\" \/>\n<meta property=\"og:locale\" content=\"en_GB\" \/>\n<meta property=\"og:type\" content=\"article\" \/>\n<meta property=\"og:title\" content=\"Vid\u00e9o. Les arbres\u00a0: les grands alli\u00e9s des sols - For\u00eat.Nature\" \/>\n<meta property=\"og:description\" content=\"\u00ab Jean-Marie Deshoux, fondateur de Saaltus, \u0153uvre \u00e0 la r\u00e9g\u00e9n\u00e9ration des sols et des \u00e9cosyst\u00e8mes gr\u00e2ce \u00e0 l&rsquo;agroforesterie. \u00bb Il nous en parle, dans cette vid\u00e9o de 1\u201948\u2019\u2019 Fondation pour la Recherche sur la Biodiversit\u00e9, 27\/11\/2017.\" \/>\n<meta property=\"og:url\" content=\"https:\/\/foretnature.be\/en\/resume-foret-mail\/video-les-arbres-les-grands-allies-des-sols\/\" \/>\n<meta property=\"og:site_name\" content=\"For\u00eat.Nature\" \/>\n<meta name=\"twitter:card\" content=\"summary_large_image\" \/>\n<script type=\"application\/ld+json\" class=\"yoast-schema-graph\">{\"@context\":\"https:\/\/schema.org\",\"@graph\":[{\"@type\":\"WebPage\",\"@id\":\"https:\/\/foretnature.be\/resume-foret-mail\/video-les-arbres-les-grands-allies-des-sols\/\",\"url\":\"https:\/\/foretnature.be\/resume-foret-mail\/video-les-arbres-les-grands-allies-des-sols\/\",\"name\":\"Vid\u00e9o. Les arbres\u00a0: les grands alli\u00e9s des sols - For\u00eat.Nature\",\"isPartOf\":{\"@id\":\"https:\/\/foretnature.be\/en\/#website\"},\"datePublished\":\"2021-09-10T09:45:15+00:00\",\"dateModified\":\"2021-09-10T09:45:15+00:00\",\"breadcrumb\":{\"@id\":\"https:\/\/foretnature.be\/resume-foret-mail\/video-les-arbres-les-grands-allies-des-sols\/#breadcrumb\"},\"inLanguage\":\"en-GB\",\"potentialAction\":[{\"@type\":\"ReadAction\",\"target\":[\"https:\/\/foretnature.be\/resume-foret-mail\/video-les-arbres-les-grands-allies-des-sols\/\"]}]},{\"@type\":\"BreadcrumbList\",\"@id\":\"https:\/\/foretnature.be\/resume-foret-mail\/video-les-arbres-les-grands-allies-des-sols\/#breadcrumb\",\"itemListElement\":[{\"@type\":\"ListItem\",\"position\":1,\"name\":\"Home\",\"item\":\"https:\/\/foretnature.be\/en\/\"},{\"@type\":\"ListItem\",\"position\":2,\"name\":\"Vid\u00e9o. Les arbres\u00a0: les grands alli\u00e9s des sols\"}]},{\"@type\":\"WebSite\",\"@id\":\"https:\/\/foretnature.be\/en\/#website\",\"url\":\"https:\/\/foretnature.be\/en\/\",\"name\":\"For\u00eat.Nature\",\"description\":\"Une \u00e9quipe technique au service de la for\u00eat\",\"publisher\":{\"@id\":\"https:\/\/foretnature.be\/en\/#organization\"},\"potentialAction\":[{\"@type\":\"SearchAction\",\"target\":{\"@type\":\"EntryPoint\",\"urlTemplate\":\"https:\/\/foretnature.be\/en\/?s={search_term_string}\"},\"query-input\":\"required name=search_term_string\"}],\"inLanguage\":\"en-GB\"},{\"@type\":\"Organization\",\"@id\":\"https:\/\/foretnature.be\/en\/#organization\",\"name\":\"For\u00eat.Nature\",\"url\":\"https:\/\/foretnature.be\/en\/\",\"logo\":{\"@type\":\"ImageObject\",\"inLanguage\":\"en-GB\",\"@id\":\"https:\/\/foretnature.be\/en\/#\/schema\/logo\/image\/\",\"url\":\"https:\/\/foretnature.be\/wp-content\/uploads\/2021\/01\/logoFOblanc.png\",\"contentUrl\":\"https:\/\/foretnature.be\/wp-content\/uploads\/2021\/01\/logoFOblanc.png\",\"width\":300,\"height\":151,\"caption\":\"For\u00eat.Nature\"},\"image\":{\"@id\":\"https:\/\/foretnature.be\/en\/#\/schema\/logo\/image\/\"}}]}<\/script>\n<!-- \/ Yoast SEO plugin. -->","yoast_head_json":{"title":"Vid\u00e9o. Les arbres\u00a0: les grands alli\u00e9s des sols - For\u00eat.Nature","robots":{"index":"index","follow":"follow","max-snippet":"max-snippet:-1","max-image-preview":"max-image-preview:large","max-video-preview":"max-video-preview:-1"},"canonical":"https:\/\/foretnature.be\/en\/resume-foret-mail\/video-les-arbres-les-grands-allies-des-sols\/","og_locale":"en_GB","og_type":"article","og_title":"Vid\u00e9o. Les arbres\u00a0: les grands alli\u00e9s des sols - For\u00eat.Nature","og_description":"\u00ab Jean-Marie Deshoux, fondateur de Saaltus, \u0153uvre \u00e0 la r\u00e9g\u00e9n\u00e9ration des sols et des \u00e9cosyst\u00e8mes gr\u00e2ce \u00e0 l&rsquo;agroforesterie. \u00bb Il nous en parle, dans cette vid\u00e9o de 1\u201948\u2019\u2019 Fondation pour la Recherche sur la Biodiversit\u00e9, 27\/11\/2017.","og_url":"https:\/\/foretnature.be\/en\/resume-foret-mail\/video-les-arbres-les-grands-allies-des-sols\/","og_site_name":"For\u00eat.Nature","twitter_card":"summary_large_image","schema":{"@context":"https:\/\/schema.org","@graph":[{"@type":"WebPage","@id":"https:\/\/foretnature.be\/resume-foret-mail\/video-les-arbres-les-grands-allies-des-sols\/","url":"https:\/\/foretnature.be\/resume-foret-mail\/video-les-arbres-les-grands-allies-des-sols\/","name":"Vid\u00e9o. Les arbres\u00a0: les grands alli\u00e9s des sols - For\u00eat.Nature","isPartOf":{"@id":"https:\/\/foretnature.be\/en\/#website"},"datePublished":"2021-09-10T09:45:15+00:00","dateModified":"2021-09-10T09:45:15+00:00","breadcrumb":{"@id":"https:\/\/foretnature.be\/resume-foret-mail\/video-les-arbres-les-grands-allies-des-sols\/#breadcrumb"},"inLanguage":"en-GB","potentialAction":[{"@type":"ReadAction","target":["https:\/\/foretnature.be\/resume-foret-mail\/video-les-arbres-les-grands-allies-des-sols\/"]}]},{"@type":"BreadcrumbList","@id":"https:\/\/foretnature.be\/resume-foret-mail\/video-les-arbres-les-grands-allies-des-sols\/#breadcrumb","itemListElement":[{"@type":"ListItem","position":1,"name":"Home","item":"https:\/\/foretnature.be\/en\/"},{"@type":"ListItem","position":2,"name":"Vid\u00e9o. Les arbres\u00a0: les grands alli\u00e9s des sols"}]},{"@type":"WebSite","@id":"https:\/\/foretnature.be\/en\/#website","url":"https:\/\/foretnature.be\/en\/","name":"For\u00eat.Nature","description":"Une \u00e9quipe technique au service de la for\u00eat","publisher":{"@id":"https:\/\/foretnature.be\/en\/#organization"},"potentialAction":[{"@type":"SearchAction","target":{"@type":"EntryPoint","urlTemplate":"https:\/\/foretnature.be\/en\/?s={search_term_string}"},"query-input":"required name=search_term_string"}],"inLanguage":"en-GB"},{"@type":"Organization","@id":"https:\/\/foretnature.be\/en\/#organization","name":"For\u00eat.Nature","url":"https:\/\/foretnature.be\/en\/","logo":{"@type":"ImageObject","inLanguage":"en-GB","@id":"https:\/\/foretnature.be\/en\/#\/schema\/logo\/image\/","url":"https:\/\/foretnature.be\/wp-content\/uploads\/2021\/01\/logoFOblanc.png","contentUrl":"https:\/\/foretnature.be\/wp-content\/uploads\/2021\/01\/logoFOblanc.png","width":300,"height":151,"caption":"For\u00eat.Nature"},"image":{"@id":"https:\/\/foretnature.be\/en\/#\/schema\/logo\/image\/"}}]}},"_links":{"self":[{"href":"https:\/\/foretnature.be\/en\/wp-json\/wp\/v2\/resume-foret-mail\/34276"}],"collection":[{"href":"https:\/\/foretnature.be\/en\/wp-json\/wp\/v2\/resume-foret-mail"}],"about":[{"href":"https:\/\/foretnature.be\/en\/wp-json\/wp\/v2\/types\/resume-foret-mail"}],"version-history":[{"count":0,"href":"https:\/\/foretnature.be\/en\/wp-json\/wp\/v2\/resume-foret-mail\/34276\/revisions"}],"wp:attachment":[{"href":"https:\/\/foretnature.be\/en\/wp-json\/wp\/v2\/media?parent=34276"}],"wp:term":[{"taxonomy":"category","embeddable":true,"href":"https:\/\/foretnature.be\/en\/wp-json\/wp\/v2\/categories?post=34276"}],"curies":[{"name":"wp","href":"https:\/\/api.w.org\/{rel}","templated":true}]}}

Vidéo. Les arbres : les grands alliés des sols

<p>« Jean-Marie Deshoux, fondateur de Saaltus, œuvre à la régénération des sols et des écosystèmes grâce à l&rsquo;agroforesterie. » Il nous en parle, dans cette vidéo de 1’48’’<br />
Fondation pour la Recherche sur la Biodiversité, 27/11/2017.</p>

<p>« Jean-Marie Deshoux, fondateur de Saaltus, œuvre à la régénération des sols et des écosystèmes grâce à l&rsquo;agroforesterie. » Il nous en parle, dans cette vidéo de 1’48’’ Fondation pour la Recherche sur la Biodiversité, 27/11/2017.</p>

<!-- This site is optimized with the Yoast SEO plugin v23.2 - https://yoast.com/wordpress/plugins/seo/ -->
<title>Vidéo. Les arbres : les grands alliés des sols - Forêt.Nature</title>
<meta name="robots" content="index, follow, max-snippet:-1, max-image-preview:large, max-video-preview:-1" />
<link rel="canonical" href="https://foretnature.be/en/resume-foret-mail/video-les-arbres-les-grands-allies-des-sols/" />
<meta property="og:locale" content="en_GB" />
<meta property="og:type" content="article" />
<meta property="og:title" content="Vidéo. Les arbres : les grands alliés des sols - Forêt.Nature" />
<meta property="og:description" content="« Jean-Marie Deshoux, fondateur de Saaltus, œuvre à la régénération des sols et des écosystèmes grâce à l&rsquo;agroforesterie. » Il nous en parle, dans cette vidéo de 1’48’’ Fondation pour la Recherche sur la Biodiversité, 27/11/2017." />
<meta property="og:url" content="https://foretnature.be/en/resume-foret-mail/video-les-arbres-les-grands-allies-des-sols/" />
<meta property="og:site_name" content="Forêt.Nature" />
<meta name="twitter:card" content="summary_large_image" />
<script type="application/ld+json" class="yoast-schema-graph">{"@context":"https://schema.org","@graph":[{"@type":"WebPage","@id":"https://foretnature.be/resume-foret-mail/video-les-arbres-les-grands-allies-des-sols/","url":"https://foretnature.be/resume-foret-mail/video-les-arbres-les-grands-allies-des-sols/","name":"Vidéo. Les arbres : les grands alliés des sols - Forêt.Nature","isPartOf":{"@id":"https://foretnature.be/en/#website"},"datePublished":"2021-09-10T09:45:15+00:00","dateModified":"2021-09-10T09:45:15+00:00","breadcrumb":{"@id":"https://foretnature.be/resume-foret-mail/video-les-arbres-les-grands-allies-des-sols/#breadcrumb"},"inLanguage":"en-GB","potentialAction":[{"@type":"ReadAction","target":["https://foretnature.be/resume-foret-mail/video-les-arbres-les-grands-allies-des-sols/"]}]},{"@type":"BreadcrumbList","@id":"https://foretnature.be/resume-foret-mail/video-les-arbres-les-grands-allies-des-sols/#breadcrumb","itemListElement":[{"@type":"ListItem","position":1,"name":"Home","item":"https://foretnature.be/en/"},{"@type":"ListItem","position":2,"name":"Vidéo. Les arbres : les grands alliés des sols"}]},{"@type":"WebSite","@id":"https://foretnature.be/en/#website","url":"https://foretnature.be/en/","name":"Forêt.Nature","description":"Une équipe technique au service de la forêt","publisher":{"@id":"https://foretnature.be/en/#organization"},"potentialAction":[{"@type":"SearchAction","target":{"@type":"EntryPoint","urlTemplate":"https://foretnature.be/en/?s={search_term_string}"},"query-input":"required name=search_term_string"}],"inLanguage":"en-GB"},{"@type":"Organization","@id":"https://foretnature.be/en/#organization","name":"Forêt.Nature","url":"https://foretnature.be/en/","logo":{"@type":"ImageObject","inLanguage":"en-GB","@id":"https://foretnature.be/en/#/schema/logo/image/","url":"https://foretnature.be/wp-content/uploads/2021/01/logoFOblanc.png","contentUrl":"https://foretnature.be/wp-content/uploads/2021/01/logoFOblanc.png","width":300,"height":151,"caption":"Forêt.Nature"},"image":{"@id":"https://foretnature.be/en/#/schema/logo/image/"}}]}</script>
<!-- / Yoast SEO plugin. -->

Vidéo. Les arbres : les grands alliés des sols - Forêt.Nature

« Jean-Marie Deshoux, fondateur de Saaltus, œuvre à la régénération des sols et des écosystèmes grâce à l&rsquo;agroforesterie. » Il nous en parle, dans cette vidéo de 1’48’’ Fondation pour la Recherche sur la Biodiversité, 27/11/2017.

Forêt.Nature

Une équipe technique au service de la forêt
