{"id":34275,"date":"2021-09-10T11:45:15","date_gmt":"2021-09-10T09:45:15","guid":{"rendered":"https:\/\/foretnature.be\/resume-foret-mail\/tirs-legaux-des-loups-entre-scientifique-et-politique\/"},"modified":"2021-09-10T11:45:15","modified_gmt":"2021-09-10T09:45:15","slug":"tirs-legaux-des-loups-entre-scientifique-et-politique","status":"publish","type":"resume-foret-mail","link":"https:\/\/foretnature.be\/en\/resume-foret-mail\/tirs-legaux-des-loups-entre-scientifique-et-politique\/","title":{"rendered":"Tirs l\u00e9gaux des loups : entre scientifique et politique"},"content":{"rendered":"<p>La Chasse au loup et au renard &#8211; Pierre Paul Rubens<br \/>\nAlors que la France a autoris\u00e9 l\u2019abattage l\u00e9gal de 40 loups pour la p\u00e9riode mi-2017 \u00e0 mi-2018 (sur une population estim\u00e9e \u00e0 360 individus), la question de l\u2019ad\u00e9quation avec les objectifs divise les scientifiques. Ces tirs sont en effet destin\u00e9s \u00e0 am\u00e9liorer la cohabitation avec l\u2019homme et\u00a0mieux pr\u00e9server les loups. Or, sur ce dernier point, certaines \u00e9tudes montrent que l\u2019autorisation d\u2019abattage favorise le braconnage de l\u2019esp\u00e8ce. Des contres-\u00e9tudes d\u00e9montent les premi\u00e8res et des contres-contres-\u00e9tudes mettent \u00e0 leur tour les secondes en doute.<br \/>\nBref, l\u2019un des auteurs trouve \u00ab int\u00e9ressant que lorsque des chercheurs [\u2026] mettent en cause des conceptions de la gestion de la vie sauvage fondamentales et admises depuis longtemps [\u2026], leur travail soit autant critiqu\u00e9. [\u2026] D\u00e9fier le statu quo fait grincer des dents et fait entrevoir aux gestionnaires de la vie sauvage que les strat\u00e9gies men\u00e9es jusqu\u2019\u00e0 pr\u00e9sent \u00e9taient peut-\u00eatre erron\u00e9es. \u00bb Quand en plus \u00ab un lobby puissant, les chasseurs de carnivores, est menac\u00e9, les critiques sont souvent particuli\u00e8rement vives \u00bb, souligne-t-il.<br \/>\n\u00ab Loup : les abattages autoris\u00e9s divisent les scientifiques \u00bb, Goodplanet actualit\u00e9s, 23\/11\/2017.<\/p>","protected":false},"excerpt":{"rendered":"<p>La Chasse au loup et au renard &#8211; Pierre Paul Rubens Alors que la France a autoris\u00e9 l\u2019abattage l\u00e9gal de 40 loups pour la p\u00e9riode mi-2017 \u00e0 mi-2018 (sur une population estim\u00e9e \u00e0 360 individus), la question de l\u2019ad\u00e9quation avec les objectifs divise les scientifiques. Ces tirs sont en effet destin\u00e9s \u00e0 am\u00e9liorer la cohabitation [&hellip;]<\/p>","protected":false},"featured_media":0,"template":"","categories":[50],"acf":[],"yoast_head":"<!-- This site is optimized with the Yoast SEO plugin v23.2 - https:\/\/yoast.com\/wordpress\/plugins\/seo\/ -->\n<title>Tirs l\u00e9gaux des loups : entre scientifique et politique - For\u00eat.Nature<\/title>\n<meta name=\"robots\" content=\"index, follow, max-snippet:-1, max-image-preview:large, max-video-preview:-1\" \/>\n<link rel=\"canonical\" href=\"https:\/\/foretnature.be\/en\/resume-foret-mail\/tirs-legaux-des-loups-entre-scientifique-et-politique\/\" \/>\n<meta property=\"og:locale\" content=\"en_GB\" \/>\n<meta property=\"og:type\" content=\"article\" \/>\n<meta property=\"og:title\" content=\"Tirs l\u00e9gaux des loups : entre scientifique et politique - For\u00eat.Nature\" \/>\n<meta property=\"og:description\" content=\"La Chasse au loup et au renard &#8211; Pierre Paul Rubens Alors que la France a autoris\u00e9 l\u2019abattage l\u00e9gal de 40 loups pour la p\u00e9riode mi-2017 \u00e0 mi-2018 (sur une population estim\u00e9e \u00e0 360 individus), la question de l\u2019ad\u00e9quation avec les objectifs divise les scientifiques. Ces tirs sont en effet destin\u00e9s \u00e0 am\u00e9liorer la cohabitation [&hellip;]\" \/>\n<meta property=\"og:url\" content=\"https:\/\/foretnature.be\/en\/resume-foret-mail\/tirs-legaux-des-loups-entre-scientifique-et-politique\/\" \/>\n<meta property=\"og:site_name\" content=\"For\u00eat.Nature\" \/>\n<meta name=\"twitter:card\" content=\"summary_large_image\" \/>\n<meta name=\"twitter:label1\" content=\"Estimated reading time\" \/>\n\t<meta name=\"twitter:data1\" content=\"1 minute\" \/>\n<script type=\"application\/ld+json\" class=\"yoast-schema-graph\">{\"@context\":\"https:\/\/schema.org\",\"@graph\":[{\"@type\":\"WebPage\",\"@id\":\"https:\/\/foretnature.be\/resume-foret-mail\/tirs-legaux-des-loups-entre-scientifique-et-politique\/\",\"url\":\"https:\/\/foretnature.be\/resume-foret-mail\/tirs-legaux-des-loups-entre-scientifique-et-politique\/\",\"name\":\"Tirs l\u00e9gaux des loups : entre scientifique et politique - For\u00eat.Nature\",\"isPartOf\":{\"@id\":\"https:\/\/foretnature.be\/en\/#website\"},\"datePublished\":\"2021-09-10T09:45:15+00:00\",\"dateModified\":\"2021-09-10T09:45:15+00:00\",\"breadcrumb\":{\"@id\":\"https:\/\/foretnature.be\/resume-foret-mail\/tirs-legaux-des-loups-entre-scientifique-et-politique\/#breadcrumb\"},\"inLanguage\":\"en-GB\",\"potentialAction\":[{\"@type\":\"ReadAction\",\"target\":[\"https:\/\/foretnature.be\/resume-foret-mail\/tirs-legaux-des-loups-entre-scientifique-et-politique\/\"]}]},{\"@type\":\"BreadcrumbList\",\"@id\":\"https:\/\/foretnature.be\/resume-foret-mail\/tirs-legaux-des-loups-entre-scientifique-et-politique\/#breadcrumb\",\"itemListElement\":[{\"@type\":\"ListItem\",\"position\":1,\"name\":\"Home\",\"item\":\"https:\/\/foretnature.be\/en\/\"},{\"@type\":\"ListItem\",\"position\":2,\"name\":\"Tirs l\u00e9gaux des loups : entre scientifique et politique\"}]},{\"@type\":\"WebSite\",\"@id\":\"https:\/\/foretnature.be\/en\/#website\",\"url\":\"https:\/\/foretnature.be\/en\/\",\"name\":\"For\u00eat.Nature\",\"description\":\"Une \u00e9quipe technique au service de la for\u00eat\",\"publisher\":{\"@id\":\"https:\/\/foretnature.be\/en\/#organization\"},\"potentialAction\":[{\"@type\":\"SearchAction\",\"target\":{\"@type\":\"EntryPoint\",\"urlTemplate\":\"https:\/\/foretnature.be\/en\/?s={search_term_string}\"},\"query-input\":\"required name=search_term_string\"}],\"inLanguage\":\"en-GB\"},{\"@type\":\"Organization\",\"@id\":\"https:\/\/foretnature.be\/en\/#organization\",\"name\":\"For\u00eat.Nature\",\"url\":\"https:\/\/foretnature.be\/en\/\",\"logo\":{\"@type\":\"ImageObject\",\"inLanguage\":\"en-GB\",\"@id\":\"https:\/\/foretnature.be\/en\/#\/schema\/logo\/image\/\",\"url\":\"https:\/\/foretnature.be\/wp-content\/uploads\/2021\/01\/logoFOblanc.png\",\"contentUrl\":\"https:\/\/foretnature.be\/wp-content\/uploads\/2021\/01\/logoFOblanc.png\",\"width\":300,\"height\":151,\"caption\":\"For\u00eat.Nature\"},\"image\":{\"@id\":\"https:\/\/foretnature.be\/en\/#\/schema\/logo\/image\/\"}}]}<\/script>\n<!-- \/ Yoast SEO plugin. -->","yoast_head_json":{"title":"Tirs l\u00e9gaux des loups : entre scientifique et politique - For\u00eat.Nature","robots":{"index":"index","follow":"follow","max-snippet":"max-snippet:-1","max-image-preview":"max-image-preview:large","max-video-preview":"max-video-preview:-1"},"canonical":"https:\/\/foretnature.be\/en\/resume-foret-mail\/tirs-legaux-des-loups-entre-scientifique-et-politique\/","og_locale":"en_GB","og_type":"article","og_title":"Tirs l\u00e9gaux des loups : entre scientifique et politique - For\u00eat.Nature","og_description":"La Chasse au loup et au renard &#8211; Pierre Paul Rubens Alors que la France a autoris\u00e9 l\u2019abattage l\u00e9gal de 40 loups pour la p\u00e9riode mi-2017 \u00e0 mi-2018 (sur une population estim\u00e9e \u00e0 360 individus), la question de l\u2019ad\u00e9quation avec les objectifs divise les scientifiques. Ces tirs sont en effet destin\u00e9s \u00e0 am\u00e9liorer la cohabitation [&hellip;]","og_url":"https:\/\/foretnature.be\/en\/resume-foret-mail\/tirs-legaux-des-loups-entre-scientifique-et-politique\/","og_site_name":"For\u00eat.Nature","twitter_card":"summary_large_image","twitter_misc":{"Estimated reading time":"1 minute"},"schema":{"@context":"https:\/\/schema.org","@graph":[{"@type":"WebPage","@id":"https:\/\/foretnature.be\/resume-foret-mail\/tirs-legaux-des-loups-entre-scientifique-et-politique\/","url":"https:\/\/foretnature.be\/resume-foret-mail\/tirs-legaux-des-loups-entre-scientifique-et-politique\/","name":"Tirs l\u00e9gaux des loups : entre scientifique et politique - For\u00eat.Nature","isPartOf":{"@id":"https:\/\/foretnature.be\/en\/#website"},"datePublished":"2021-09-10T09:45:15+00:00","dateModified":"2021-09-10T09:45:15+00:00","breadcrumb":{"@id":"https:\/\/foretnature.be\/resume-foret-mail\/tirs-legaux-des-loups-entre-scientifique-et-politique\/#breadcrumb"},"inLanguage":"en-GB","potentialAction":[{"@type":"ReadAction","target":["https:\/\/foretnature.be\/resume-foret-mail\/tirs-legaux-des-loups-entre-scientifique-et-politique\/"]}]},{"@type":"BreadcrumbList","@id":"https:\/\/foretnature.be\/resume-foret-mail\/tirs-legaux-des-loups-entre-scientifique-et-politique\/#breadcrumb","itemListElement":[{"@type":"ListItem","position":1,"name":"Home","item":"https:\/\/foretnature.be\/en\/"},{"@type":"ListItem","position":2,"name":"Tirs l\u00e9gaux des loups : entre scientifique et politique"}]},{"@type":"WebSite","@id":"https:\/\/foretnature.be\/en\/#website","url":"https:\/\/foretnature.be\/en\/","name":"For\u00eat.Nature","description":"Une \u00e9quipe technique au service de la for\u00eat","publisher":{"@id":"https:\/\/foretnature.be\/en\/#organization"},"potentialAction":[{"@type":"SearchAction","target":{"@type":"EntryPoint","urlTemplate":"https:\/\/foretnature.be\/en\/?s={search_term_string}"},"query-input":"required name=search_term_string"}],"inLanguage":"en-GB"},{"@type":"Organization","@id":"https:\/\/foretnature.be\/en\/#organization","name":"For\u00eat.Nature","url":"https:\/\/foretnature.be\/en\/","logo":{"@type":"ImageObject","inLanguage":"en-GB","@id":"https:\/\/foretnature.be\/en\/#\/schema\/logo\/image\/","url":"https:\/\/foretnature.be\/wp-content\/uploads\/2021\/01\/logoFOblanc.png","contentUrl":"https:\/\/foretnature.be\/wp-content\/uploads\/2021\/01\/logoFOblanc.png","width":300,"height":151,"caption":"For\u00eat.Nature"},"image":{"@id":"https:\/\/foretnature.be\/en\/#\/schema\/logo\/image\/"}}]}},"_links":{"self":[{"href":"https:\/\/foretnature.be\/en\/wp-json\/wp\/v2\/resume-foret-mail\/34275"}],"collection":[{"href":"https:\/\/foretnature.be\/en\/wp-json\/wp\/v2\/resume-foret-mail"}],"about":[{"href":"https:\/\/foretnature.be\/en\/wp-json\/wp\/v2\/types\/resume-foret-mail"}],"version-history":[{"count":0,"href":"https:\/\/foretnature.be\/en\/wp-json\/wp\/v2\/resume-foret-mail\/34275\/revisions"}],"wp:attachment":[{"href":"https:\/\/foretnature.be\/en\/wp-json\/wp\/v2\/media?parent=34275"}],"wp:term":[{"taxonomy":"category","embeddable":true,"href":"https:\/\/foretnature.be\/en\/wp-json\/wp\/v2\/categories?post=34275"}],"curies":[{"name":"wp","href":"https:\/\/api.w.org\/{rel}","templated":true}]}}

Tirs légaux des loups : entre scientifique et politique

<p>La Chasse au loup et au renard &#8211; Pierre Paul Rubens<br />
Alors que la France a autorisé l’abattage légal de 40 loups pour la période mi-2017 à mi-2018 (sur une population estimée à 360 individus), la question de l’adéquation avec les objectifs divise les scientifiques. Ces tirs sont en effet destinés à améliorer la cohabitation avec l’homme et mieux préserver les loups. Or, sur ce dernier point, certaines études montrent que l’autorisation d’abattage favorise le braconnage de l’espèce. Des contres-études démontent les premières et des contres-contres-études mettent à leur tour les secondes en doute.<br />
Bref, l’un des auteurs trouve « intéressant que lorsque des chercheurs […] mettent en cause des conceptions de la gestion de la vie sauvage fondamentales et admises depuis longtemps […], leur travail soit autant critiqué. […] Défier le statu quo fait grincer des dents et fait entrevoir aux gestionnaires de la vie sauvage que les stratégies menées jusqu’à présent étaient peut-être erronées. » Quand en plus « un lobby puissant, les chasseurs de carnivores, est menacé, les critiques sont souvent particulièrement vives », souligne-t-il.<br />
« Loup : les abattages autorisés divisent les scientifiques », Goodplanet actualités, 23/11/2017.</p>

<p>La Chasse au loup et au renard &#8211; Pierre Paul Rubens Alors que la France a autorisé l’abattage légal de 40 loups pour la période mi-2017 à mi-2018 (sur une population estimée à 360 individus), la question de l’adéquation avec les objectifs divise les scientifiques. Ces tirs sont en effet destinés à améliorer la cohabitation [&hellip;]</p>

<!-- This site is optimized with the Yoast SEO plugin v23.2 - https://yoast.com/wordpress/plugins/seo/ -->
<title>Tirs légaux des loups : entre scientifique et politique - Forêt.Nature</title>
<meta name="robots" content="index, follow, max-snippet:-1, max-image-preview:large, max-video-preview:-1" />
<link rel="canonical" href="https://foretnature.be/en/resume-foret-mail/tirs-legaux-des-loups-entre-scientifique-et-politique/" />
<meta property="og:locale" content="en_GB" />
<meta property="og:type" content="article" />
<meta property="og:title" content="Tirs légaux des loups : entre scientifique et politique - Forêt.Nature" />
<meta property="og:description" content="La Chasse au loup et au renard &#8211; Pierre Paul Rubens Alors que la France a autorisé l’abattage légal de 40 loups pour la période mi-2017 à mi-2018 (sur une population estimée à 360 individus), la question de l’adéquation avec les objectifs divise les scientifiques. Ces tirs sont en effet destinés à améliorer la cohabitation [&hellip;]" />
<meta property="og:url" content="https://foretnature.be/en/resume-foret-mail/tirs-legaux-des-loups-entre-scientifique-et-politique/" />
<meta property="og:site_name" content="Forêt.Nature" />
<meta name="twitter:card" content="summary_large_image" />
<meta name="twitter:label1" content="Estimated reading time" />
	<meta name="twitter:data1" content="1 minute" />
<script type="application/ld+json" class="yoast-schema-graph">{"@context":"https://schema.org","@graph":[{"@type":"WebPage","@id":"https://foretnature.be/resume-foret-mail/tirs-legaux-des-loups-entre-scientifique-et-politique/","url":"https://foretnature.be/resume-foret-mail/tirs-legaux-des-loups-entre-scientifique-et-politique/","name":"Tirs légaux des loups : entre scientifique et politique - Forêt.Nature","isPartOf":{"@id":"https://foretnature.be/en/#website"},"datePublished":"2021-09-10T09:45:15+00:00","dateModified":"2021-09-10T09:45:15+00:00","breadcrumb":{"@id":"https://foretnature.be/resume-foret-mail/tirs-legaux-des-loups-entre-scientifique-et-politique/#breadcrumb"},"inLanguage":"en-GB","potentialAction":[{"@type":"ReadAction","target":["https://foretnature.be/resume-foret-mail/tirs-legaux-des-loups-entre-scientifique-et-politique/"]}]},{"@type":"BreadcrumbList","@id":"https://foretnature.be/resume-foret-mail/tirs-legaux-des-loups-entre-scientifique-et-politique/#breadcrumb","itemListElement":[{"@type":"ListItem","position":1,"name":"Home","item":"https://foretnature.be/en/"},{"@type":"ListItem","position":2,"name":"Tirs légaux des loups : entre scientifique et politique"}]},{"@type":"WebSite","@id":"https://foretnature.be/en/#website","url":"https://foretnature.be/en/","name":"Forêt.Nature","description":"Une équipe technique au service de la forêt","publisher":{"@id":"https://foretnature.be/en/#organization"},"potentialAction":[{"@type":"SearchAction","target":{"@type":"EntryPoint","urlTemplate":"https://foretnature.be/en/?s={search_term_string}"},"query-input":"required name=search_term_string"}],"inLanguage":"en-GB"},{"@type":"Organization","@id":"https://foretnature.be/en/#organization","name":"Forêt.Nature","url":"https://foretnature.be/en/","logo":{"@type":"ImageObject","inLanguage":"en-GB","@id":"https://foretnature.be/en/#/schema/logo/image/","url":"https://foretnature.be/wp-content/uploads/2021/01/logoFOblanc.png","contentUrl":"https://foretnature.be/wp-content/uploads/2021/01/logoFOblanc.png","width":300,"height":151,"caption":"Forêt.Nature"},"image":{"@id":"https://foretnature.be/en/#/schema/logo/image/"}}]}</script>
<!-- / Yoast SEO plugin. -->

Tirs légaux des loups : entre scientifique et politique - Forêt.Nature

La Chasse au loup et au renard &#8211; Pierre Paul Rubens Alors que la France a autorisé l’abattage légal de 40 loups pour la période mi-2017 à mi-2018 (sur une population estimée à 360 individus), la question de l’adéquation avec les objectifs divise les scientifiques. Ces tirs sont en effet destinés à améliorer la cohabitation [&hellip;]

Forêt.Nature

Une équipe technique au service de la forêt
