{"id":34243,"date":"2021-09-10T11:45:08","date_gmt":"2021-09-10T09:45:08","guid":{"rendered":"https:\/\/foretnature.be\/resume-foret-mail\/le-parc-naturel-des-sources-le-premier-parc-sous-partenariat-public-prive-en-wallonie\/"},"modified":"2021-09-10T11:45:08","modified_gmt":"2021-09-10T09:45:08","slug":"le-parc-naturel-des-sources-le-premier-parc-sous-partenariat-public-prive-en-wallonie","status":"publish","type":"resume-foret-mail","link":"https:\/\/foretnature.be\/en\/resume-foret-mail\/le-parc-naturel-des-sources-le-premier-parc-sous-partenariat-public-prive-en-wallonie\/","title":{"rendered":"Le Parc naturel des Sources, le premier parc sous partenariat public priv\u00e9 en Wallonie"},"content":{"rendered":"<p>Le 6 juillet dernier, le Parc naturel des Sources, 11e Parc naturel de Wallonie, a vu le jour. Ce projet regroupe divers acteurs, tant publics que priv\u00e9s, soucieux de pr\u00e9server le patrimoine b\u00e2ti et naturel, partenariat unique en Wallonie. Maintenant, ce sont 380 000 hectares, soit un quart de la Wallonie, qui sont couverts par les parcs naturels.<br \/>\nLe Parc Naturel des Sources, le premier parc sous partenariat public priv\u00e9 en Wallonie. Le Soir, 14\/07\/2017.<\/p>","protected":false},"excerpt":{"rendered":"<p>Le 6 juillet dernier, le Parc naturel des Sources, 11e Parc naturel de Wallonie, a vu le jour. Ce projet regroupe divers acteurs, tant publics que priv\u00e9s, soucieux de pr\u00e9server le patrimoine b\u00e2ti et naturel, partenariat unique en Wallonie. Maintenant, ce sont 380 000 hectares, soit un quart de la Wallonie, qui sont couverts par [&hellip;]<\/p>","protected":false},"featured_media":0,"template":"","categories":[50],"acf":[],"yoast_head":"<!-- This site is optimized with the Yoast SEO plugin v23.2 - https:\/\/yoast.com\/wordpress\/plugins\/seo\/ -->\n<title>Le Parc naturel des Sources, le premier parc sous partenariat public priv\u00e9 en Wallonie - For\u00eat.Nature<\/title>\n<meta name=\"robots\" content=\"index, follow, max-snippet:-1, max-image-preview:large, max-video-preview:-1\" \/>\n<link rel=\"canonical\" href=\"https:\/\/foretnature.be\/en\/resume-foret-mail\/le-parc-naturel-des-sources-le-premier-parc-sous-partenariat-public-prive-en-wallonie\/\" \/>\n<meta property=\"og:locale\" content=\"en_GB\" \/>\n<meta property=\"og:type\" content=\"article\" \/>\n<meta property=\"og:title\" content=\"Le Parc naturel des Sources, le premier parc sous partenariat public priv\u00e9 en Wallonie - For\u00eat.Nature\" \/>\n<meta property=\"og:description\" content=\"Le 6 juillet dernier, le Parc naturel des Sources, 11e Parc naturel de Wallonie, a vu le jour. Ce projet regroupe divers acteurs, tant publics que priv\u00e9s, soucieux de pr\u00e9server le patrimoine b\u00e2ti et naturel, partenariat unique en Wallonie. Maintenant, ce sont 380 000 hectares, soit un quart de la Wallonie, qui sont couverts par [&hellip;]\" \/>\n<meta property=\"og:url\" content=\"https:\/\/foretnature.be\/en\/resume-foret-mail\/le-parc-naturel-des-sources-le-premier-parc-sous-partenariat-public-prive-en-wallonie\/\" \/>\n<meta property=\"og:site_name\" content=\"For\u00eat.Nature\" \/>\n<meta name=\"twitter:card\" content=\"summary_large_image\" \/>\n<script type=\"application\/ld+json\" class=\"yoast-schema-graph\">{\"@context\":\"https:\/\/schema.org\",\"@graph\":[{\"@type\":\"WebPage\",\"@id\":\"https:\/\/foretnature.be\/en\/resume-foret-mail\/le-parc-naturel-des-sources-le-premier-parc-sous-partenariat-public-prive-en-wallonie\/\",\"url\":\"https:\/\/foretnature.be\/en\/resume-foret-mail\/le-parc-naturel-des-sources-le-premier-parc-sous-partenariat-public-prive-en-wallonie\/\",\"name\":\"Le Parc naturel des Sources, le premier parc sous partenariat public priv\u00e9 en Wallonie - For\u00eat.Nature\",\"isPartOf\":{\"@id\":\"https:\/\/foretnature.be\/#website\"},\"datePublished\":\"2021-09-10T09:45:08+00:00\",\"dateModified\":\"2021-09-10T09:45:08+00:00\",\"breadcrumb\":{\"@id\":\"https:\/\/foretnature.be\/en\/resume-foret-mail\/le-parc-naturel-des-sources-le-premier-parc-sous-partenariat-public-prive-en-wallonie\/#breadcrumb\"},\"inLanguage\":\"en-GB\",\"potentialAction\":[{\"@type\":\"ReadAction\",\"target\":[\"https:\/\/foretnature.be\/en\/resume-foret-mail\/le-parc-naturel-des-sources-le-premier-parc-sous-partenariat-public-prive-en-wallonie\/\"]}]},{\"@type\":\"BreadcrumbList\",\"@id\":\"https:\/\/foretnature.be\/en\/resume-foret-mail\/le-parc-naturel-des-sources-le-premier-parc-sous-partenariat-public-prive-en-wallonie\/#breadcrumb\",\"itemListElement\":[{\"@type\":\"ListItem\",\"position\":1,\"name\":\"Home\",\"item\":\"https:\/\/foretnature.be\/\"},{\"@type\":\"ListItem\",\"position\":2,\"name\":\"Le Parc naturel des Sources, le premier parc sous partenariat public priv\u00e9 en Wallonie\"}]},{\"@type\":\"WebSite\",\"@id\":\"https:\/\/foretnature.be\/#website\",\"url\":\"https:\/\/foretnature.be\/\",\"name\":\"For\u00eat.Nature\",\"description\":\"Une \u00e9quipe technique au service de la for\u00eat\",\"publisher\":{\"@id\":\"https:\/\/foretnature.be\/#organization\"},\"potentialAction\":[{\"@type\":\"SearchAction\",\"target\":{\"@type\":\"EntryPoint\",\"urlTemplate\":\"https:\/\/foretnature.be\/?s={search_term_string}\"},\"query-input\":\"required name=search_term_string\"}],\"inLanguage\":\"en-GB\"},{\"@type\":\"Organization\",\"@id\":\"https:\/\/foretnature.be\/#organization\",\"name\":\"For\u00eat.Nature\",\"url\":\"https:\/\/foretnature.be\/\",\"logo\":{\"@type\":\"ImageObject\",\"inLanguage\":\"en-GB\",\"@id\":\"https:\/\/foretnature.be\/#\/schema\/logo\/image\/\",\"url\":\"https:\/\/foretnature.be\/wp-content\/uploads\/2021\/01\/logoFOblanc.png\",\"contentUrl\":\"https:\/\/foretnature.be\/wp-content\/uploads\/2021\/01\/logoFOblanc.png\",\"width\":300,\"height\":151,\"caption\":\"For\u00eat.Nature\"},\"image\":{\"@id\":\"https:\/\/foretnature.be\/#\/schema\/logo\/image\/\"}}]}<\/script>\n<!-- \/ Yoast SEO plugin. -->","yoast_head_json":{"title":"Le Parc naturel des Sources, le premier parc sous partenariat public priv\u00e9 en Wallonie - For\u00eat.Nature","robots":{"index":"index","follow":"follow","max-snippet":"max-snippet:-1","max-image-preview":"max-image-preview:large","max-video-preview":"max-video-preview:-1"},"canonical":"https:\/\/foretnature.be\/en\/resume-foret-mail\/le-parc-naturel-des-sources-le-premier-parc-sous-partenariat-public-prive-en-wallonie\/","og_locale":"en_GB","og_type":"article","og_title":"Le Parc naturel des Sources, le premier parc sous partenariat public priv\u00e9 en Wallonie - For\u00eat.Nature","og_description":"Le 6 juillet dernier, le Parc naturel des Sources, 11e Parc naturel de Wallonie, a vu le jour. Ce projet regroupe divers acteurs, tant publics que priv\u00e9s, soucieux de pr\u00e9server le patrimoine b\u00e2ti et naturel, partenariat unique en Wallonie. Maintenant, ce sont 380 000 hectares, soit un quart de la Wallonie, qui sont couverts par [&hellip;]","og_url":"https:\/\/foretnature.be\/en\/resume-foret-mail\/le-parc-naturel-des-sources-le-premier-parc-sous-partenariat-public-prive-en-wallonie\/","og_site_name":"For\u00eat.Nature","twitter_card":"summary_large_image","schema":{"@context":"https:\/\/schema.org","@graph":[{"@type":"WebPage","@id":"https:\/\/foretnature.be\/en\/resume-foret-mail\/le-parc-naturel-des-sources-le-premier-parc-sous-partenariat-public-prive-en-wallonie\/","url":"https:\/\/foretnature.be\/en\/resume-foret-mail\/le-parc-naturel-des-sources-le-premier-parc-sous-partenariat-public-prive-en-wallonie\/","name":"Le Parc naturel des Sources, le premier parc sous partenariat public priv\u00e9 en Wallonie - For\u00eat.Nature","isPartOf":{"@id":"https:\/\/foretnature.be\/#website"},"datePublished":"2021-09-10T09:45:08+00:00","dateModified":"2021-09-10T09:45:08+00:00","breadcrumb":{"@id":"https:\/\/foretnature.be\/en\/resume-foret-mail\/le-parc-naturel-des-sources-le-premier-parc-sous-partenariat-public-prive-en-wallonie\/#breadcrumb"},"inLanguage":"en-GB","potentialAction":[{"@type":"ReadAction","target":["https:\/\/foretnature.be\/en\/resume-foret-mail\/le-parc-naturel-des-sources-le-premier-parc-sous-partenariat-public-prive-en-wallonie\/"]}]},{"@type":"BreadcrumbList","@id":"https:\/\/foretnature.be\/en\/resume-foret-mail\/le-parc-naturel-des-sources-le-premier-parc-sous-partenariat-public-prive-en-wallonie\/#breadcrumb","itemListElement":[{"@type":"ListItem","position":1,"name":"Home","item":"https:\/\/foretnature.be\/"},{"@type":"ListItem","position":2,"name":"Le Parc naturel des Sources, le premier parc sous partenariat public priv\u00e9 en Wallonie"}]},{"@type":"WebSite","@id":"https:\/\/foretnature.be\/#website","url":"https:\/\/foretnature.be\/","name":"For\u00eat.Nature","description":"Une \u00e9quipe technique au service de la for\u00eat","publisher":{"@id":"https:\/\/foretnature.be\/#organization"},"potentialAction":[{"@type":"SearchAction","target":{"@type":"EntryPoint","urlTemplate":"https:\/\/foretnature.be\/?s={search_term_string}"},"query-input":"required name=search_term_string"}],"inLanguage":"en-GB"},{"@type":"Organization","@id":"https:\/\/foretnature.be\/#organization","name":"For\u00eat.Nature","url":"https:\/\/foretnature.be\/","logo":{"@type":"ImageObject","inLanguage":"en-GB","@id":"https:\/\/foretnature.be\/#\/schema\/logo\/image\/","url":"https:\/\/foretnature.be\/wp-content\/uploads\/2021\/01\/logoFOblanc.png","contentUrl":"https:\/\/foretnature.be\/wp-content\/uploads\/2021\/01\/logoFOblanc.png","width":300,"height":151,"caption":"For\u00eat.Nature"},"image":{"@id":"https:\/\/foretnature.be\/#\/schema\/logo\/image\/"}}]}},"_links":{"self":[{"href":"https:\/\/foretnature.be\/en\/wp-json\/wp\/v2\/resume-foret-mail\/34243"}],"collection":[{"href":"https:\/\/foretnature.be\/en\/wp-json\/wp\/v2\/resume-foret-mail"}],"about":[{"href":"https:\/\/foretnature.be\/en\/wp-json\/wp\/v2\/types\/resume-foret-mail"}],"version-history":[{"count":0,"href":"https:\/\/foretnature.be\/en\/wp-json\/wp\/v2\/resume-foret-mail\/34243\/revisions"}],"wp:attachment":[{"href":"https:\/\/foretnature.be\/en\/wp-json\/wp\/v2\/media?parent=34243"}],"wp:term":[{"taxonomy":"category","embeddable":true,"href":"https:\/\/foretnature.be\/en\/wp-json\/wp\/v2\/categories?post=34243"}],"curies":[{"name":"wp","href":"https:\/\/api.w.org\/{rel}","templated":true}]}}

Le Parc naturel des Sources, le premier parc sous partenariat public privé en Wallonie

<p>Le 6 juillet dernier, le Parc naturel des Sources, 11e Parc naturel de Wallonie, a vu le jour. Ce projet regroupe divers acteurs, tant publics que privés, soucieux de préserver le patrimoine bâti et naturel, partenariat unique en Wallonie. Maintenant, ce sont 380 000 hectares, soit un quart de la Wallonie, qui sont couverts par les parcs naturels.<br />
Le Parc Naturel des Sources, le premier parc sous partenariat public privé en Wallonie. Le Soir, 14/07/2017.</p>

<p>Le 6 juillet dernier, le Parc naturel des Sources, 11e Parc naturel de Wallonie, a vu le jour. Ce projet regroupe divers acteurs, tant publics que privés, soucieux de préserver le patrimoine bâti et naturel, partenariat unique en Wallonie. Maintenant, ce sont 380 000 hectares, soit un quart de la Wallonie, qui sont couverts par [&hellip;]</p>

<!-- This site is optimized with the Yoast SEO plugin v23.2 - https://yoast.com/wordpress/plugins/seo/ -->
<title>Le Parc naturel des Sources, le premier parc sous partenariat public privé en Wallonie - Forêt.Nature</title>
<meta name="robots" content="index, follow, max-snippet:-1, max-image-preview:large, max-video-preview:-1" />
<link rel="canonical" href="https://foretnature.be/en/resume-foret-mail/le-parc-naturel-des-sources-le-premier-parc-sous-partenariat-public-prive-en-wallonie/" />
<meta property="og:locale" content="en_GB" />
<meta property="og:type" content="article" />
<meta property="og:title" content="Le Parc naturel des Sources, le premier parc sous partenariat public privé en Wallonie - Forêt.Nature" />
<meta property="og:description" content="Le 6 juillet dernier, le Parc naturel des Sources, 11e Parc naturel de Wallonie, a vu le jour. Ce projet regroupe divers acteurs, tant publics que privés, soucieux de préserver le patrimoine bâti et naturel, partenariat unique en Wallonie. Maintenant, ce sont 380 000 hectares, soit un quart de la Wallonie, qui sont couverts par [&hellip;]" />
<meta property="og:url" content="https://foretnature.be/en/resume-foret-mail/le-parc-naturel-des-sources-le-premier-parc-sous-partenariat-public-prive-en-wallonie/" />
<meta property="og:site_name" content="Forêt.Nature" />
<meta name="twitter:card" content="summary_large_image" />
<script type="application/ld+json" class="yoast-schema-graph">{"@context":"https://schema.org","@graph":[{"@type":"WebPage","@id":"https://foretnature.be/en/resume-foret-mail/le-parc-naturel-des-sources-le-premier-parc-sous-partenariat-public-prive-en-wallonie/","url":"https://foretnature.be/en/resume-foret-mail/le-parc-naturel-des-sources-le-premier-parc-sous-partenariat-public-prive-en-wallonie/","name":"Le Parc naturel des Sources, le premier parc sous partenariat public privé en Wallonie - Forêt.Nature","isPartOf":{"@id":"https://foretnature.be/#website"},"datePublished":"2021-09-10T09:45:08+00:00","dateModified":"2021-09-10T09:45:08+00:00","breadcrumb":{"@id":"https://foretnature.be/en/resume-foret-mail/le-parc-naturel-des-sources-le-premier-parc-sous-partenariat-public-prive-en-wallonie/#breadcrumb"},"inLanguage":"en-GB","potentialAction":[{"@type":"ReadAction","target":["https://foretnature.be/en/resume-foret-mail/le-parc-naturel-des-sources-le-premier-parc-sous-partenariat-public-prive-en-wallonie/"]}]},{"@type":"BreadcrumbList","@id":"https://foretnature.be/en/resume-foret-mail/le-parc-naturel-des-sources-le-premier-parc-sous-partenariat-public-prive-en-wallonie/#breadcrumb","itemListElement":[{"@type":"ListItem","position":1,"name":"Home","item":"https://foretnature.be/"},{"@type":"ListItem","position":2,"name":"Le Parc naturel des Sources, le premier parc sous partenariat public privé en Wallonie"}]},{"@type":"WebSite","@id":"https://foretnature.be/#website","url":"https://foretnature.be/","name":"Forêt.Nature","description":"Une équipe technique au service de la forêt","publisher":{"@id":"https://foretnature.be/#organization"},"potentialAction":[{"@type":"SearchAction","target":{"@type":"EntryPoint","urlTemplate":"https://foretnature.be/?s={search_term_string}"},"query-input":"required name=search_term_string"}],"inLanguage":"en-GB"},{"@type":"Organization","@id":"https://foretnature.be/#organization","name":"Forêt.Nature","url":"https://foretnature.be/","logo":{"@type":"ImageObject","inLanguage":"en-GB","@id":"https://foretnature.be/#/schema/logo/image/","url":"https://foretnature.be/wp-content/uploads/2021/01/logoFOblanc.png","contentUrl":"https://foretnature.be/wp-content/uploads/2021/01/logoFOblanc.png","width":300,"height":151,"caption":"Forêt.Nature"},"image":{"@id":"https://foretnature.be/#/schema/logo/image/"}}]}</script>
<!-- / Yoast SEO plugin. -->

Le Parc naturel des Sources, le premier parc sous partenariat public privé en Wallonie - Forêt.Nature

Le 6 juillet dernier, le Parc naturel des Sources, 11e Parc naturel de Wallonie, a vu le jour. Ce projet regroupe divers acteurs, tant publics que privés, soucieux de préserver le patrimoine bâti et naturel, partenariat unique en Wallonie. Maintenant, ce sont 380 000 hectares, soit un quart de la Wallonie, qui sont couverts par [&hellip;]

Forêt.Nature

Une équipe technique au service de la forêt
