{"id":34234,"date":"2021-09-10T11:45:04","date_gmt":"2021-09-10T09:45:04","guid":{"rendered":"https:\/\/foretnature.be\/resume-foret-mail\/linfluence-de-la-position-sociale-dun-arbre-sur-la-configuration-du-xyleme-cas-du-hetre\/"},"modified":"2021-09-10T11:45:04","modified_gmt":"2021-09-10T09:45:04","slug":"linfluence-de-la-position-sociale-dun-arbre-sur-la-configuration-du-xyleme-cas-du-hetre","status":"publish","type":"resume-foret-mail","link":"https:\/\/foretnature.be\/en\/resume-foret-mail\/linfluence-de-la-position-sociale-dun-arbre-sur-la-configuration-du-xyleme-cas-du-hetre\/","title":{"rendered":"L\u2019influence de la position sociale d\u2019un arbre sur la configuration du xyl\u00e8me : cas du h\u00eatre"},"content":{"rendered":"<p>Les classes sociales des arbres selon Kraft : 1 super-dominant ; 2 dominant ; 3 co-dominant ; 4 domin\u00e9;\u00a0\u00a05 compl\u00e8tement domin\u00e9.<br \/>\nLes arbres en sous-bois ont un accroissement de cernes plus faible que celui des arbres se d\u00e9veloppant dans la canop\u00e9e. Au-del\u00e0 de cette information bien connue, il est int\u00e9ressant de savoir quelles en sont les implications sur la structure du xyl\u00e8me (transport de s\u00e8ve brute) ainsi que sur la conductivit\u00e9 hydraulique potentielle de ces arbres de sous-bois.<br \/>\nLes arbres de sous-bois ont un xyl\u00e8me avec des vaisseaux plus nombreux mais de diam\u00e8tres inf\u00e9rieurs aux grands arbres. La structure du xyl\u00e8me de ces arbres est \u00e9galement plus stable due \u00e0 des variations de microclimat plus faibles qu\u2019au niveau de la canop\u00e9e.<br \/>\nContrairement aux id\u00e9es re\u00e7ues, les arbres de sous-bois, une fois mis en lumi\u00e8re, n\u2019atteignent jamais une structure de xyl\u00e8me ainsi qu\u2019une conductivit\u00e9 hydraulique identiques \u00e0 celles des arbres de grandes tailles, m\u00eame s\u2019ils s\u2019en approchent. La taille de l\u2019arbre a ainsi une influence sur la structure du xyl\u00e8me mais \u00e9galement sur sa capacit\u00e9 de r\u00e9action face \u00e0 une ouverture de la canop\u00e9e.<br \/>\nNoyer E. and al, (2016). Xylem traits in European beech (Fagus sylvatica L.) display a large plasticity in response to canopy release. Annals of Forest Science, DOI 10.1007\/s13595-017-0634-1<\/p>","protected":false},"excerpt":{"rendered":"<p>Les classes sociales des arbres selon Kraft : 1 super-dominant ; 2 dominant ; 3 co-dominant ; 4 domin\u00e9;\u00a0\u00a05 compl\u00e8tement domin\u00e9. Les arbres en sous-bois ont un accroissement de cernes plus faible que celui des arbres se d\u00e9veloppant dans la canop\u00e9e. Au-del\u00e0 de cette information bien connue, il est int\u00e9ressant de savoir quelles en sont [&hellip;]<\/p>","protected":false},"featured_media":0,"template":"","categories":[50],"acf":[],"yoast_head":"<!-- This site is optimized with the Yoast SEO plugin v23.2 - https:\/\/yoast.com\/wordpress\/plugins\/seo\/ -->\n<title>L\u2019influence de la position sociale d\u2019un arbre sur la configuration du xyl\u00e8me : cas du h\u00eatre - For\u00eat.Nature<\/title>\n<meta name=\"robots\" content=\"index, follow, max-snippet:-1, max-image-preview:large, max-video-preview:-1\" \/>\n<link rel=\"canonical\" href=\"https:\/\/foretnature.be\/en\/resume-foret-mail\/linfluence-de-la-position-sociale-dun-arbre-sur-la-configuration-du-xyleme-cas-du-hetre\/\" \/>\n<meta property=\"og:locale\" content=\"en_GB\" \/>\n<meta property=\"og:type\" content=\"article\" \/>\n<meta property=\"og:title\" content=\"L\u2019influence de la position sociale d\u2019un arbre sur la configuration du xyl\u00e8me : cas du h\u00eatre - For\u00eat.Nature\" \/>\n<meta property=\"og:description\" content=\"Les classes sociales des arbres selon Kraft : 1 super-dominant ; 2 dominant ; 3 co-dominant ; 4 domin\u00e9;\u00a0\u00a05 compl\u00e8tement domin\u00e9. Les arbres en sous-bois ont un accroissement de cernes plus faible que celui des arbres se d\u00e9veloppant dans la canop\u00e9e. Au-del\u00e0 de cette information bien connue, il est int\u00e9ressant de savoir quelles en sont [&hellip;]\" \/>\n<meta property=\"og:url\" content=\"https:\/\/foretnature.be\/en\/resume-foret-mail\/linfluence-de-la-position-sociale-dun-arbre-sur-la-configuration-du-xyleme-cas-du-hetre\/\" \/>\n<meta property=\"og:site_name\" content=\"For\u00eat.Nature\" \/>\n<meta name=\"twitter:card\" content=\"summary_large_image\" \/>\n<meta name=\"twitter:label1\" content=\"Estimated reading time\" \/>\n\t<meta name=\"twitter:data1\" content=\"1 minute\" \/>\n<script type=\"application\/ld+json\" class=\"yoast-schema-graph\">{\"@context\":\"https:\/\/schema.org\",\"@graph\":[{\"@type\":\"WebPage\",\"@id\":\"https:\/\/foretnature.be\/resume-foret-mail\/linfluence-de-la-position-sociale-dun-arbre-sur-la-configuration-du-xyleme-cas-du-hetre\/\",\"url\":\"https:\/\/foretnature.be\/resume-foret-mail\/linfluence-de-la-position-sociale-dun-arbre-sur-la-configuration-du-xyleme-cas-du-hetre\/\",\"name\":\"L\u2019influence de la position sociale d\u2019un arbre sur la configuration du xyl\u00e8me : cas du h\u00eatre - For\u00eat.Nature\",\"isPartOf\":{\"@id\":\"https:\/\/foretnature.be\/en\/#website\"},\"datePublished\":\"2021-09-10T09:45:04+00:00\",\"dateModified\":\"2021-09-10T09:45:04+00:00\",\"breadcrumb\":{\"@id\":\"https:\/\/foretnature.be\/resume-foret-mail\/linfluence-de-la-position-sociale-dun-arbre-sur-la-configuration-du-xyleme-cas-du-hetre\/#breadcrumb\"},\"inLanguage\":\"en-GB\",\"potentialAction\":[{\"@type\":\"ReadAction\",\"target\":[\"https:\/\/foretnature.be\/resume-foret-mail\/linfluence-de-la-position-sociale-dun-arbre-sur-la-configuration-du-xyleme-cas-du-hetre\/\"]}]},{\"@type\":\"BreadcrumbList\",\"@id\":\"https:\/\/foretnature.be\/resume-foret-mail\/linfluence-de-la-position-sociale-dun-arbre-sur-la-configuration-du-xyleme-cas-du-hetre\/#breadcrumb\",\"itemListElement\":[{\"@type\":\"ListItem\",\"position\":1,\"name\":\"Home\",\"item\":\"https:\/\/foretnature.be\/en\/\"},{\"@type\":\"ListItem\",\"position\":2,\"name\":\"L\u2019influence de la position sociale d\u2019un arbre sur la configuration du xyl\u00e8me : cas du h\u00eatre\"}]},{\"@type\":\"WebSite\",\"@id\":\"https:\/\/foretnature.be\/en\/#website\",\"url\":\"https:\/\/foretnature.be\/en\/\",\"name\":\"For\u00eat.Nature\",\"description\":\"Une \u00e9quipe technique au service de la for\u00eat\",\"publisher\":{\"@id\":\"https:\/\/foretnature.be\/en\/#organization\"},\"potentialAction\":[{\"@type\":\"SearchAction\",\"target\":{\"@type\":\"EntryPoint\",\"urlTemplate\":\"https:\/\/foretnature.be\/en\/?s={search_term_string}\"},\"query-input\":\"required name=search_term_string\"}],\"inLanguage\":\"en-GB\"},{\"@type\":\"Organization\",\"@id\":\"https:\/\/foretnature.be\/en\/#organization\",\"name\":\"For\u00eat.Nature\",\"url\":\"https:\/\/foretnature.be\/en\/\",\"logo\":{\"@type\":\"ImageObject\",\"inLanguage\":\"en-GB\",\"@id\":\"https:\/\/foretnature.be\/en\/#\/schema\/logo\/image\/\",\"url\":\"https:\/\/foretnature.be\/wp-content\/uploads\/2021\/01\/logoFOblanc.png\",\"contentUrl\":\"https:\/\/foretnature.be\/wp-content\/uploads\/2021\/01\/logoFOblanc.png\",\"width\":300,\"height\":151,\"caption\":\"For\u00eat.Nature\"},\"image\":{\"@id\":\"https:\/\/foretnature.be\/en\/#\/schema\/logo\/image\/\"}}]}<\/script>\n<!-- \/ Yoast SEO plugin. -->","yoast_head_json":{"title":"L\u2019influence de la position sociale d\u2019un arbre sur la configuration du xyl\u00e8me : cas du h\u00eatre - For\u00eat.Nature","robots":{"index":"index","follow":"follow","max-snippet":"max-snippet:-1","max-image-preview":"max-image-preview:large","max-video-preview":"max-video-preview:-1"},"canonical":"https:\/\/foretnature.be\/en\/resume-foret-mail\/linfluence-de-la-position-sociale-dun-arbre-sur-la-configuration-du-xyleme-cas-du-hetre\/","og_locale":"en_GB","og_type":"article","og_title":"L\u2019influence de la position sociale d\u2019un arbre sur la configuration du xyl\u00e8me : cas du h\u00eatre - For\u00eat.Nature","og_description":"Les classes sociales des arbres selon Kraft : 1 super-dominant ; 2 dominant ; 3 co-dominant ; 4 domin\u00e9;\u00a0\u00a05 compl\u00e8tement domin\u00e9. Les arbres en sous-bois ont un accroissement de cernes plus faible que celui des arbres se d\u00e9veloppant dans la canop\u00e9e. Au-del\u00e0 de cette information bien connue, il est int\u00e9ressant de savoir quelles en sont [&hellip;]","og_url":"https:\/\/foretnature.be\/en\/resume-foret-mail\/linfluence-de-la-position-sociale-dun-arbre-sur-la-configuration-du-xyleme-cas-du-hetre\/","og_site_name":"For\u00eat.Nature","twitter_card":"summary_large_image","twitter_misc":{"Estimated reading time":"1 minute"},"schema":{"@context":"https:\/\/schema.org","@graph":[{"@type":"WebPage","@id":"https:\/\/foretnature.be\/resume-foret-mail\/linfluence-de-la-position-sociale-dun-arbre-sur-la-configuration-du-xyleme-cas-du-hetre\/","url":"https:\/\/foretnature.be\/resume-foret-mail\/linfluence-de-la-position-sociale-dun-arbre-sur-la-configuration-du-xyleme-cas-du-hetre\/","name":"L\u2019influence de la position sociale d\u2019un arbre sur la configuration du xyl\u00e8me : cas du h\u00eatre - For\u00eat.Nature","isPartOf":{"@id":"https:\/\/foretnature.be\/en\/#website"},"datePublished":"2021-09-10T09:45:04+00:00","dateModified":"2021-09-10T09:45:04+00:00","breadcrumb":{"@id":"https:\/\/foretnature.be\/resume-foret-mail\/linfluence-de-la-position-sociale-dun-arbre-sur-la-configuration-du-xyleme-cas-du-hetre\/#breadcrumb"},"inLanguage":"en-GB","potentialAction":[{"@type":"ReadAction","target":["https:\/\/foretnature.be\/resume-foret-mail\/linfluence-de-la-position-sociale-dun-arbre-sur-la-configuration-du-xyleme-cas-du-hetre\/"]}]},{"@type":"BreadcrumbList","@id":"https:\/\/foretnature.be\/resume-foret-mail\/linfluence-de-la-position-sociale-dun-arbre-sur-la-configuration-du-xyleme-cas-du-hetre\/#breadcrumb","itemListElement":[{"@type":"ListItem","position":1,"name":"Home","item":"https:\/\/foretnature.be\/en\/"},{"@type":"ListItem","position":2,"name":"L\u2019influence de la position sociale d\u2019un arbre sur la configuration du xyl\u00e8me : cas du h\u00eatre"}]},{"@type":"WebSite","@id":"https:\/\/foretnature.be\/en\/#website","url":"https:\/\/foretnature.be\/en\/","name":"For\u00eat.Nature","description":"Une \u00e9quipe technique au service de la for\u00eat","publisher":{"@id":"https:\/\/foretnature.be\/en\/#organization"},"potentialAction":[{"@type":"SearchAction","target":{"@type":"EntryPoint","urlTemplate":"https:\/\/foretnature.be\/en\/?s={search_term_string}"},"query-input":"required name=search_term_string"}],"inLanguage":"en-GB"},{"@type":"Organization","@id":"https:\/\/foretnature.be\/en\/#organization","name":"For\u00eat.Nature","url":"https:\/\/foretnature.be\/en\/","logo":{"@type":"ImageObject","inLanguage":"en-GB","@id":"https:\/\/foretnature.be\/en\/#\/schema\/logo\/image\/","url":"https:\/\/foretnature.be\/wp-content\/uploads\/2021\/01\/logoFOblanc.png","contentUrl":"https:\/\/foretnature.be\/wp-content\/uploads\/2021\/01\/logoFOblanc.png","width":300,"height":151,"caption":"For\u00eat.Nature"},"image":{"@id":"https:\/\/foretnature.be\/en\/#\/schema\/logo\/image\/"}}]}},"_links":{"self":[{"href":"https:\/\/foretnature.be\/en\/wp-json\/wp\/v2\/resume-foret-mail\/34234"}],"collection":[{"href":"https:\/\/foretnature.be\/en\/wp-json\/wp\/v2\/resume-foret-mail"}],"about":[{"href":"https:\/\/foretnature.be\/en\/wp-json\/wp\/v2\/types\/resume-foret-mail"}],"version-history":[{"count":0,"href":"https:\/\/foretnature.be\/en\/wp-json\/wp\/v2\/resume-foret-mail\/34234\/revisions"}],"wp:attachment":[{"href":"https:\/\/foretnature.be\/en\/wp-json\/wp\/v2\/media?parent=34234"}],"wp:term":[{"taxonomy":"category","embeddable":true,"href":"https:\/\/foretnature.be\/en\/wp-json\/wp\/v2\/categories?post=34234"}],"curies":[{"name":"wp","href":"https:\/\/api.w.org\/{rel}","templated":true}]}}

L’influence de la position sociale d’un arbre sur la configuration du xylème : cas du hêtre

<p>Les classes sociales des arbres selon Kraft : 1 super-dominant ; 2 dominant ; 3 co-dominant ; 4 dominé;  5 complètement dominé.<br />
Les arbres en sous-bois ont un accroissement de cernes plus faible que celui des arbres se développant dans la canopée. Au-delà de cette information bien connue, il est intéressant de savoir quelles en sont les implications sur la structure du xylème (transport de sève brute) ainsi que sur la conductivité hydraulique potentielle de ces arbres de sous-bois.<br />
Les arbres de sous-bois ont un xylème avec des vaisseaux plus nombreux mais de diamètres inférieurs aux grands arbres. La structure du xylème de ces arbres est également plus stable due à des variations de microclimat plus faibles qu’au niveau de la canopée.<br />
Contrairement aux idées reçues, les arbres de sous-bois, une fois mis en lumière, n’atteignent jamais une structure de xylème ainsi qu’une conductivité hydraulique identiques à celles des arbres de grandes tailles, même s’ils s’en approchent. La taille de l’arbre a ainsi une influence sur la structure du xylème mais également sur sa capacité de réaction face à une ouverture de la canopée.<br />
Noyer E. and al, (2016). Xylem traits in European beech (Fagus sylvatica L.) display a large plasticity in response to canopy release. Annals of Forest Science, DOI 10.1007/s13595-017-0634-1</p>

<p>Les classes sociales des arbres selon Kraft : 1 super-dominant ; 2 dominant ; 3 co-dominant ; 4 dominé;  5 complètement dominé. Les arbres en sous-bois ont un accroissement de cernes plus faible que celui des arbres se développant dans la canopée. Au-delà de cette information bien connue, il est intéressant de savoir quelles en sont [&hellip;]</p>

<!-- This site is optimized with the Yoast SEO plugin v23.2 - https://yoast.com/wordpress/plugins/seo/ -->
<title>L’influence de la position sociale d’un arbre sur la configuration du xylème : cas du hêtre - Forêt.Nature</title>
<meta name="robots" content="index, follow, max-snippet:-1, max-image-preview:large, max-video-preview:-1" />
<link rel="canonical" href="https://foretnature.be/en/resume-foret-mail/linfluence-de-la-position-sociale-dun-arbre-sur-la-configuration-du-xyleme-cas-du-hetre/" />
<meta property="og:locale" content="en_GB" />
<meta property="og:type" content="article" />
<meta property="og:title" content="L’influence de la position sociale d’un arbre sur la configuration du xylème : cas du hêtre - Forêt.Nature" />
<meta property="og:description" content="Les classes sociales des arbres selon Kraft : 1 super-dominant ; 2 dominant ; 3 co-dominant ; 4 dominé;  5 complètement dominé. Les arbres en sous-bois ont un accroissement de cernes plus faible que celui des arbres se développant dans la canopée. Au-delà de cette information bien connue, il est intéressant de savoir quelles en sont [&hellip;]" />
<meta property="og:url" content="https://foretnature.be/en/resume-foret-mail/linfluence-de-la-position-sociale-dun-arbre-sur-la-configuration-du-xyleme-cas-du-hetre/" />
<meta property="og:site_name" content="Forêt.Nature" />
<meta name="twitter:card" content="summary_large_image" />
<meta name="twitter:label1" content="Estimated reading time" />
	<meta name="twitter:data1" content="1 minute" />
<script type="application/ld+json" class="yoast-schema-graph">{"@context":"https://schema.org","@graph":[{"@type":"WebPage","@id":"https://foretnature.be/resume-foret-mail/linfluence-de-la-position-sociale-dun-arbre-sur-la-configuration-du-xyleme-cas-du-hetre/","url":"https://foretnature.be/resume-foret-mail/linfluence-de-la-position-sociale-dun-arbre-sur-la-configuration-du-xyleme-cas-du-hetre/","name":"L’influence de la position sociale d’un arbre sur la configuration du xylème : cas du hêtre - Forêt.Nature","isPartOf":{"@id":"https://foretnature.be/en/#website"},"datePublished":"2021-09-10T09:45:04+00:00","dateModified":"2021-09-10T09:45:04+00:00","breadcrumb":{"@id":"https://foretnature.be/resume-foret-mail/linfluence-de-la-position-sociale-dun-arbre-sur-la-configuration-du-xyleme-cas-du-hetre/#breadcrumb"},"inLanguage":"en-GB","potentialAction":[{"@type":"ReadAction","target":["https://foretnature.be/resume-foret-mail/linfluence-de-la-position-sociale-dun-arbre-sur-la-configuration-du-xyleme-cas-du-hetre/"]}]},{"@type":"BreadcrumbList","@id":"https://foretnature.be/resume-foret-mail/linfluence-de-la-position-sociale-dun-arbre-sur-la-configuration-du-xyleme-cas-du-hetre/#breadcrumb","itemListElement":[{"@type":"ListItem","position":1,"name":"Home","item":"https://foretnature.be/en/"},{"@type":"ListItem","position":2,"name":"L’influence de la position sociale d’un arbre sur la configuration du xylème : cas du hêtre"}]},{"@type":"WebSite","@id":"https://foretnature.be/en/#website","url":"https://foretnature.be/en/","name":"Forêt.Nature","description":"Une équipe technique au service de la forêt","publisher":{"@id":"https://foretnature.be/en/#organization"},"potentialAction":[{"@type":"SearchAction","target":{"@type":"EntryPoint","urlTemplate":"https://foretnature.be/en/?s={search_term_string}"},"query-input":"required name=search_term_string"}],"inLanguage":"en-GB"},{"@type":"Organization","@id":"https://foretnature.be/en/#organization","name":"Forêt.Nature","url":"https://foretnature.be/en/","logo":{"@type":"ImageObject","inLanguage":"en-GB","@id":"https://foretnature.be/en/#/schema/logo/image/","url":"https://foretnature.be/wp-content/uploads/2021/01/logoFOblanc.png","contentUrl":"https://foretnature.be/wp-content/uploads/2021/01/logoFOblanc.png","width":300,"height":151,"caption":"Forêt.Nature"},"image":{"@id":"https://foretnature.be/en/#/schema/logo/image/"}}]}</script>
<!-- / Yoast SEO plugin. -->

L’influence de la position sociale d’un arbre sur la configuration du xylème : cas du hêtre - Forêt.Nature

Les classes sociales des arbres selon Kraft : 1 super-dominant ; 2 dominant ; 3 co-dominant ; 4 dominé;  5 complètement dominé. Les arbres en sous-bois ont un accroissement de cernes plus faible que celui des arbres se développant dans la canopée. Au-delà de cette information bien connue, il est intéressant de savoir quelles en sont [&hellip;]

Forêt.Nature

Une équipe technique au service de la forêt
