{"id":34202,"date":"2021-09-10T11:45:00","date_gmt":"2021-09-10T09:45:00","guid":{"rendered":"https:\/\/foretnature.be\/resume-foret-mail\/lumiere-et-croissance-juvenile\/"},"modified":"2021-09-10T11:45:00","modified_gmt":"2021-09-10T09:45:00","slug":"lumiere-et-croissance-juvenile","status":"publish","type":"resume-foret-mail","link":"https:\/\/foretnature.be\/en\/resume-foret-mail\/lumiere-et-croissance-juvenile\/","title":{"rendered":"Lumi\u00e8re et croissance juv\u00e9nile"},"content":{"rendered":"<p>Cotyl\u00e9dons de h\u00eatre \u00a0 \u00a0 \u00a0 \u00a0 \u00a0 \u00a0 \u00a0 \u00a0 \u00a0 \u00a0 \u00a0 \u00a0 \u00a0 \u00a0 \u00a0 \u00a0 \u00a0 \u00a0 \u00a0 \u00a0 \u00a0 \u00a0 \u00a0 \u00a0 \u00a0 \u00a0 \u00a0 \u00a0 \u00a0 \u00a0 \u00a0 \u00a0 \u00a0 \u00a0 \u00a0 \u00a0 \u00a0 \u00a0 \u00a0 \u00a0 \u00a0 \u00a0 \u00a0 \u00a0 \u00a0 \u00a0 \u00a0 \u00a0 \u00a0 \u00a0 \u00a0 \u00a0 \u00a0 \u00a0 \u00a0 \u00a0 \u00a0 \u00a0 \u00a0\u00a0\u00a9 Lutz Peter\/fotolia<br \/>\nLa lumi\u00e8re est un des principaux facteurs ext\u00e9rieurs affectant la structure du sous-bois et le d\u00e9veloppement de la r\u00e9g\u00e9n\u00e9ration. La r\u00e9action de trois esp\u00e8ces (h\u00eatre, fr\u00eane et \u00e9rable sycomore) a \u00e9t\u00e9 analys\u00e9e selon un gradient lumineux, en termes d\u2019affectation de biomasse au-dessus du sol (feuilles, troncs et tiges) et de croissance.Le h\u00eatre a allou\u00e9 plus de biomasse \u00e0 ses branches et moins \u00e0 sa tige, par rapport aux deux autres esp\u00e8ces, comportement d\u00fb \u00e0 sa grande tol\u00e9rance \u00e0 l\u2019ombre. L\u2019\u00e9rable et le fr\u00eane ont ainsi, au contraire du h\u00eatre choisi de faire grandir leur tige pour d\u00e9passer le masque ombrageant qui les surplombait.<br \/>\nLe taux de croissance relatif de toutes les esp\u00e8ces a augment\u00e9 avec la quantit\u00e9 de lumi\u00e8re disponible jusqu\u2019\u00e0 atteindre un seuil o\u00f9 l\u2019accroissement en lumi\u00e8re n\u2019a plus eu d\u2019impact. La surface foliaire a quant \u00e0 elle diminu\u00e9e avec l\u2019augmentation du gradient de lumi\u00e8re.<br \/>\nAnnigh\u00f6fer P., Petritan A. M., Petritan I. C., Ammer C. (2017). Disentangling juvenile growth strategies of three shade-tolerant temperate forest tree species responding to a light gradient. Forest Ecology and Management\u00a0n\u00b0 391. doi : 10.1016\/j.foreco.2017.01.010<\/p>","protected":false},"excerpt":{"rendered":"<p>Cotyl\u00e9dons de h\u00eatre \u00a0 \u00a0 \u00a0 \u00a0 \u00a0 \u00a0 \u00a0 \u00a0 \u00a0 \u00a0 \u00a0 \u00a0 \u00a0 \u00a0 \u00a0 \u00a0 \u00a0 \u00a0 \u00a0 \u00a0 \u00a0 \u00a0 \u00a0 \u00a0 \u00a0 \u00a0 \u00a0 \u00a0 \u00a0 \u00a0 \u00a0 \u00a0 \u00a0 \u00a0 \u00a0 \u00a0 \u00a0 \u00a0 \u00a0 \u00a0 \u00a0 \u00a0 \u00a0 \u00a0 \u00a0 \u00a0 \u00a0 \u00a0 \u00a0 \u00a0 \u00a0 \u00a0 [&hellip;]<\/p>","protected":false},"featured_media":0,"template":"","categories":[50],"acf":[],"yoast_head":"<!-- This site is optimized with the Yoast SEO plugin v23.2 - https:\/\/yoast.com\/wordpress\/plugins\/seo\/ -->\n<title>Lumi\u00e8re et croissance juv\u00e9nile - For\u00eat.Nature<\/title>\n<meta name=\"robots\" content=\"index, follow, max-snippet:-1, max-image-preview:large, max-video-preview:-1\" \/>\n<link rel=\"canonical\" href=\"https:\/\/foretnature.be\/en\/resume-foret-mail\/lumiere-et-croissance-juvenile\/\" \/>\n<meta property=\"og:locale\" content=\"en_GB\" \/>\n<meta property=\"og:type\" content=\"article\" \/>\n<meta property=\"og:title\" content=\"Lumi\u00e8re et croissance juv\u00e9nile - For\u00eat.Nature\" \/>\n<meta property=\"og:description\" content=\"Cotyl\u00e9dons de h\u00eatre \u00a0 \u00a0 \u00a0 \u00a0 \u00a0 \u00a0 \u00a0 \u00a0 \u00a0 \u00a0 \u00a0 \u00a0 \u00a0 \u00a0 \u00a0 \u00a0 \u00a0 \u00a0 \u00a0 \u00a0 \u00a0 \u00a0 \u00a0 \u00a0 \u00a0 \u00a0 \u00a0 \u00a0 \u00a0 \u00a0 \u00a0 \u00a0 \u00a0 \u00a0 \u00a0 \u00a0 \u00a0 \u00a0 \u00a0 \u00a0 \u00a0 \u00a0 \u00a0 \u00a0 \u00a0 \u00a0 \u00a0 \u00a0 \u00a0 \u00a0 \u00a0 \u00a0 [&hellip;]\" \/>\n<meta property=\"og:url\" content=\"https:\/\/foretnature.be\/en\/resume-foret-mail\/lumiere-et-croissance-juvenile\/\" \/>\n<meta property=\"og:site_name\" content=\"For\u00eat.Nature\" \/>\n<meta name=\"twitter:card\" content=\"summary_large_image\" \/>\n<meta name=\"twitter:label1\" content=\"Estimated reading time\" \/>\n\t<meta name=\"twitter:data1\" content=\"1 minute\" \/>\n<script type=\"application\/ld+json\" class=\"yoast-schema-graph\">{\"@context\":\"https:\/\/schema.org\",\"@graph\":[{\"@type\":\"WebPage\",\"@id\":\"https:\/\/foretnature.be\/resume-foret-mail\/lumiere-et-croissance-juvenile\/\",\"url\":\"https:\/\/foretnature.be\/resume-foret-mail\/lumiere-et-croissance-juvenile\/\",\"name\":\"Lumi\u00e8re et croissance juv\u00e9nile - For\u00eat.Nature\",\"isPartOf\":{\"@id\":\"https:\/\/foretnature.be\/en\/#website\"},\"datePublished\":\"2021-09-10T09:45:00+00:00\",\"dateModified\":\"2021-09-10T09:45:00+00:00\",\"breadcrumb\":{\"@id\":\"https:\/\/foretnature.be\/resume-foret-mail\/lumiere-et-croissance-juvenile\/#breadcrumb\"},\"inLanguage\":\"en-GB\",\"potentialAction\":[{\"@type\":\"ReadAction\",\"target\":[\"https:\/\/foretnature.be\/resume-foret-mail\/lumiere-et-croissance-juvenile\/\"]}]},{\"@type\":\"BreadcrumbList\",\"@id\":\"https:\/\/foretnature.be\/resume-foret-mail\/lumiere-et-croissance-juvenile\/#breadcrumb\",\"itemListElement\":[{\"@type\":\"ListItem\",\"position\":1,\"name\":\"Home\",\"item\":\"https:\/\/foretnature.be\/en\/\"},{\"@type\":\"ListItem\",\"position\":2,\"name\":\"Lumi\u00e8re et croissance juv\u00e9nile\"}]},{\"@type\":\"WebSite\",\"@id\":\"https:\/\/foretnature.be\/en\/#website\",\"url\":\"https:\/\/foretnature.be\/en\/\",\"name\":\"For\u00eat.Nature\",\"description\":\"Une \u00e9quipe technique au service de la for\u00eat\",\"publisher\":{\"@id\":\"https:\/\/foretnature.be\/en\/#organization\"},\"potentialAction\":[{\"@type\":\"SearchAction\",\"target\":{\"@type\":\"EntryPoint\",\"urlTemplate\":\"https:\/\/foretnature.be\/en\/?s={search_term_string}\"},\"query-input\":\"required name=search_term_string\"}],\"inLanguage\":\"en-GB\"},{\"@type\":\"Organization\",\"@id\":\"https:\/\/foretnature.be\/en\/#organization\",\"name\":\"For\u00eat.Nature\",\"url\":\"https:\/\/foretnature.be\/en\/\",\"logo\":{\"@type\":\"ImageObject\",\"inLanguage\":\"en-GB\",\"@id\":\"https:\/\/foretnature.be\/en\/#\/schema\/logo\/image\/\",\"url\":\"https:\/\/foretnature.be\/wp-content\/uploads\/2021\/01\/logoFOblanc.png\",\"contentUrl\":\"https:\/\/foretnature.be\/wp-content\/uploads\/2021\/01\/logoFOblanc.png\",\"width\":300,\"height\":151,\"caption\":\"For\u00eat.Nature\"},\"image\":{\"@id\":\"https:\/\/foretnature.be\/en\/#\/schema\/logo\/image\/\"}}]}<\/script>\n<!-- \/ Yoast SEO plugin. -->","yoast_head_json":{"title":"Lumi\u00e8re et croissance juv\u00e9nile - For\u00eat.Nature","robots":{"index":"index","follow":"follow","max-snippet":"max-snippet:-1","max-image-preview":"max-image-preview:large","max-video-preview":"max-video-preview:-1"},"canonical":"https:\/\/foretnature.be\/en\/resume-foret-mail\/lumiere-et-croissance-juvenile\/","og_locale":"en_GB","og_type":"article","og_title":"Lumi\u00e8re et croissance juv\u00e9nile - For\u00eat.Nature","og_description":"Cotyl\u00e9dons de h\u00eatre \u00a0 \u00a0 \u00a0 \u00a0 \u00a0 \u00a0 \u00a0 \u00a0 \u00a0 \u00a0 \u00a0 \u00a0 \u00a0 \u00a0 \u00a0 \u00a0 \u00a0 \u00a0 \u00a0 \u00a0 \u00a0 \u00a0 \u00a0 \u00a0 \u00a0 \u00a0 \u00a0 \u00a0 \u00a0 \u00a0 \u00a0 \u00a0 \u00a0 \u00a0 \u00a0 \u00a0 \u00a0 \u00a0 \u00a0 \u00a0 \u00a0 \u00a0 \u00a0 \u00a0 \u00a0 \u00a0 \u00a0 \u00a0 \u00a0 \u00a0 \u00a0 \u00a0 [&hellip;]","og_url":"https:\/\/foretnature.be\/en\/resume-foret-mail\/lumiere-et-croissance-juvenile\/","og_site_name":"For\u00eat.Nature","twitter_card":"summary_large_image","twitter_misc":{"Estimated reading time":"1 minute"},"schema":{"@context":"https:\/\/schema.org","@graph":[{"@type":"WebPage","@id":"https:\/\/foretnature.be\/resume-foret-mail\/lumiere-et-croissance-juvenile\/","url":"https:\/\/foretnature.be\/resume-foret-mail\/lumiere-et-croissance-juvenile\/","name":"Lumi\u00e8re et croissance juv\u00e9nile - For\u00eat.Nature","isPartOf":{"@id":"https:\/\/foretnature.be\/en\/#website"},"datePublished":"2021-09-10T09:45:00+00:00","dateModified":"2021-09-10T09:45:00+00:00","breadcrumb":{"@id":"https:\/\/foretnature.be\/resume-foret-mail\/lumiere-et-croissance-juvenile\/#breadcrumb"},"inLanguage":"en-GB","potentialAction":[{"@type":"ReadAction","target":["https:\/\/foretnature.be\/resume-foret-mail\/lumiere-et-croissance-juvenile\/"]}]},{"@type":"BreadcrumbList","@id":"https:\/\/foretnature.be\/resume-foret-mail\/lumiere-et-croissance-juvenile\/#breadcrumb","itemListElement":[{"@type":"ListItem","position":1,"name":"Home","item":"https:\/\/foretnature.be\/en\/"},{"@type":"ListItem","position":2,"name":"Lumi\u00e8re et croissance juv\u00e9nile"}]},{"@type":"WebSite","@id":"https:\/\/foretnature.be\/en\/#website","url":"https:\/\/foretnature.be\/en\/","name":"For\u00eat.Nature","description":"Une \u00e9quipe technique au service de la for\u00eat","publisher":{"@id":"https:\/\/foretnature.be\/en\/#organization"},"potentialAction":[{"@type":"SearchAction","target":{"@type":"EntryPoint","urlTemplate":"https:\/\/foretnature.be\/en\/?s={search_term_string}"},"query-input":"required name=search_term_string"}],"inLanguage":"en-GB"},{"@type":"Organization","@id":"https:\/\/foretnature.be\/en\/#organization","name":"For\u00eat.Nature","url":"https:\/\/foretnature.be\/en\/","logo":{"@type":"ImageObject","inLanguage":"en-GB","@id":"https:\/\/foretnature.be\/en\/#\/schema\/logo\/image\/","url":"https:\/\/foretnature.be\/wp-content\/uploads\/2021\/01\/logoFOblanc.png","contentUrl":"https:\/\/foretnature.be\/wp-content\/uploads\/2021\/01\/logoFOblanc.png","width":300,"height":151,"caption":"For\u00eat.Nature"},"image":{"@id":"https:\/\/foretnature.be\/en\/#\/schema\/logo\/image\/"}}]}},"_links":{"self":[{"href":"https:\/\/foretnature.be\/en\/wp-json\/wp\/v2\/resume-foret-mail\/34202"}],"collection":[{"href":"https:\/\/foretnature.be\/en\/wp-json\/wp\/v2\/resume-foret-mail"}],"about":[{"href":"https:\/\/foretnature.be\/en\/wp-json\/wp\/v2\/types\/resume-foret-mail"}],"version-history":[{"count":0,"href":"https:\/\/foretnature.be\/en\/wp-json\/wp\/v2\/resume-foret-mail\/34202\/revisions"}],"wp:attachment":[{"href":"https:\/\/foretnature.be\/en\/wp-json\/wp\/v2\/media?parent=34202"}],"wp:term":[{"taxonomy":"category","embeddable":true,"href":"https:\/\/foretnature.be\/en\/wp-json\/wp\/v2\/categories?post=34202"}],"curies":[{"name":"wp","href":"https:\/\/api.w.org\/{rel}","templated":true}]}}

Lumière et croissance juvénile

<p>Cotylédons de hêtre                                                                                                                       © Lutz Peter/fotolia<br />
La lumière est un des principaux facteurs extérieurs affectant la structure du sous-bois et le développement de la régénération. La réaction de trois espèces (hêtre, frêne et érable sycomore) a été analysée selon un gradient lumineux, en termes d’affectation de biomasse au-dessus du sol (feuilles, troncs et tiges) et de croissance.Le hêtre a alloué plus de biomasse à ses branches et moins à sa tige, par rapport aux deux autres espèces, comportement dû à sa grande tolérance à l’ombre. L’érable et le frêne ont ainsi, au contraire du hêtre choisi de faire grandir leur tige pour dépasser le masque ombrageant qui les surplombait.<br />
Le taux de croissance relatif de toutes les espèces a augmenté avec la quantité de lumière disponible jusqu’à atteindre un seuil où l’accroissement en lumière n’a plus eu d’impact. La surface foliaire a quant à elle diminuée avec l’augmentation du gradient de lumière.<br />
Annighöfer P., Petritan A. M., Petritan I. C., Ammer C. (2017). Disentangling juvenile growth strategies of three shade-tolerant temperate forest tree species responding to a light gradient. Forest Ecology and Management n° 391. doi : 10.1016/j.foreco.2017.01.010</p>

<p>Cotylédons de hêtre                                                                                                         [&hellip;]</p>

<!-- This site is optimized with the Yoast SEO plugin v23.2 - https://yoast.com/wordpress/plugins/seo/ -->
<title>Lumière et croissance juvénile - Forêt.Nature</title>
<meta name="robots" content="index, follow, max-snippet:-1, max-image-preview:large, max-video-preview:-1" />
<link rel="canonical" href="https://foretnature.be/en/resume-foret-mail/lumiere-et-croissance-juvenile/" />
<meta property="og:locale" content="en_GB" />
<meta property="og:type" content="article" />
<meta property="og:title" content="Lumière et croissance juvénile - Forêt.Nature" />
<meta property="og:description" content="Cotylédons de hêtre                                                                                                         [&hellip;]" />
<meta property="og:url" content="https://foretnature.be/en/resume-foret-mail/lumiere-et-croissance-juvenile/" />
<meta property="og:site_name" content="Forêt.Nature" />
<meta name="twitter:card" content="summary_large_image" />
<meta name="twitter:label1" content="Estimated reading time" />
	<meta name="twitter:data1" content="1 minute" />
<script type="application/ld+json" class="yoast-schema-graph">{"@context":"https://schema.org","@graph":[{"@type":"WebPage","@id":"https://foretnature.be/resume-foret-mail/lumiere-et-croissance-juvenile/","url":"https://foretnature.be/resume-foret-mail/lumiere-et-croissance-juvenile/","name":"Lumière et croissance juvénile - Forêt.Nature","isPartOf":{"@id":"https://foretnature.be/en/#website"},"datePublished":"2021-09-10T09:45:00+00:00","dateModified":"2021-09-10T09:45:00+00:00","breadcrumb":{"@id":"https://foretnature.be/resume-foret-mail/lumiere-et-croissance-juvenile/#breadcrumb"},"inLanguage":"en-GB","potentialAction":[{"@type":"ReadAction","target":["https://foretnature.be/resume-foret-mail/lumiere-et-croissance-juvenile/"]}]},{"@type":"BreadcrumbList","@id":"https://foretnature.be/resume-foret-mail/lumiere-et-croissance-juvenile/#breadcrumb","itemListElement":[{"@type":"ListItem","position":1,"name":"Home","item":"https://foretnature.be/en/"},{"@type":"ListItem","position":2,"name":"Lumière et croissance juvénile"}]},{"@type":"WebSite","@id":"https://foretnature.be/en/#website","url":"https://foretnature.be/en/","name":"Forêt.Nature","description":"Une équipe technique au service de la forêt","publisher":{"@id":"https://foretnature.be/en/#organization"},"potentialAction":[{"@type":"SearchAction","target":{"@type":"EntryPoint","urlTemplate":"https://foretnature.be/en/?s={search_term_string}"},"query-input":"required name=search_term_string"}],"inLanguage":"en-GB"},{"@type":"Organization","@id":"https://foretnature.be/en/#organization","name":"Forêt.Nature","url":"https://foretnature.be/en/","logo":{"@type":"ImageObject","inLanguage":"en-GB","@id":"https://foretnature.be/en/#/schema/logo/image/","url":"https://foretnature.be/wp-content/uploads/2021/01/logoFOblanc.png","contentUrl":"https://foretnature.be/wp-content/uploads/2021/01/logoFOblanc.png","width":300,"height":151,"caption":"Forêt.Nature"},"image":{"@id":"https://foretnature.be/en/#/schema/logo/image/"}}]}</script>
<!-- / Yoast SEO plugin. -->

Lumière et croissance juvénile - Forêt.Nature

Cotylédons de hêtre                                                                                                         [&hellip;]

Forêt.Nature

Une équipe technique au service de la forêt
