{"id":34197,"date":"2021-09-10T11:45:00","date_gmt":"2021-09-10T09:45:00","guid":{"rendered":"https:\/\/foretnature.be\/resume-foret-mail\/la-foret-nature-ou-culture\/"},"modified":"2021-09-10T11:45:00","modified_gmt":"2021-09-10T09:45:00","slug":"la-foret-nature-ou-culture","status":"publish","type":"resume-foret-mail","link":"https:\/\/foretnature.be\/en\/resume-foret-mail\/la-foret-nature-ou-culture\/","title":{"rendered":"La for\u00eat, nature ou culture ?"},"content":{"rendered":"<p>\u00a9 phil35m &#038; Pictures news\/fotolia<br \/>\nLa for\u00eat se cultive-t-elle comme un champ de ma\u00efs ou l\u2019homme doit-il y \u00ab laisser faire \u00bb la nature ? Est-elle un fait culturel ou seulement naturel ? Ces questions ont \u00e9t\u00e9 pos\u00e9es \u00e0 de jeunes chercheurs d\u2019AgoParisTech.<br \/>\nCes deux notions de \u00ab culture \u00bb et de \u00ab nature \u00bb ne devraient pas \u00eatre oppos\u00e9es. La notion de multifonctionnalit\u00e9 permet en ce sens un compromis entre les aspects sociaux, \u00e9conomiques et \u00e9cologiques. C\u2019est par exemple l\u2019objet de la directive europ\u00e9enne Natura 2000 qui int\u00e8gre l\u2019Homme comme un fait dans un espace de nature.<br \/>\nC\u2019est avant tout un choix entre une soci\u00e9t\u00e9 de consommation (r\u00e9colte \u00e0 r\u00e9volution, export de biomasse, travail du sol, fertilisation et amendements, plantation) et une soci\u00e9t\u00e9 plus frugale (coupes moins brutales, exports raisonn\u00e9s, protection des sols par un couvert continu, r\u00e9g\u00e9n\u00e9ration naturelle).<br \/>\nPour un autre, ces deux aspects ne peuvent pas se superposer sur de m\u00eames surfaces. Pour \u00e9viter les cahiers des charges trop charg\u00e9s, il conseille d\u2019ailleurs de s\u2019inspirer du syst\u00e8me canadien qui partitionne les espaces forestiers.<br \/>\nLe dernier enfin, met en avant que les notions de nature et de culture sont intimement li\u00e9es pour ces \u00e9cosyst\u00e8mes forestiers historiquement constitu\u00e9s. On parle d\u2019un territoire au c\u0153ur d\u2019un jeux d\u2019acteurs dont les \u00ab rapports de force \u00bb d\u00e9termineront l\u2019avenir plus ou moins naturel de cet espace.<br \/>\nCarroy C. (2017). La for\u00eat, nature ou culture? La parole aux jeunes chercheurs. Forestopic<\/p>","protected":false},"excerpt":{"rendered":"<p>\u00a9 phil35m &#038; Pictures news\/fotolia La for\u00eat se cultive-t-elle comme un champ de ma\u00efs ou l\u2019homme doit-il y \u00ab laisser faire \u00bb la nature ? Est-elle un fait culturel ou seulement naturel ? Ces questions ont \u00e9t\u00e9 pos\u00e9es \u00e0 de jeunes chercheurs d\u2019AgoParisTech. Ces deux notions de \u00ab culture \u00bb et de \u00ab nature \u00bb [&hellip;]<\/p>","protected":false},"featured_media":0,"template":"","categories":[50],"acf":[],"yoast_head":"<!-- This site is optimized with the Yoast SEO plugin v23.2 - https:\/\/yoast.com\/wordpress\/plugins\/seo\/ -->\n<title>La for\u00eat, nature ou culture ? - For\u00eat.Nature<\/title>\n<meta name=\"robots\" content=\"index, follow, max-snippet:-1, max-image-preview:large, max-video-preview:-1\" \/>\n<link rel=\"canonical\" href=\"https:\/\/foretnature.be\/en\/resume-foret-mail\/la-foret-nature-ou-culture\/\" \/>\n<meta property=\"og:locale\" content=\"en_GB\" \/>\n<meta property=\"og:type\" content=\"article\" \/>\n<meta property=\"og:title\" content=\"La for\u00eat, nature ou culture ? - For\u00eat.Nature\" \/>\n<meta property=\"og:description\" content=\"\u00a9 phil35m &#038; Pictures news\/fotolia La for\u00eat se cultive-t-elle comme un champ de ma\u00efs ou l\u2019homme doit-il y \u00ab laisser faire \u00bb la nature ? Est-elle un fait culturel ou seulement naturel ? Ces questions ont \u00e9t\u00e9 pos\u00e9es \u00e0 de jeunes chercheurs d\u2019AgoParisTech. Ces deux notions de \u00ab culture \u00bb et de \u00ab nature \u00bb [&hellip;]\" \/>\n<meta property=\"og:url\" content=\"https:\/\/foretnature.be\/en\/resume-foret-mail\/la-foret-nature-ou-culture\/\" \/>\n<meta property=\"og:site_name\" content=\"For\u00eat.Nature\" \/>\n<meta name=\"twitter:card\" content=\"summary_large_image\" \/>\n<meta name=\"twitter:label1\" content=\"Estimated reading time\" \/>\n\t<meta name=\"twitter:data1\" content=\"1 minute\" \/>\n<script type=\"application\/ld+json\" class=\"yoast-schema-graph\">{\"@context\":\"https:\/\/schema.org\",\"@graph\":[{\"@type\":\"WebPage\",\"@id\":\"https:\/\/foretnature.be\/resume-foret-mail\/la-foret-nature-ou-culture\/\",\"url\":\"https:\/\/foretnature.be\/resume-foret-mail\/la-foret-nature-ou-culture\/\",\"name\":\"La for\u00eat, nature ou culture ? - For\u00eat.Nature\",\"isPartOf\":{\"@id\":\"https:\/\/foretnature.be\/en\/#website\"},\"datePublished\":\"2021-09-10T09:45:00+00:00\",\"dateModified\":\"2021-09-10T09:45:00+00:00\",\"breadcrumb\":{\"@id\":\"https:\/\/foretnature.be\/resume-foret-mail\/la-foret-nature-ou-culture\/#breadcrumb\"},\"inLanguage\":\"en-GB\",\"potentialAction\":[{\"@type\":\"ReadAction\",\"target\":[\"https:\/\/foretnature.be\/resume-foret-mail\/la-foret-nature-ou-culture\/\"]}]},{\"@type\":\"BreadcrumbList\",\"@id\":\"https:\/\/foretnature.be\/resume-foret-mail\/la-foret-nature-ou-culture\/#breadcrumb\",\"itemListElement\":[{\"@type\":\"ListItem\",\"position\":1,\"name\":\"Home\",\"item\":\"https:\/\/foretnature.be\/en\/\"},{\"@type\":\"ListItem\",\"position\":2,\"name\":\"La for\u00eat, nature ou culture ?\"}]},{\"@type\":\"WebSite\",\"@id\":\"https:\/\/foretnature.be\/en\/#website\",\"url\":\"https:\/\/foretnature.be\/en\/\",\"name\":\"For\u00eat.Nature\",\"description\":\"Une \u00e9quipe technique au service de la for\u00eat\",\"publisher\":{\"@id\":\"https:\/\/foretnature.be\/en\/#organization\"},\"potentialAction\":[{\"@type\":\"SearchAction\",\"target\":{\"@type\":\"EntryPoint\",\"urlTemplate\":\"https:\/\/foretnature.be\/en\/?s={search_term_string}\"},\"query-input\":\"required name=search_term_string\"}],\"inLanguage\":\"en-GB\"},{\"@type\":\"Organization\",\"@id\":\"https:\/\/foretnature.be\/en\/#organization\",\"name\":\"For\u00eat.Nature\",\"url\":\"https:\/\/foretnature.be\/en\/\",\"logo\":{\"@type\":\"ImageObject\",\"inLanguage\":\"en-GB\",\"@id\":\"https:\/\/foretnature.be\/en\/#\/schema\/logo\/image\/\",\"url\":\"https:\/\/foretnature.be\/wp-content\/uploads\/2021\/01\/logoFOblanc.png\",\"contentUrl\":\"https:\/\/foretnature.be\/wp-content\/uploads\/2021\/01\/logoFOblanc.png\",\"width\":300,\"height\":151,\"caption\":\"For\u00eat.Nature\"},\"image\":{\"@id\":\"https:\/\/foretnature.be\/en\/#\/schema\/logo\/image\/\"}}]}<\/script>\n<!-- \/ Yoast SEO plugin. -->","yoast_head_json":{"title":"La for\u00eat, nature ou culture ? - For\u00eat.Nature","robots":{"index":"index","follow":"follow","max-snippet":"max-snippet:-1","max-image-preview":"max-image-preview:large","max-video-preview":"max-video-preview:-1"},"canonical":"https:\/\/foretnature.be\/en\/resume-foret-mail\/la-foret-nature-ou-culture\/","og_locale":"en_GB","og_type":"article","og_title":"La for\u00eat, nature ou culture ? - For\u00eat.Nature","og_description":"\u00a9 phil35m &#038; Pictures news\/fotolia La for\u00eat se cultive-t-elle comme un champ de ma\u00efs ou l\u2019homme doit-il y \u00ab laisser faire \u00bb la nature ? Est-elle un fait culturel ou seulement naturel ? Ces questions ont \u00e9t\u00e9 pos\u00e9es \u00e0 de jeunes chercheurs d\u2019AgoParisTech. Ces deux notions de \u00ab culture \u00bb et de \u00ab nature \u00bb [&hellip;]","og_url":"https:\/\/foretnature.be\/en\/resume-foret-mail\/la-foret-nature-ou-culture\/","og_site_name":"For\u00eat.Nature","twitter_card":"summary_large_image","twitter_misc":{"Estimated reading time":"1 minute"},"schema":{"@context":"https:\/\/schema.org","@graph":[{"@type":"WebPage","@id":"https:\/\/foretnature.be\/resume-foret-mail\/la-foret-nature-ou-culture\/","url":"https:\/\/foretnature.be\/resume-foret-mail\/la-foret-nature-ou-culture\/","name":"La for\u00eat, nature ou culture ? - For\u00eat.Nature","isPartOf":{"@id":"https:\/\/foretnature.be\/en\/#website"},"datePublished":"2021-09-10T09:45:00+00:00","dateModified":"2021-09-10T09:45:00+00:00","breadcrumb":{"@id":"https:\/\/foretnature.be\/resume-foret-mail\/la-foret-nature-ou-culture\/#breadcrumb"},"inLanguage":"en-GB","potentialAction":[{"@type":"ReadAction","target":["https:\/\/foretnature.be\/resume-foret-mail\/la-foret-nature-ou-culture\/"]}]},{"@type":"BreadcrumbList","@id":"https:\/\/foretnature.be\/resume-foret-mail\/la-foret-nature-ou-culture\/#breadcrumb","itemListElement":[{"@type":"ListItem","position":1,"name":"Home","item":"https:\/\/foretnature.be\/en\/"},{"@type":"ListItem","position":2,"name":"La for\u00eat, nature ou culture ?"}]},{"@type":"WebSite","@id":"https:\/\/foretnature.be\/en\/#website","url":"https:\/\/foretnature.be\/en\/","name":"For\u00eat.Nature","description":"Une \u00e9quipe technique au service de la for\u00eat","publisher":{"@id":"https:\/\/foretnature.be\/en\/#organization"},"potentialAction":[{"@type":"SearchAction","target":{"@type":"EntryPoint","urlTemplate":"https:\/\/foretnature.be\/en\/?s={search_term_string}"},"query-input":"required name=search_term_string"}],"inLanguage":"en-GB"},{"@type":"Organization","@id":"https:\/\/foretnature.be\/en\/#organization","name":"For\u00eat.Nature","url":"https:\/\/foretnature.be\/en\/","logo":{"@type":"ImageObject","inLanguage":"en-GB","@id":"https:\/\/foretnature.be\/en\/#\/schema\/logo\/image\/","url":"https:\/\/foretnature.be\/wp-content\/uploads\/2021\/01\/logoFOblanc.png","contentUrl":"https:\/\/foretnature.be\/wp-content\/uploads\/2021\/01\/logoFOblanc.png","width":300,"height":151,"caption":"For\u00eat.Nature"},"image":{"@id":"https:\/\/foretnature.be\/en\/#\/schema\/logo\/image\/"}}]}},"_links":{"self":[{"href":"https:\/\/foretnature.be\/en\/wp-json\/wp\/v2\/resume-foret-mail\/34197"}],"collection":[{"href":"https:\/\/foretnature.be\/en\/wp-json\/wp\/v2\/resume-foret-mail"}],"about":[{"href":"https:\/\/foretnature.be\/en\/wp-json\/wp\/v2\/types\/resume-foret-mail"}],"version-history":[{"count":0,"href":"https:\/\/foretnature.be\/en\/wp-json\/wp\/v2\/resume-foret-mail\/34197\/revisions"}],"wp:attachment":[{"href":"https:\/\/foretnature.be\/en\/wp-json\/wp\/v2\/media?parent=34197"}],"wp:term":[{"taxonomy":"category","embeddable":true,"href":"https:\/\/foretnature.be\/en\/wp-json\/wp\/v2\/categories?post=34197"}],"curies":[{"name":"wp","href":"https:\/\/api.w.org\/{rel}","templated":true}]}}

La forêt, nature ou culture ?

<p>© phil35m &#038; Pictures news/fotolia<br />
La forêt se cultive-t-elle comme un champ de maïs ou l’homme doit-il y « laisser faire » la nature ? Est-elle un fait culturel ou seulement naturel ? Ces questions ont été posées à de jeunes chercheurs d’AgoParisTech.<br />
Ces deux notions de « culture » et de « nature » ne devraient pas être opposées. La notion de multifonctionnalité permet en ce sens un compromis entre les aspects sociaux, économiques et écologiques. C’est par exemple l’objet de la directive européenne Natura 2000 qui intègre l’Homme comme un fait dans un espace de nature.<br />
C’est avant tout un choix entre une société de consommation (récolte à révolution, export de biomasse, travail du sol, fertilisation et amendements, plantation) et une société plus frugale (coupes moins brutales, exports raisonnés, protection des sols par un couvert continu, régénération naturelle).<br />
Pour un autre, ces deux aspects ne peuvent pas se superposer sur de mêmes surfaces. Pour éviter les cahiers des charges trop chargés, il conseille d’ailleurs de s’inspirer du système canadien qui partitionne les espaces forestiers.<br />
Le dernier enfin, met en avant que les notions de nature et de culture sont intimement liées pour ces écosystèmes forestiers historiquement constitués. On parle d’un territoire au cœur d’un jeux d’acteurs dont les « rapports de force » détermineront l’avenir plus ou moins naturel de cet espace.<br />
Carroy C. (2017). La forêt, nature ou culture? La parole aux jeunes chercheurs. Forestopic</p>

<p>© phil35m &#038; Pictures news/fotolia La forêt se cultive-t-elle comme un champ de maïs ou l’homme doit-il y « laisser faire » la nature ? Est-elle un fait culturel ou seulement naturel ? Ces questions ont été posées à de jeunes chercheurs d’AgoParisTech. Ces deux notions de « culture » et de « nature » [&hellip;]</p>

<!-- This site is optimized with the Yoast SEO plugin v23.2 - https://yoast.com/wordpress/plugins/seo/ -->
<title>La forêt, nature ou culture ? - Forêt.Nature</title>
<meta name="robots" content="index, follow, max-snippet:-1, max-image-preview:large, max-video-preview:-1" />
<link rel="canonical" href="https://foretnature.be/en/resume-foret-mail/la-foret-nature-ou-culture/" />
<meta property="og:locale" content="en_GB" />
<meta property="og:type" content="article" />
<meta property="og:title" content="La forêt, nature ou culture ? - Forêt.Nature" />
<meta property="og:description" content="© phil35m &#038; Pictures news/fotolia La forêt se cultive-t-elle comme un champ de maïs ou l’homme doit-il y « laisser faire » la nature ? Est-elle un fait culturel ou seulement naturel ? Ces questions ont été posées à de jeunes chercheurs d’AgoParisTech. Ces deux notions de « culture » et de « nature » [&hellip;]" />
<meta property="og:url" content="https://foretnature.be/en/resume-foret-mail/la-foret-nature-ou-culture/" />
<meta property="og:site_name" content="Forêt.Nature" />
<meta name="twitter:card" content="summary_large_image" />
<meta name="twitter:label1" content="Estimated reading time" />
	<meta name="twitter:data1" content="1 minute" />
<script type="application/ld+json" class="yoast-schema-graph">{"@context":"https://schema.org","@graph":[{"@type":"WebPage","@id":"https://foretnature.be/resume-foret-mail/la-foret-nature-ou-culture/","url":"https://foretnature.be/resume-foret-mail/la-foret-nature-ou-culture/","name":"La forêt, nature ou culture ? - Forêt.Nature","isPartOf":{"@id":"https://foretnature.be/en/#website"},"datePublished":"2021-09-10T09:45:00+00:00","dateModified":"2021-09-10T09:45:00+00:00","breadcrumb":{"@id":"https://foretnature.be/resume-foret-mail/la-foret-nature-ou-culture/#breadcrumb"},"inLanguage":"en-GB","potentialAction":[{"@type":"ReadAction","target":["https://foretnature.be/resume-foret-mail/la-foret-nature-ou-culture/"]}]},{"@type":"BreadcrumbList","@id":"https://foretnature.be/resume-foret-mail/la-foret-nature-ou-culture/#breadcrumb","itemListElement":[{"@type":"ListItem","position":1,"name":"Home","item":"https://foretnature.be/en/"},{"@type":"ListItem","position":2,"name":"La forêt, nature ou culture ?"}]},{"@type":"WebSite","@id":"https://foretnature.be/en/#website","url":"https://foretnature.be/en/","name":"Forêt.Nature","description":"Une équipe technique au service de la forêt","publisher":{"@id":"https://foretnature.be/en/#organization"},"potentialAction":[{"@type":"SearchAction","target":{"@type":"EntryPoint","urlTemplate":"https://foretnature.be/en/?s={search_term_string}"},"query-input":"required name=search_term_string"}],"inLanguage":"en-GB"},{"@type":"Organization","@id":"https://foretnature.be/en/#organization","name":"Forêt.Nature","url":"https://foretnature.be/en/","logo":{"@type":"ImageObject","inLanguage":"en-GB","@id":"https://foretnature.be/en/#/schema/logo/image/","url":"https://foretnature.be/wp-content/uploads/2021/01/logoFOblanc.png","contentUrl":"https://foretnature.be/wp-content/uploads/2021/01/logoFOblanc.png","width":300,"height":151,"caption":"Forêt.Nature"},"image":{"@id":"https://foretnature.be/en/#/schema/logo/image/"}}]}</script>
<!-- / Yoast SEO plugin. -->

La forêt, nature ou culture ? - Forêt.Nature

© phil35m &#038; Pictures news/fotolia La forêt se cultive-t-elle comme un champ de maïs ou l’homme doit-il y « laisser faire » la nature ? Est-elle un fait culturel ou seulement naturel ? Ces questions ont été posées à de jeunes chercheurs d’AgoParisTech. Ces deux notions de « culture » et de « nature » [&hellip;]

Forêt.Nature

Une équipe technique au service de la forêt
