{"id":34137,"date":"2021-09-10T11:44:50","date_gmt":"2021-09-10T09:44:50","guid":{"rendered":"https:\/\/foretnature.be\/resume-foret-mail\/de-nouvelles-especes-a-partir-de-comportements-differents\/"},"modified":"2021-09-10T11:44:50","modified_gmt":"2021-09-10T09:44:50","slug":"de-nouvelles-especes-a-partir-de-comportements-differents","status":"publish","type":"resume-foret-mail","link":"https:\/\/foretnature.be\/en\/resume-foret-mail\/de-nouvelles-especes-a-partir-de-comportements-differents\/","title":{"rendered":"De nouvelles esp\u00e8ces \u00e0 partir de comportements diff\u00e9rents"},"content":{"rendered":"<p>Le col\u00e9opt\u00e8re (Pogonus chalceus) vit dans les marais salants de la ville c\u00f4ti\u00e8re fran\u00e7aise de Gu\u00e9rande (cr\u00e9dit photo : \u00a9 IRSNB)<br \/>\nDes scientifiques de l\u2019Institut royal des Sciences naturelles de Belgique ont mis en lumi\u00e8re une diff\u00e9renciation g\u00e9n\u00e9tique au sein d\u2019un m\u00eame esp\u00e8ce suite \u00e0 un comportement diff\u00e9rent des populations.<br \/>\nCe principe de sp\u00e9ciation est d\u00e9j\u00e0 connu lorsque des barri\u00e8res naturelles s\u00e9parent les populations. Avec le temps les populations s\u00e9par\u00e9es \u00e9voluent en deux esp\u00e8ces distinctes.<br \/>\nIci, les chercheurs ont \u00e9valu\u00e9 les comportements diff\u00e9rents de deux groupes d\u2019une m\u00eame esp\u00e8ce de col\u00e9opt\u00e8re (Pogonus chalceus). Celui-ci vit dans les marais salins pr\u00e8s de Gu\u00e9rande, en France.<br \/>\nLe premier groupe vit dans des zones inond\u00e9es quotidiennement (\u00e0 mar\u00e9e haute) et peut rester plusieurs heures sous l\u2019eau en respirant gr\u00e2ce aux bulles d\u2019air coinc\u00e9es sous sa carapace. Le second vit dans les marais voisins mais inond\u00e9s moins souvent et s\u2019envole dans des zones plus s\u00e8ches lorsque l\u2019eau arrive. Ces ailes sont d\u2019ailleurs plus longues que son cong\u00e9n\u00e8re immerg\u00e9.<br \/>\nLes biologistes de l\u2019IRSNB ont constat\u00e9, gr\u00e2ce \u00e0 des tests en laboratoire, que ce comportement diff\u00e8re d\u00e8s le d\u00e9but du stade larvaire. L\u2019origine (\u00ab sous l\u2019eau \u00bb ou \u00ab volante \u00bb) des larves n\u2019a pas d\u2019importance : seul l&rsquo;environnement d\u00e9termine le comportement.<br \/>\nLes deux groupes en sont ainsi venus \u00e0 ne plus se rencontrer. Chacun reste dans son habitat. C\u2019est la premi\u00e8re \u00e9tape d\u2019une diff\u00e9renciation g\u00e9n\u00e9tique et le d\u00e9but d\u2019une s\u00e9paration possible en deux esp\u00e8ces distinctes. Ils ont d\u2019ailleurs remarqu\u00e9 que les g\u00e8nes responsables de la taille des ailes sont d\u00e9j\u00e0 diff\u00e9rents entre les deux groupes.<br \/>\n\u00ab Les modifications g\u00e9n\u00e9tiques apparaissent donc apr\u00e8s les changements de comportement. Autrement dit, les g\u00e8nes sont des suiveurs, et non des meneurs. \u00bb<br \/>\nDe nouvelles esp\u00e8ces \u00e0 partir de comportements diff\u00e9rents. Communiqu\u00e9 IRSNB, 03\/10\/16.<br \/>\nSteven M. Van Belleghem, Katrien De Wolf, Frederik Hendrickx (2016). Behavioral adaptations imply a direct link between ecological specialization and reproductive isolation in a sympatrically diverging ground beetle. Evolution, DOI 10.1111\/evo.12998.<\/p>","protected":false},"excerpt":{"rendered":"<p>Le col\u00e9opt\u00e8re (Pogonus chalceus) vit dans les marais salants de la ville c\u00f4ti\u00e8re fran\u00e7aise de Gu\u00e9rande (cr\u00e9dit photo : \u00a9 IRSNB) Des scientifiques de l\u2019Institut royal des Sciences naturelles de Belgique ont mis en lumi\u00e8re une diff\u00e9renciation g\u00e9n\u00e9tique au sein d\u2019un m\u00eame esp\u00e8ce suite \u00e0 un comportement diff\u00e9rent des populations. Ce principe de sp\u00e9ciation est [&hellip;]<\/p>","protected":false},"featured_media":0,"template":"","categories":[50],"acf":[],"yoast_head":"<!-- This site is optimized with the Yoast SEO plugin v23.2 - https:\/\/yoast.com\/wordpress\/plugins\/seo\/ -->\n<title>De nouvelles esp\u00e8ces \u00e0 partir de comportements diff\u00e9rents - For\u00eat.Nature<\/title>\n<meta name=\"robots\" content=\"index, follow, max-snippet:-1, max-image-preview:large, max-video-preview:-1\" \/>\n<link rel=\"canonical\" href=\"https:\/\/foretnature.be\/en\/resume-foret-mail\/de-nouvelles-especes-a-partir-de-comportements-differents\/\" \/>\n<meta property=\"og:locale\" content=\"en_GB\" \/>\n<meta property=\"og:type\" content=\"article\" \/>\n<meta property=\"og:title\" content=\"De nouvelles esp\u00e8ces \u00e0 partir de comportements diff\u00e9rents - For\u00eat.Nature\" \/>\n<meta property=\"og:description\" content=\"Le col\u00e9opt\u00e8re (Pogonus chalceus) vit dans les marais salants de la ville c\u00f4ti\u00e8re fran\u00e7aise de Gu\u00e9rande (cr\u00e9dit photo : \u00a9 IRSNB) Des scientifiques de l\u2019Institut royal des Sciences naturelles de Belgique ont mis en lumi\u00e8re une diff\u00e9renciation g\u00e9n\u00e9tique au sein d\u2019un m\u00eame esp\u00e8ce suite \u00e0 un comportement diff\u00e9rent des populations. Ce principe de sp\u00e9ciation est [&hellip;]\" \/>\n<meta property=\"og:url\" content=\"https:\/\/foretnature.be\/en\/resume-foret-mail\/de-nouvelles-especes-a-partir-de-comportements-differents\/\" \/>\n<meta property=\"og:site_name\" content=\"For\u00eat.Nature\" \/>\n<meta name=\"twitter:card\" content=\"summary_large_image\" \/>\n<meta name=\"twitter:label1\" content=\"Estimated reading time\" \/>\n\t<meta name=\"twitter:data1\" content=\"2 minutes\" \/>\n<script type=\"application\/ld+json\" class=\"yoast-schema-graph\">{\"@context\":\"https:\/\/schema.org\",\"@graph\":[{\"@type\":\"WebPage\",\"@id\":\"https:\/\/foretnature.be\/en\/resume-foret-mail\/de-nouvelles-especes-a-partir-de-comportements-differents\/\",\"url\":\"https:\/\/foretnature.be\/en\/resume-foret-mail\/de-nouvelles-especes-a-partir-de-comportements-differents\/\",\"name\":\"De nouvelles esp\u00e8ces \u00e0 partir de comportements diff\u00e9rents - For\u00eat.Nature\",\"isPartOf\":{\"@id\":\"https:\/\/foretnature.be\/#website\"},\"datePublished\":\"2021-09-10T09:44:50+00:00\",\"dateModified\":\"2021-09-10T09:44:50+00:00\",\"breadcrumb\":{\"@id\":\"https:\/\/foretnature.be\/en\/resume-foret-mail\/de-nouvelles-especes-a-partir-de-comportements-differents\/#breadcrumb\"},\"inLanguage\":\"en-GB\",\"potentialAction\":[{\"@type\":\"ReadAction\",\"target\":[\"https:\/\/foretnature.be\/en\/resume-foret-mail\/de-nouvelles-especes-a-partir-de-comportements-differents\/\"]}]},{\"@type\":\"BreadcrumbList\",\"@id\":\"https:\/\/foretnature.be\/en\/resume-foret-mail\/de-nouvelles-especes-a-partir-de-comportements-differents\/#breadcrumb\",\"itemListElement\":[{\"@type\":\"ListItem\",\"position\":1,\"name\":\"Home\",\"item\":\"https:\/\/foretnature.be\/\"},{\"@type\":\"ListItem\",\"position\":2,\"name\":\"De nouvelles esp\u00e8ces \u00e0 partir de comportements diff\u00e9rents\"}]},{\"@type\":\"WebSite\",\"@id\":\"https:\/\/foretnature.be\/#website\",\"url\":\"https:\/\/foretnature.be\/\",\"name\":\"For\u00eat.Nature\",\"description\":\"Une \u00e9quipe technique au service de la for\u00eat\",\"publisher\":{\"@id\":\"https:\/\/foretnature.be\/#organization\"},\"potentialAction\":[{\"@type\":\"SearchAction\",\"target\":{\"@type\":\"EntryPoint\",\"urlTemplate\":\"https:\/\/foretnature.be\/?s={search_term_string}\"},\"query-input\":\"required name=search_term_string\"}],\"inLanguage\":\"en-GB\"},{\"@type\":\"Organization\",\"@id\":\"https:\/\/foretnature.be\/#organization\",\"name\":\"For\u00eat.Nature\",\"url\":\"https:\/\/foretnature.be\/\",\"logo\":{\"@type\":\"ImageObject\",\"inLanguage\":\"en-GB\",\"@id\":\"https:\/\/foretnature.be\/#\/schema\/logo\/image\/\",\"url\":\"https:\/\/foretnature.be\/wp-content\/uploads\/2021\/01\/logoFOblanc.png\",\"contentUrl\":\"https:\/\/foretnature.be\/wp-content\/uploads\/2021\/01\/logoFOblanc.png\",\"width\":300,\"height\":151,\"caption\":\"For\u00eat.Nature\"},\"image\":{\"@id\":\"https:\/\/foretnature.be\/#\/schema\/logo\/image\/\"}}]}<\/script>\n<!-- \/ Yoast SEO plugin. -->","yoast_head_json":{"title":"De nouvelles esp\u00e8ces \u00e0 partir de comportements diff\u00e9rents - For\u00eat.Nature","robots":{"index":"index","follow":"follow","max-snippet":"max-snippet:-1","max-image-preview":"max-image-preview:large","max-video-preview":"max-video-preview:-1"},"canonical":"https:\/\/foretnature.be\/en\/resume-foret-mail\/de-nouvelles-especes-a-partir-de-comportements-differents\/","og_locale":"en_GB","og_type":"article","og_title":"De nouvelles esp\u00e8ces \u00e0 partir de comportements diff\u00e9rents - For\u00eat.Nature","og_description":"Le col\u00e9opt\u00e8re (Pogonus chalceus) vit dans les marais salants de la ville c\u00f4ti\u00e8re fran\u00e7aise de Gu\u00e9rande (cr\u00e9dit photo : \u00a9 IRSNB) Des scientifiques de l\u2019Institut royal des Sciences naturelles de Belgique ont mis en lumi\u00e8re une diff\u00e9renciation g\u00e9n\u00e9tique au sein d\u2019un m\u00eame esp\u00e8ce suite \u00e0 un comportement diff\u00e9rent des populations. Ce principe de sp\u00e9ciation est [&hellip;]","og_url":"https:\/\/foretnature.be\/en\/resume-foret-mail\/de-nouvelles-especes-a-partir-de-comportements-differents\/","og_site_name":"For\u00eat.Nature","twitter_card":"summary_large_image","twitter_misc":{"Estimated reading time":"2 minutes"},"schema":{"@context":"https:\/\/schema.org","@graph":[{"@type":"WebPage","@id":"https:\/\/foretnature.be\/en\/resume-foret-mail\/de-nouvelles-especes-a-partir-de-comportements-differents\/","url":"https:\/\/foretnature.be\/en\/resume-foret-mail\/de-nouvelles-especes-a-partir-de-comportements-differents\/","name":"De nouvelles esp\u00e8ces \u00e0 partir de comportements diff\u00e9rents - For\u00eat.Nature","isPartOf":{"@id":"https:\/\/foretnature.be\/#website"},"datePublished":"2021-09-10T09:44:50+00:00","dateModified":"2021-09-10T09:44:50+00:00","breadcrumb":{"@id":"https:\/\/foretnature.be\/en\/resume-foret-mail\/de-nouvelles-especes-a-partir-de-comportements-differents\/#breadcrumb"},"inLanguage":"en-GB","potentialAction":[{"@type":"ReadAction","target":["https:\/\/foretnature.be\/en\/resume-foret-mail\/de-nouvelles-especes-a-partir-de-comportements-differents\/"]}]},{"@type":"BreadcrumbList","@id":"https:\/\/foretnature.be\/en\/resume-foret-mail\/de-nouvelles-especes-a-partir-de-comportements-differents\/#breadcrumb","itemListElement":[{"@type":"ListItem","position":1,"name":"Home","item":"https:\/\/foretnature.be\/"},{"@type":"ListItem","position":2,"name":"De nouvelles esp\u00e8ces \u00e0 partir de comportements diff\u00e9rents"}]},{"@type":"WebSite","@id":"https:\/\/foretnature.be\/#website","url":"https:\/\/foretnature.be\/","name":"For\u00eat.Nature","description":"Une \u00e9quipe technique au service de la for\u00eat","publisher":{"@id":"https:\/\/foretnature.be\/#organization"},"potentialAction":[{"@type":"SearchAction","target":{"@type":"EntryPoint","urlTemplate":"https:\/\/foretnature.be\/?s={search_term_string}"},"query-input":"required name=search_term_string"}],"inLanguage":"en-GB"},{"@type":"Organization","@id":"https:\/\/foretnature.be\/#organization","name":"For\u00eat.Nature","url":"https:\/\/foretnature.be\/","logo":{"@type":"ImageObject","inLanguage":"en-GB","@id":"https:\/\/foretnature.be\/#\/schema\/logo\/image\/","url":"https:\/\/foretnature.be\/wp-content\/uploads\/2021\/01\/logoFOblanc.png","contentUrl":"https:\/\/foretnature.be\/wp-content\/uploads\/2021\/01\/logoFOblanc.png","width":300,"height":151,"caption":"For\u00eat.Nature"},"image":{"@id":"https:\/\/foretnature.be\/#\/schema\/logo\/image\/"}}]}},"_links":{"self":[{"href":"https:\/\/foretnature.be\/en\/wp-json\/wp\/v2\/resume-foret-mail\/34137"}],"collection":[{"href":"https:\/\/foretnature.be\/en\/wp-json\/wp\/v2\/resume-foret-mail"}],"about":[{"href":"https:\/\/foretnature.be\/en\/wp-json\/wp\/v2\/types\/resume-foret-mail"}],"version-history":[{"count":0,"href":"https:\/\/foretnature.be\/en\/wp-json\/wp\/v2\/resume-foret-mail\/34137\/revisions"}],"wp:attachment":[{"href":"https:\/\/foretnature.be\/en\/wp-json\/wp\/v2\/media?parent=34137"}],"wp:term":[{"taxonomy":"category","embeddable":true,"href":"https:\/\/foretnature.be\/en\/wp-json\/wp\/v2\/categories?post=34137"}],"curies":[{"name":"wp","href":"https:\/\/api.w.org\/{rel}","templated":true}]}}

De nouvelles espèces à partir de comportements différents

<p>Le coléoptère (Pogonus chalceus) vit dans les marais salants de la ville côtière française de Guérande (crédit photo : © IRSNB)<br />
Des scientifiques de l’Institut royal des Sciences naturelles de Belgique ont mis en lumière une différenciation génétique au sein d’un même espèce suite à un comportement différent des populations.<br />
Ce principe de spéciation est déjà connu lorsque des barrières naturelles séparent les populations. Avec le temps les populations séparées évoluent en deux espèces distinctes.<br />
Ici, les chercheurs ont évalué les comportements différents de deux groupes d’une même espèce de coléoptère (Pogonus chalceus). Celui-ci vit dans les marais salins près de Guérande, en France.<br />
Le premier groupe vit dans des zones inondées quotidiennement (à marée haute) et peut rester plusieurs heures sous l’eau en respirant grâce aux bulles d’air coincées sous sa carapace. Le second vit dans les marais voisins mais inondés moins souvent et s’envole dans des zones plus sèches lorsque l’eau arrive. Ces ailes sont d’ailleurs plus longues que son congénère immergé.<br />
Les biologistes de l’IRSNB ont constaté, grâce à des tests en laboratoire, que ce comportement diffère dès le début du stade larvaire. L’origine (« sous l’eau » ou « volante ») des larves n’a pas d’importance : seul l&rsquo;environnement détermine le comportement.<br />
Les deux groupes en sont ainsi venus à ne plus se rencontrer. Chacun reste dans son habitat. C’est la première étape d’une différenciation génétique et le début d’une séparation possible en deux espèces distinctes. Ils ont d’ailleurs remarqué que les gènes responsables de la taille des ailes sont déjà différents entre les deux groupes.<br />
« Les modifications génétiques apparaissent donc après les changements de comportement. Autrement dit, les gènes sont des suiveurs, et non des meneurs. »<br />
De nouvelles espèces à partir de comportements différents. Communiqué IRSNB, 03/10/16.<br />
Steven M. Van Belleghem, Katrien De Wolf, Frederik Hendrickx (2016). Behavioral adaptations imply a direct link between ecological specialization and reproductive isolation in a sympatrically diverging ground beetle. Evolution, DOI 10.1111/evo.12998.</p>

<p>Le coléoptère (Pogonus chalceus) vit dans les marais salants de la ville côtière française de Guérande (crédit photo : © IRSNB) Des scientifiques de l’Institut royal des Sciences naturelles de Belgique ont mis en lumière une différenciation génétique au sein d’un même espèce suite à un comportement différent des populations. Ce principe de spéciation est [&hellip;]</p>

<!-- This site is optimized with the Yoast SEO plugin v23.2 - https://yoast.com/wordpress/plugins/seo/ -->
<title>De nouvelles espèces à partir de comportements différents - Forêt.Nature</title>
<meta name="robots" content="index, follow, max-snippet:-1, max-image-preview:large, max-video-preview:-1" />
<link rel="canonical" href="https://foretnature.be/en/resume-foret-mail/de-nouvelles-especes-a-partir-de-comportements-differents/" />
<meta property="og:locale" content="en_GB" />
<meta property="og:type" content="article" />
<meta property="og:title" content="De nouvelles espèces à partir de comportements différents - Forêt.Nature" />
<meta property="og:description" content="Le coléoptère (Pogonus chalceus) vit dans les marais salants de la ville côtière française de Guérande (crédit photo : © IRSNB) Des scientifiques de l’Institut royal des Sciences naturelles de Belgique ont mis en lumière une différenciation génétique au sein d’un même espèce suite à un comportement différent des populations. Ce principe de spéciation est [&hellip;]" />
<meta property="og:url" content="https://foretnature.be/en/resume-foret-mail/de-nouvelles-especes-a-partir-de-comportements-differents/" />
<meta property="og:site_name" content="Forêt.Nature" />
<meta name="twitter:card" content="summary_large_image" />
<meta name="twitter:label1" content="Estimated reading time" />
	<meta name="twitter:data1" content="2 minutes" />
<script type="application/ld+json" class="yoast-schema-graph">{"@context":"https://schema.org","@graph":[{"@type":"WebPage","@id":"https://foretnature.be/en/resume-foret-mail/de-nouvelles-especes-a-partir-de-comportements-differents/","url":"https://foretnature.be/en/resume-foret-mail/de-nouvelles-especes-a-partir-de-comportements-differents/","name":"De nouvelles espèces à partir de comportements différents - Forêt.Nature","isPartOf":{"@id":"https://foretnature.be/#website"},"datePublished":"2021-09-10T09:44:50+00:00","dateModified":"2021-09-10T09:44:50+00:00","breadcrumb":{"@id":"https://foretnature.be/en/resume-foret-mail/de-nouvelles-especes-a-partir-de-comportements-differents/#breadcrumb"},"inLanguage":"en-GB","potentialAction":[{"@type":"ReadAction","target":["https://foretnature.be/en/resume-foret-mail/de-nouvelles-especes-a-partir-de-comportements-differents/"]}]},{"@type":"BreadcrumbList","@id":"https://foretnature.be/en/resume-foret-mail/de-nouvelles-especes-a-partir-de-comportements-differents/#breadcrumb","itemListElement":[{"@type":"ListItem","position":1,"name":"Home","item":"https://foretnature.be/"},{"@type":"ListItem","position":2,"name":"De nouvelles espèces à partir de comportements différents"}]},{"@type":"WebSite","@id":"https://foretnature.be/#website","url":"https://foretnature.be/","name":"Forêt.Nature","description":"Une équipe technique au service de la forêt","publisher":{"@id":"https://foretnature.be/#organization"},"potentialAction":[{"@type":"SearchAction","target":{"@type":"EntryPoint","urlTemplate":"https://foretnature.be/?s={search_term_string}"},"query-input":"required name=search_term_string"}],"inLanguage":"en-GB"},{"@type":"Organization","@id":"https://foretnature.be/#organization","name":"Forêt.Nature","url":"https://foretnature.be/","logo":{"@type":"ImageObject","inLanguage":"en-GB","@id":"https://foretnature.be/#/schema/logo/image/","url":"https://foretnature.be/wp-content/uploads/2021/01/logoFOblanc.png","contentUrl":"https://foretnature.be/wp-content/uploads/2021/01/logoFOblanc.png","width":300,"height":151,"caption":"Forêt.Nature"},"image":{"@id":"https://foretnature.be/#/schema/logo/image/"}}]}</script>
<!-- / Yoast SEO plugin. -->

De nouvelles espèces à partir de comportements différents - Forêt.Nature

Le coléoptère (Pogonus chalceus) vit dans les marais salants de la ville côtière française de Guérande (crédit photo : © IRSNB) Des scientifiques de l’Institut royal des Sciences naturelles de Belgique ont mis en lumière une différenciation génétique au sein d’un même espèce suite à un comportement différent des populations. Ce principe de spéciation est [&hellip;]

Forêt.Nature

Une équipe technique au service de la forêt
