{"id":34087,"date":"2021-09-06T10:26:11","date_gmt":"2021-09-06T08:26:11","guid":{"rendered":"https:\/\/foretnature.be\/resume-foret-mail\/nassonia-plusieurs-scientifiques-soulevent-linteret-du-projet\/"},"modified":"2021-09-08T13:07:25","modified_gmt":"2021-09-08T11:07:25","slug":"nassonia-plusieurs-scientifiques-soulevent-linteret-du-projet","status":"publish","type":"resume-foret-mail","link":"https:\/\/foretnature.be\/en\/resume-foret-mail\/nassonia-plusieurs-scientifiques-soulevent-linteret-du-projet\/","title":{"rendered":"Nassonia : plusieurs scientifiques soul\u00e8vent l\u2019int\u00e9r\u00eat du projet"},"content":{"rendered":"<p>Depuis l\u2019annonce, le mois dernier, par Eric Domb de sa volont\u00e9 de cr\u00e9er un p\u00f4le de biodiversit\u00e9, via une location \u00e0 long terme de 1500 ha de for\u00eats appartenant \u00e0 la commune de Nassogne, les r\u00e9actions se sont succ\u00e9d\u00e9es avec plus ou moins de finesse et plus ou moins d\u2019honn\u00eatet\u00e9 intellectuelle.<br \/>\nC\u2019est dans ce contexte que plusieurs scientifiques ont souhait\u00e9 rappeler les enjeux fondamentaux de la for\u00eat, pourquoi, d\u2019apr\u00e8s eux, le projet est une plus-value pour le territoire et une r\u00e9elle opportunit\u00e9 pour la recherche biologique et foresti\u00e8re.<br \/>\n\u00ab Ce projet est une occasion unique de restaurer des for\u00eats naturelles et de proposer de nouvelles formes de valorisation du patrimoine naturel. (\u2026) La plupart des for\u00eats wallonnes (\u2026) pourraient accueillir une plus grande biodiversit\u00e9 tout en produisant de mani\u00e8re plus optimale les diff\u00e9rents services de maintien de la fertilit\u00e9 des sols ou encore de protection des ressources en eau. \u00bb<br \/>\n\u00ab Nous avons r\u00e9ellement besoin de ce type de laboratoire vivant, fonctionnant sur le long terme, pour comprendre comment \u00e9volue la for\u00eat lorsque les pressions de production deviennent moins pr\u00e9gnantes, comment les sols forestiers, capital essentiel pour notre avenir, se reconstituent, et, surtout, comment l\u2019\u00e9cosyst\u00e8me r\u00e9agit et s\u2019adapte aux changements climatiques. \u00bb<br \/>\nDufr\u00eane M., Claessens H., Cornelis J.-T., Poncin P., Born C.-H., Hance T., Schtickzelle N., Beudels R. (2016). Nassonia, une for\u00eat naturelle au service de tous. Le Soir, 12\/07\/2016.<\/p>","protected":false},"excerpt":{"rendered":"<p>Depuis l\u2019annonce, le mois dernier, par Eric Domb de sa volont\u00e9 de cr\u00e9er un p\u00f4le de biodiversit\u00e9, via une location \u00e0 long terme de 1500 ha de for\u00eats appartenant \u00e0 la commune de Nassogne, les r\u00e9actions se sont succ\u00e9d\u00e9es avec plus ou moins de finesse et plus ou moins d\u2019honn\u00eatet\u00e9 intellectuelle. C\u2019est dans ce contexte [&hellip;]<\/p>","protected":false},"featured_media":0,"template":"","categories":[50],"acf":[],"yoast_head":"<!-- This site is optimized with the Yoast SEO plugin v23.2 - https:\/\/yoast.com\/wordpress\/plugins\/seo\/ -->\n<title>Nassonia : plusieurs scientifiques soul\u00e8vent l\u2019int\u00e9r\u00eat du projet - For\u00eat.Nature<\/title>\n<meta name=\"robots\" content=\"index, follow, max-snippet:-1, max-image-preview:large, max-video-preview:-1\" \/>\n<link rel=\"canonical\" href=\"https:\/\/foretnature.be\/en\/resume-foret-mail\/nassonia-plusieurs-scientifiques-soulevent-linteret-du-projet\/\" \/>\n<meta property=\"og:locale\" content=\"en_GB\" \/>\n<meta property=\"og:type\" content=\"article\" \/>\n<meta property=\"og:title\" content=\"Nassonia : plusieurs scientifiques soul\u00e8vent l\u2019int\u00e9r\u00eat du projet - For\u00eat.Nature\" \/>\n<meta property=\"og:description\" content=\"Depuis l\u2019annonce, le mois dernier, par Eric Domb de sa volont\u00e9 de cr\u00e9er un p\u00f4le de biodiversit\u00e9, via une location \u00e0 long terme de 1500 ha de for\u00eats appartenant \u00e0 la commune de Nassogne, les r\u00e9actions se sont succ\u00e9d\u00e9es avec plus ou moins de finesse et plus ou moins d\u2019honn\u00eatet\u00e9 intellectuelle. C\u2019est dans ce contexte [&hellip;]\" \/>\n<meta property=\"og:url\" content=\"https:\/\/foretnature.be\/en\/resume-foret-mail\/nassonia-plusieurs-scientifiques-soulevent-linteret-du-projet\/\" \/>\n<meta property=\"og:site_name\" content=\"For\u00eat.Nature\" \/>\n<meta property=\"article:modified_time\" content=\"2021-09-08T11:07:25+00:00\" \/>\n<meta name=\"twitter:card\" content=\"summary_large_image\" \/>\n<meta name=\"twitter:label1\" content=\"Estimated reading time\" \/>\n\t<meta name=\"twitter:data1\" content=\"1 minute\" \/>\n<script type=\"application\/ld+json\" class=\"yoast-schema-graph\">{\"@context\":\"https:\/\/schema.org\",\"@graph\":[{\"@type\":\"WebPage\",\"@id\":\"https:\/\/foretnature.be\/resume-foret-mail\/nassonia-plusieurs-scientifiques-soulevent-linteret-du-projet\/\",\"url\":\"https:\/\/foretnature.be\/resume-foret-mail\/nassonia-plusieurs-scientifiques-soulevent-linteret-du-projet\/\",\"name\":\"Nassonia : plusieurs scientifiques soul\u00e8vent l\u2019int\u00e9r\u00eat du projet - For\u00eat.Nature\",\"isPartOf\":{\"@id\":\"https:\/\/foretnature.be\/en\/#website\"},\"datePublished\":\"2021-09-06T08:26:11+00:00\",\"dateModified\":\"2021-09-08T11:07:25+00:00\",\"breadcrumb\":{\"@id\":\"https:\/\/foretnature.be\/resume-foret-mail\/nassonia-plusieurs-scientifiques-soulevent-linteret-du-projet\/#breadcrumb\"},\"inLanguage\":\"en-GB\",\"potentialAction\":[{\"@type\":\"ReadAction\",\"target\":[\"https:\/\/foretnature.be\/resume-foret-mail\/nassonia-plusieurs-scientifiques-soulevent-linteret-du-projet\/\"]}]},{\"@type\":\"BreadcrumbList\",\"@id\":\"https:\/\/foretnature.be\/resume-foret-mail\/nassonia-plusieurs-scientifiques-soulevent-linteret-du-projet\/#breadcrumb\",\"itemListElement\":[{\"@type\":\"ListItem\",\"position\":1,\"name\":\"Home\",\"item\":\"https:\/\/foretnature.be\/en\/\"},{\"@type\":\"ListItem\",\"position\":2,\"name\":\"Nassonia : plusieurs scientifiques soul\u00e8vent l\u2019int\u00e9r\u00eat du projet\"}]},{\"@type\":\"WebSite\",\"@id\":\"https:\/\/foretnature.be\/en\/#website\",\"url\":\"https:\/\/foretnature.be\/en\/\",\"name\":\"For\u00eat.Nature\",\"description\":\"Une \u00e9quipe technique au service de la for\u00eat\",\"publisher\":{\"@id\":\"https:\/\/foretnature.be\/en\/#organization\"},\"potentialAction\":[{\"@type\":\"SearchAction\",\"target\":{\"@type\":\"EntryPoint\",\"urlTemplate\":\"https:\/\/foretnature.be\/en\/?s={search_term_string}\"},\"query-input\":\"required name=search_term_string\"}],\"inLanguage\":\"en-GB\"},{\"@type\":\"Organization\",\"@id\":\"https:\/\/foretnature.be\/en\/#organization\",\"name\":\"For\u00eat.Nature\",\"url\":\"https:\/\/foretnature.be\/en\/\",\"logo\":{\"@type\":\"ImageObject\",\"inLanguage\":\"en-GB\",\"@id\":\"https:\/\/foretnature.be\/en\/#\/schema\/logo\/image\/\",\"url\":\"https:\/\/foretnature.be\/wp-content\/uploads\/2021\/01\/logoFOblanc.png\",\"contentUrl\":\"https:\/\/foretnature.be\/wp-content\/uploads\/2021\/01\/logoFOblanc.png\",\"width\":300,\"height\":151,\"caption\":\"For\u00eat.Nature\"},\"image\":{\"@id\":\"https:\/\/foretnature.be\/en\/#\/schema\/logo\/image\/\"}}]}<\/script>\n<!-- \/ Yoast SEO plugin. -->","yoast_head_json":{"title":"Nassonia : plusieurs scientifiques soul\u00e8vent l\u2019int\u00e9r\u00eat du projet - For\u00eat.Nature","robots":{"index":"index","follow":"follow","max-snippet":"max-snippet:-1","max-image-preview":"max-image-preview:large","max-video-preview":"max-video-preview:-1"},"canonical":"https:\/\/foretnature.be\/en\/resume-foret-mail\/nassonia-plusieurs-scientifiques-soulevent-linteret-du-projet\/","og_locale":"en_GB","og_type":"article","og_title":"Nassonia : plusieurs scientifiques soul\u00e8vent l\u2019int\u00e9r\u00eat du projet - For\u00eat.Nature","og_description":"Depuis l\u2019annonce, le mois dernier, par Eric Domb de sa volont\u00e9 de cr\u00e9er un p\u00f4le de biodiversit\u00e9, via une location \u00e0 long terme de 1500 ha de for\u00eats appartenant \u00e0 la commune de Nassogne, les r\u00e9actions se sont succ\u00e9d\u00e9es avec plus ou moins de finesse et plus ou moins d\u2019honn\u00eatet\u00e9 intellectuelle. C\u2019est dans ce contexte [&hellip;]","og_url":"https:\/\/foretnature.be\/en\/resume-foret-mail\/nassonia-plusieurs-scientifiques-soulevent-linteret-du-projet\/","og_site_name":"For\u00eat.Nature","article_modified_time":"2021-09-08T11:07:25+00:00","twitter_card":"summary_large_image","twitter_misc":{"Estimated reading time":"1 minute"},"schema":{"@context":"https:\/\/schema.org","@graph":[{"@type":"WebPage","@id":"https:\/\/foretnature.be\/resume-foret-mail\/nassonia-plusieurs-scientifiques-soulevent-linteret-du-projet\/","url":"https:\/\/foretnature.be\/resume-foret-mail\/nassonia-plusieurs-scientifiques-soulevent-linteret-du-projet\/","name":"Nassonia : plusieurs scientifiques soul\u00e8vent l\u2019int\u00e9r\u00eat du projet - For\u00eat.Nature","isPartOf":{"@id":"https:\/\/foretnature.be\/en\/#website"},"datePublished":"2021-09-06T08:26:11+00:00","dateModified":"2021-09-08T11:07:25+00:00","breadcrumb":{"@id":"https:\/\/foretnature.be\/resume-foret-mail\/nassonia-plusieurs-scientifiques-soulevent-linteret-du-projet\/#breadcrumb"},"inLanguage":"en-GB","potentialAction":[{"@type":"ReadAction","target":["https:\/\/foretnature.be\/resume-foret-mail\/nassonia-plusieurs-scientifiques-soulevent-linteret-du-projet\/"]}]},{"@type":"BreadcrumbList","@id":"https:\/\/foretnature.be\/resume-foret-mail\/nassonia-plusieurs-scientifiques-soulevent-linteret-du-projet\/#breadcrumb","itemListElement":[{"@type":"ListItem","position":1,"name":"Home","item":"https:\/\/foretnature.be\/en\/"},{"@type":"ListItem","position":2,"name":"Nassonia : plusieurs scientifiques soul\u00e8vent l\u2019int\u00e9r\u00eat du projet"}]},{"@type":"WebSite","@id":"https:\/\/foretnature.be\/en\/#website","url":"https:\/\/foretnature.be\/en\/","name":"For\u00eat.Nature","description":"Une \u00e9quipe technique au service de la for\u00eat","publisher":{"@id":"https:\/\/foretnature.be\/en\/#organization"},"potentialAction":[{"@type":"SearchAction","target":{"@type":"EntryPoint","urlTemplate":"https:\/\/foretnature.be\/en\/?s={search_term_string}"},"query-input":"required name=search_term_string"}],"inLanguage":"en-GB"},{"@type":"Organization","@id":"https:\/\/foretnature.be\/en\/#organization","name":"For\u00eat.Nature","url":"https:\/\/foretnature.be\/en\/","logo":{"@type":"ImageObject","inLanguage":"en-GB","@id":"https:\/\/foretnature.be\/en\/#\/schema\/logo\/image\/","url":"https:\/\/foretnature.be\/wp-content\/uploads\/2021\/01\/logoFOblanc.png","contentUrl":"https:\/\/foretnature.be\/wp-content\/uploads\/2021\/01\/logoFOblanc.png","width":300,"height":151,"caption":"For\u00eat.Nature"},"image":{"@id":"https:\/\/foretnature.be\/en\/#\/schema\/logo\/image\/"}}]}},"_links":{"self":[{"href":"https:\/\/foretnature.be\/en\/wp-json\/wp\/v2\/resume-foret-mail\/34087"}],"collection":[{"href":"https:\/\/foretnature.be\/en\/wp-json\/wp\/v2\/resume-foret-mail"}],"about":[{"href":"https:\/\/foretnature.be\/en\/wp-json\/wp\/v2\/types\/resume-foret-mail"}],"version-history":[{"count":1,"href":"https:\/\/foretnature.be\/en\/wp-json\/wp\/v2\/resume-foret-mail\/34087\/revisions"}],"predecessor-version":[{"id":34111,"href":"https:\/\/foretnature.be\/en\/wp-json\/wp\/v2\/resume-foret-mail\/34087\/revisions\/34111"}],"wp:attachment":[{"href":"https:\/\/foretnature.be\/en\/wp-json\/wp\/v2\/media?parent=34087"}],"wp:term":[{"taxonomy":"category","embeddable":true,"href":"https:\/\/foretnature.be\/en\/wp-json\/wp\/v2\/categories?post=34087"}],"curies":[{"name":"wp","href":"https:\/\/api.w.org\/{rel}","templated":true}]}}

Nassonia : plusieurs scientifiques soulèvent l’intérêt du projet

<p>Depuis l’annonce, le mois dernier, par Eric Domb de sa volonté de créer un pôle de biodiversité, via une location à long terme de 1500 ha de forêts appartenant à la commune de Nassogne, les réactions se sont succédées avec plus ou moins de finesse et plus ou moins d’honnêteté intellectuelle.<br />
C’est dans ce contexte que plusieurs scientifiques ont souhaité rappeler les enjeux fondamentaux de la forêt, pourquoi, d’après eux, le projet est une plus-value pour le territoire et une réelle opportunité pour la recherche biologique et forestière.<br />
« Ce projet est une occasion unique de restaurer des forêts naturelles et de proposer de nouvelles formes de valorisation du patrimoine naturel. (…) La plupart des forêts wallonnes (…) pourraient accueillir une plus grande biodiversité tout en produisant de manière plus optimale les différents services de maintien de la fertilité des sols ou encore de protection des ressources en eau. »<br />
« Nous avons réellement besoin de ce type de laboratoire vivant, fonctionnant sur le long terme, pour comprendre comment évolue la forêt lorsque les pressions de production deviennent moins prégnantes, comment les sols forestiers, capital essentiel pour notre avenir, se reconstituent, et, surtout, comment l’écosystème réagit et s’adapte aux changements climatiques. »<br />
Dufrêne M., Claessens H., Cornelis J.-T., Poncin P., Born C.-H., Hance T., Schtickzelle N., Beudels R. (2016). Nassonia, une forêt naturelle au service de tous. Le Soir, 12/07/2016.</p>

<p>Depuis l’annonce, le mois dernier, par Eric Domb de sa volonté de créer un pôle de biodiversité, via une location à long terme de 1500 ha de forêts appartenant à la commune de Nassogne, les réactions se sont succédées avec plus ou moins de finesse et plus ou moins d’honnêteté intellectuelle. C’est dans ce contexte [&hellip;]</p>

<!-- This site is optimized with the Yoast SEO plugin v23.2 - https://yoast.com/wordpress/plugins/seo/ -->
<title>Nassonia : plusieurs scientifiques soulèvent l’intérêt du projet - Forêt.Nature</title>
<meta name="robots" content="index, follow, max-snippet:-1, max-image-preview:large, max-video-preview:-1" />
<link rel="canonical" href="https://foretnature.be/en/resume-foret-mail/nassonia-plusieurs-scientifiques-soulevent-linteret-du-projet/" />
<meta property="og:locale" content="en_GB" />
<meta property="og:type" content="article" />
<meta property="og:title" content="Nassonia : plusieurs scientifiques soulèvent l’intérêt du projet - Forêt.Nature" />
<meta property="og:description" content="Depuis l’annonce, le mois dernier, par Eric Domb de sa volonté de créer un pôle de biodiversité, via une location à long terme de 1500 ha de forêts appartenant à la commune de Nassogne, les réactions se sont succédées avec plus ou moins de finesse et plus ou moins d’honnêteté intellectuelle. C’est dans ce contexte [&hellip;]" />
<meta property="og:url" content="https://foretnature.be/en/resume-foret-mail/nassonia-plusieurs-scientifiques-soulevent-linteret-du-projet/" />
<meta property="og:site_name" content="Forêt.Nature" />
<meta property="article:modified_time" content="2021-09-08T11:07:25+00:00" />
<meta name="twitter:card" content="summary_large_image" />
<meta name="twitter:label1" content="Estimated reading time" />
	<meta name="twitter:data1" content="1 minute" />
<script type="application/ld+json" class="yoast-schema-graph">{"@context":"https://schema.org","@graph":[{"@type":"WebPage","@id":"https://foretnature.be/resume-foret-mail/nassonia-plusieurs-scientifiques-soulevent-linteret-du-projet/","url":"https://foretnature.be/resume-foret-mail/nassonia-plusieurs-scientifiques-soulevent-linteret-du-projet/","name":"Nassonia : plusieurs scientifiques soulèvent l’intérêt du projet - Forêt.Nature","isPartOf":{"@id":"https://foretnature.be/en/#website"},"datePublished":"2021-09-06T08:26:11+00:00","dateModified":"2021-09-08T11:07:25+00:00","breadcrumb":{"@id":"https://foretnature.be/resume-foret-mail/nassonia-plusieurs-scientifiques-soulevent-linteret-du-projet/#breadcrumb"},"inLanguage":"en-GB","potentialAction":[{"@type":"ReadAction","target":["https://foretnature.be/resume-foret-mail/nassonia-plusieurs-scientifiques-soulevent-linteret-du-projet/"]}]},{"@type":"BreadcrumbList","@id":"https://foretnature.be/resume-foret-mail/nassonia-plusieurs-scientifiques-soulevent-linteret-du-projet/#breadcrumb","itemListElement":[{"@type":"ListItem","position":1,"name":"Home","item":"https://foretnature.be/en/"},{"@type":"ListItem","position":2,"name":"Nassonia : plusieurs scientifiques soulèvent l’intérêt du projet"}]},{"@type":"WebSite","@id":"https://foretnature.be/en/#website","url":"https://foretnature.be/en/","name":"Forêt.Nature","description":"Une équipe technique au service de la forêt","publisher":{"@id":"https://foretnature.be/en/#organization"},"potentialAction":[{"@type":"SearchAction","target":{"@type":"EntryPoint","urlTemplate":"https://foretnature.be/en/?s={search_term_string}"},"query-input":"required name=search_term_string"}],"inLanguage":"en-GB"},{"@type":"Organization","@id":"https://foretnature.be/en/#organization","name":"Forêt.Nature","url":"https://foretnature.be/en/","logo":{"@type":"ImageObject","inLanguage":"en-GB","@id":"https://foretnature.be/en/#/schema/logo/image/","url":"https://foretnature.be/wp-content/uploads/2021/01/logoFOblanc.png","contentUrl":"https://foretnature.be/wp-content/uploads/2021/01/logoFOblanc.png","width":300,"height":151,"caption":"Forêt.Nature"},"image":{"@id":"https://foretnature.be/en/#/schema/logo/image/"}}]}</script>
<!-- / Yoast SEO plugin. -->

Nassonia : plusieurs scientifiques soulèvent l’intérêt du projet - Forêt.Nature

Depuis l’annonce, le mois dernier, par Eric Domb de sa volonté de créer un pôle de biodiversité, via une location à long terme de 1500 ha de forêts appartenant à la commune de Nassogne, les réactions se sont succédées avec plus ou moins de finesse et plus ou moins d’honnêteté intellectuelle. C’est dans ce contexte [&hellip;]

Forêt.Nature

Une équipe technique au service de la forêt
