{"id":33462,"date":"2021-08-23T11:27:42","date_gmt":"2021-08-23T09:27:42","guid":{"rendered":"https:\/\/foretnature.be\/?post_type=resume-foret-mail&#038;p=33462"},"modified":"2021-08-23T11:27:42","modified_gmt":"2021-08-23T09:27:42","slug":"le-bout-du-tunnel-pour-la-ppa","status":"publish","type":"resume-foret-mail","link":"https:\/\/foretnature.be\/en\/resume-foret-mail\/le-bout-du-tunnel-pour-la-ppa\/","title":{"rendered":"Le bout du tunnel pour la PPA ?"},"content":{"rendered":"<p class=\"text-build-content\" data-testid=\"gWKRLLieVq\">La crise sanitaire de la peste porcine africaine n\u2019est d\u00e9sormais presque plus qu\u2019un mauvais souvenir pour la Wallonie. Le 27 octobre dernier, la Belgique a introduit une demande \u00e0 l\u2019Europe afin de r\u00e9cup\u00e9rer un statut \u00ab indemne \u00bb par rapport \u00e0 la PPA. La r\u00e9ponse de l\u2019Europe devrait arriver dans les semaines \u00e0 venir.<\/p>\n<p class=\"text-build-content\" data-testid=\"gWKRLLieVq\">M\u00eame si la r\u00e9ponse est favorable, le retour \u00e0 la normale se fera progressivement en restant alerte \u00e0 tous nouveaux cas. Une s\u00e9rie de mesures sera mise en place \u00e0 cette fin. L\u2019ensemble de ces mesures et des \u00e9ch\u00e9ances est consultable sur le site web de la Ministre Tellier.<\/p>","protected":false},"excerpt":{"rendered":"<p>La crise sanitaire de la peste porcine africaine n\u2019est d\u00e9sormais presque plus qu\u2019un mauvais souvenir pour la Wallonie. Le 27 octobre dernier, la Belgique a introduit une demande \u00e0 l\u2019Europe afin de r\u00e9cup\u00e9rer un statut \u00ab indemne \u00bb par rapport \u00e0 la PPA. La r\u00e9ponse de l\u2019Europe devrait arriver dans les semaines \u00e0 venir. M\u00eame [&hellip;]<\/p>","protected":false},"featured_media":0,"template":"","categories":[50],"acf":[],"yoast_head":"<!-- This site is optimized with the Yoast SEO plugin v23.2 - https:\/\/yoast.com\/wordpress\/plugins\/seo\/ -->\n<title>Le bout du tunnel pour la PPA ? - For\u00eat.Nature<\/title>\n<meta name=\"robots\" content=\"index, follow, max-snippet:-1, max-image-preview:large, max-video-preview:-1\" \/>\n<link rel=\"canonical\" href=\"https:\/\/foretnature.be\/en\/resume-foret-mail\/le-bout-du-tunnel-pour-la-ppa\/\" \/>\n<meta property=\"og:locale\" content=\"en_GB\" \/>\n<meta property=\"og:type\" content=\"article\" \/>\n<meta property=\"og:title\" content=\"Le bout du tunnel pour la PPA ? - For\u00eat.Nature\" \/>\n<meta property=\"og:description\" content=\"La crise sanitaire de la peste porcine africaine n\u2019est d\u00e9sormais presque plus qu\u2019un mauvais souvenir pour la Wallonie. Le 27 octobre dernier, la Belgique a introduit une demande \u00e0 l\u2019Europe afin de r\u00e9cup\u00e9rer un statut \u00ab indemne \u00bb par rapport \u00e0 la PPA. La r\u00e9ponse de l\u2019Europe devrait arriver dans les semaines \u00e0 venir. M\u00eame [&hellip;]\" \/>\n<meta property=\"og:url\" content=\"https:\/\/foretnature.be\/en\/resume-foret-mail\/le-bout-du-tunnel-pour-la-ppa\/\" \/>\n<meta property=\"og:site_name\" content=\"For\u00eat.Nature\" \/>\n<meta name=\"twitter:card\" content=\"summary_large_image\" \/>\n<meta name=\"twitter:label1\" content=\"Estimated reading time\" \/>\n\t<meta name=\"twitter:data1\" content=\"1 minute\" \/>\n<script type=\"application\/ld+json\" class=\"yoast-schema-graph\">{\"@context\":\"https:\/\/schema.org\",\"@graph\":[{\"@type\":\"WebPage\",\"@id\":\"https:\/\/foretnature.be\/en\/resume-foret-mail\/le-bout-du-tunnel-pour-la-ppa\/\",\"url\":\"https:\/\/foretnature.be\/en\/resume-foret-mail\/le-bout-du-tunnel-pour-la-ppa\/\",\"name\":\"Le bout du tunnel pour la PPA ? - For\u00eat.Nature\",\"isPartOf\":{\"@id\":\"https:\/\/foretnature.be\/en\/#website\"},\"datePublished\":\"2021-08-23T09:27:42+00:00\",\"dateModified\":\"2021-08-23T09:27:42+00:00\",\"breadcrumb\":{\"@id\":\"https:\/\/foretnature.be\/en\/resume-foret-mail\/le-bout-du-tunnel-pour-la-ppa\/#breadcrumb\"},\"inLanguage\":\"en-GB\",\"potentialAction\":[{\"@type\":\"ReadAction\",\"target\":[\"https:\/\/foretnature.be\/en\/resume-foret-mail\/le-bout-du-tunnel-pour-la-ppa\/\"]}]},{\"@type\":\"BreadcrumbList\",\"@id\":\"https:\/\/foretnature.be\/en\/resume-foret-mail\/le-bout-du-tunnel-pour-la-ppa\/#breadcrumb\",\"itemListElement\":[{\"@type\":\"ListItem\",\"position\":1,\"name\":\"Home\",\"item\":\"https:\/\/foretnature.be\/en\/\"},{\"@type\":\"ListItem\",\"position\":2,\"name\":\"Le bout du tunnel pour la PPA ?\"}]},{\"@type\":\"WebSite\",\"@id\":\"https:\/\/foretnature.be\/en\/#website\",\"url\":\"https:\/\/foretnature.be\/en\/\",\"name\":\"For\u00eat.Nature\",\"description\":\"Une \u00e9quipe technique au service de la for\u00eat\",\"publisher\":{\"@id\":\"https:\/\/foretnature.be\/en\/#organization\"},\"potentialAction\":[{\"@type\":\"SearchAction\",\"target\":{\"@type\":\"EntryPoint\",\"urlTemplate\":\"https:\/\/foretnature.be\/en\/?s={search_term_string}\"},\"query-input\":\"required name=search_term_string\"}],\"inLanguage\":\"en-GB\"},{\"@type\":\"Organization\",\"@id\":\"https:\/\/foretnature.be\/en\/#organization\",\"name\":\"For\u00eat.Nature\",\"url\":\"https:\/\/foretnature.be\/en\/\",\"logo\":{\"@type\":\"ImageObject\",\"inLanguage\":\"en-GB\",\"@id\":\"https:\/\/foretnature.be\/en\/#\/schema\/logo\/image\/\",\"url\":\"https:\/\/foretnature.be\/wp-content\/uploads\/2021\/01\/logoFOblanc.png\",\"contentUrl\":\"https:\/\/foretnature.be\/wp-content\/uploads\/2021\/01\/logoFOblanc.png\",\"width\":300,\"height\":151,\"caption\":\"For\u00eat.Nature\"},\"image\":{\"@id\":\"https:\/\/foretnature.be\/en\/#\/schema\/logo\/image\/\"}}]}<\/script>\n<!-- \/ Yoast SEO plugin. -->","yoast_head_json":{"title":"Le bout du tunnel pour la PPA ? - For\u00eat.Nature","robots":{"index":"index","follow":"follow","max-snippet":"max-snippet:-1","max-image-preview":"max-image-preview:large","max-video-preview":"max-video-preview:-1"},"canonical":"https:\/\/foretnature.be\/en\/resume-foret-mail\/le-bout-du-tunnel-pour-la-ppa\/","og_locale":"en_GB","og_type":"article","og_title":"Le bout du tunnel pour la PPA ? - For\u00eat.Nature","og_description":"La crise sanitaire de la peste porcine africaine n\u2019est d\u00e9sormais presque plus qu\u2019un mauvais souvenir pour la Wallonie. Le 27 octobre dernier, la Belgique a introduit une demande \u00e0 l\u2019Europe afin de r\u00e9cup\u00e9rer un statut \u00ab indemne \u00bb par rapport \u00e0 la PPA. La r\u00e9ponse de l\u2019Europe devrait arriver dans les semaines \u00e0 venir. M\u00eame [&hellip;]","og_url":"https:\/\/foretnature.be\/en\/resume-foret-mail\/le-bout-du-tunnel-pour-la-ppa\/","og_site_name":"For\u00eat.Nature","twitter_card":"summary_large_image","twitter_misc":{"Estimated reading time":"1 minute"},"schema":{"@context":"https:\/\/schema.org","@graph":[{"@type":"WebPage","@id":"https:\/\/foretnature.be\/en\/resume-foret-mail\/le-bout-du-tunnel-pour-la-ppa\/","url":"https:\/\/foretnature.be\/en\/resume-foret-mail\/le-bout-du-tunnel-pour-la-ppa\/","name":"Le bout du tunnel pour la PPA ? - For\u00eat.Nature","isPartOf":{"@id":"https:\/\/foretnature.be\/en\/#website"},"datePublished":"2021-08-23T09:27:42+00:00","dateModified":"2021-08-23T09:27:42+00:00","breadcrumb":{"@id":"https:\/\/foretnature.be\/en\/resume-foret-mail\/le-bout-du-tunnel-pour-la-ppa\/#breadcrumb"},"inLanguage":"en-GB","potentialAction":[{"@type":"ReadAction","target":["https:\/\/foretnature.be\/en\/resume-foret-mail\/le-bout-du-tunnel-pour-la-ppa\/"]}]},{"@type":"BreadcrumbList","@id":"https:\/\/foretnature.be\/en\/resume-foret-mail\/le-bout-du-tunnel-pour-la-ppa\/#breadcrumb","itemListElement":[{"@type":"ListItem","position":1,"name":"Home","item":"https:\/\/foretnature.be\/en\/"},{"@type":"ListItem","position":2,"name":"Le bout du tunnel pour la PPA ?"}]},{"@type":"WebSite","@id":"https:\/\/foretnature.be\/en\/#website","url":"https:\/\/foretnature.be\/en\/","name":"For\u00eat.Nature","description":"Une \u00e9quipe technique au service de la for\u00eat","publisher":{"@id":"https:\/\/foretnature.be\/en\/#organization"},"potentialAction":[{"@type":"SearchAction","target":{"@type":"EntryPoint","urlTemplate":"https:\/\/foretnature.be\/en\/?s={search_term_string}"},"query-input":"required name=search_term_string"}],"inLanguage":"en-GB"},{"@type":"Organization","@id":"https:\/\/foretnature.be\/en\/#organization","name":"For\u00eat.Nature","url":"https:\/\/foretnature.be\/en\/","logo":{"@type":"ImageObject","inLanguage":"en-GB","@id":"https:\/\/foretnature.be\/en\/#\/schema\/logo\/image\/","url":"https:\/\/foretnature.be\/wp-content\/uploads\/2021\/01\/logoFOblanc.png","contentUrl":"https:\/\/foretnature.be\/wp-content\/uploads\/2021\/01\/logoFOblanc.png","width":300,"height":151,"caption":"For\u00eat.Nature"},"image":{"@id":"https:\/\/foretnature.be\/en\/#\/schema\/logo\/image\/"}}]}},"_links":{"self":[{"href":"https:\/\/foretnature.be\/en\/wp-json\/wp\/v2\/resume-foret-mail\/33462"}],"collection":[{"href":"https:\/\/foretnature.be\/en\/wp-json\/wp\/v2\/resume-foret-mail"}],"about":[{"href":"https:\/\/foretnature.be\/en\/wp-json\/wp\/v2\/types\/resume-foret-mail"}],"version-history":[{"count":1,"href":"https:\/\/foretnature.be\/en\/wp-json\/wp\/v2\/resume-foret-mail\/33462\/revisions"}],"predecessor-version":[{"id":33463,"href":"https:\/\/foretnature.be\/en\/wp-json\/wp\/v2\/resume-foret-mail\/33462\/revisions\/33463"}],"wp:attachment":[{"href":"https:\/\/foretnature.be\/en\/wp-json\/wp\/v2\/media?parent=33462"}],"wp:term":[{"taxonomy":"category","embeddable":true,"href":"https:\/\/foretnature.be\/en\/wp-json\/wp\/v2\/categories?post=33462"}],"curies":[{"name":"wp","href":"https:\/\/api.w.org\/{rel}","templated":true}]}}

<p class="text-build-content" data-testid="gWKRLLieVq">La crise sanitaire de la peste porcine africaine n’est désormais presque plus qu’un mauvais souvenir pour la Wallonie. Le 27 octobre dernier, la Belgique a introduit une demande à l’Europe afin de récupérer un statut « indemne » par rapport à la PPA. La réponse de l’Europe devrait arriver dans les semaines à venir.</p>
<p class="text-build-content" data-testid="gWKRLLieVq">Même si la réponse est favorable, le retour à la normale se fera progressivement en restant alerte à tous nouveaux cas. Une série de mesures sera mise en place à cette fin. L’ensemble de ces mesures et des échéances est consultable sur le site web de la Ministre Tellier.</p>

<p>La crise sanitaire de la peste porcine africaine n’est désormais presque plus qu’un mauvais souvenir pour la Wallonie. Le 27 octobre dernier, la Belgique a introduit une demande à l’Europe afin de récupérer un statut « indemne » par rapport à la PPA. La réponse de l’Europe devrait arriver dans les semaines à venir. Même [&hellip;]</p>

<!-- This site is optimized with the Yoast SEO plugin v23.2 - https://yoast.com/wordpress/plugins/seo/ -->
<title>Le bout du tunnel pour la PPA ? - Forêt.Nature</title>
<meta name="robots" content="index, follow, max-snippet:-1, max-image-preview:large, max-video-preview:-1" />
<link rel="canonical" href="https://foretnature.be/en/resume-foret-mail/le-bout-du-tunnel-pour-la-ppa/" />
<meta property="og:locale" content="en_GB" />
<meta property="og:type" content="article" />
<meta property="og:title" content="Le bout du tunnel pour la PPA ? - Forêt.Nature" />
<meta property="og:description" content="La crise sanitaire de la peste porcine africaine n’est désormais presque plus qu’un mauvais souvenir pour la Wallonie. Le 27 octobre dernier, la Belgique a introduit une demande à l’Europe afin de récupérer un statut « indemne » par rapport à la PPA. La réponse de l’Europe devrait arriver dans les semaines à venir. Même [&hellip;]" />
<meta property="og:url" content="https://foretnature.be/en/resume-foret-mail/le-bout-du-tunnel-pour-la-ppa/" />
<meta property="og:site_name" content="Forêt.Nature" />
<meta name="twitter:card" content="summary_large_image" />
<meta name="twitter:label1" content="Estimated reading time" />
	<meta name="twitter:data1" content="1 minute" />
<script type="application/ld+json" class="yoast-schema-graph">{"@context":"https://schema.org","@graph":[{"@type":"WebPage","@id":"https://foretnature.be/en/resume-foret-mail/le-bout-du-tunnel-pour-la-ppa/","url":"https://foretnature.be/en/resume-foret-mail/le-bout-du-tunnel-pour-la-ppa/","name":"Le bout du tunnel pour la PPA ? - Forêt.Nature","isPartOf":{"@id":"https://foretnature.be/en/#website"},"datePublished":"2021-08-23T09:27:42+00:00","dateModified":"2021-08-23T09:27:42+00:00","breadcrumb":{"@id":"https://foretnature.be/en/resume-foret-mail/le-bout-du-tunnel-pour-la-ppa/#breadcrumb"},"inLanguage":"en-GB","potentialAction":[{"@type":"ReadAction","target":["https://foretnature.be/en/resume-foret-mail/le-bout-du-tunnel-pour-la-ppa/"]}]},{"@type":"BreadcrumbList","@id":"https://foretnature.be/en/resume-foret-mail/le-bout-du-tunnel-pour-la-ppa/#breadcrumb","itemListElement":[{"@type":"ListItem","position":1,"name":"Home","item":"https://foretnature.be/en/"},{"@type":"ListItem","position":2,"name":"Le bout du tunnel pour la PPA ?"}]},{"@type":"WebSite","@id":"https://foretnature.be/en/#website","url":"https://foretnature.be/en/","name":"Forêt.Nature","description":"Une équipe technique au service de la forêt","publisher":{"@id":"https://foretnature.be/en/#organization"},"potentialAction":[{"@type":"SearchAction","target":{"@type":"EntryPoint","urlTemplate":"https://foretnature.be/en/?s={search_term_string}"},"query-input":"required name=search_term_string"}],"inLanguage":"en-GB"},{"@type":"Organization","@id":"https://foretnature.be/en/#organization","name":"Forêt.Nature","url":"https://foretnature.be/en/","logo":{"@type":"ImageObject","inLanguage":"en-GB","@id":"https://foretnature.be/en/#/schema/logo/image/","url":"https://foretnature.be/wp-content/uploads/2021/01/logoFOblanc.png","contentUrl":"https://foretnature.be/wp-content/uploads/2021/01/logoFOblanc.png","width":300,"height":151,"caption":"Forêt.Nature"},"image":{"@id":"https://foretnature.be/en/#/schema/logo/image/"}}]}</script>
<!-- / Yoast SEO plugin. -->

Le bout du tunnel pour la PPA ? - Forêt.Nature

La crise sanitaire de la peste porcine africaine n’est désormais presque plus qu’un mauvais souvenir pour la Wallonie. Le 27 octobre dernier, la Belgique a introduit une demande à l’Europe afin de récupérer un statut « indemne » par rapport à la PPA. La réponse de l’Europe devrait arriver dans les semaines à venir. Même [&hellip;]

Forêt.Nature

Une équipe technique au service de la forêt
