{"id":33454,"date":"2021-08-23T11:22:22","date_gmt":"2021-08-23T09:22:22","guid":{"rendered":"https:\/\/foretnature.be\/?post_type=resume-foret-mail&#038;p=33454"},"modified":"2021-08-23T11:22:22","modified_gmt":"2021-08-23T09:22:22","slug":"fermeture-des-awirs-sans-certificats-verts-fini-lelectricite-aux-pellets","status":"publish","type":"resume-foret-mail","link":"https:\/\/foretnature.be\/en\/resume-foret-mail\/fermeture-des-awirs-sans-certificats-verts-fini-lelectricite-aux-pellets\/","title":{"rendered":"Fermeture des Awirs : sans certificats verts, fini l\u2019\u00e9lectricit\u00e9 aux pellets"},"content":{"rendered":"<p class=\"text-build-content\" data-testid=\"Q6k2B10d5b\">Lanc\u00e9e en 2005, la production d\u2019\u00e9lectricit\u00e9 \u00e0 base de pellets dans l\u2019unit\u00e9 4 de la centrale \u00e9lectrique des Awirs (\u00e0 Fl\u00e9malle, en r\u00e9gion li\u00e9geoise) \u00e9tait une premi\u00e8re mondiale \u00e0 l\u2019\u00e9poque. Cette unit\u00e9 de production au charbon avait \u00e9t\u00e9 modifi\u00e9e afin de pouvoir fonctionner avec des pellets pr\u00e9alablement broy\u00e9s et r\u00e9duits en poussi\u00e8re, ce qui lui permettait de s\u2019approvisionner en pellets \u00ab industriels \u00bb et non \u00ab domestiques \u00bb comme l\u2019exigent les po\u00eales et chaudi\u00e8res \u00e0 pellets. \u00c0 pleine puissance, la centrale des Awirs consommait 350 000 tonnes de pellets par an, livr\u00e9s par p\u00e9niches ou par camions. Au fil des ann\u00e9es, ces pellets industriels furent quasi exclusivement import\u00e9s d\u2019Am\u00e9rique du Nord, ce qui n\u2019alla pas sans crisper les producteurs locaux qui avaient investis dans des moyens de production cons\u00e9quents. Ces derniers furent oblig\u00e9s de s\u2019orienter vers une production de pellets de qualit\u00e9 \u00ab domestique \u00bb de plus haute valeur.<\/p>\n<p class=\"text-build-content\" data-testid=\"Q6k2B10d5b\">En 2005, Engie, l\u2019exploitant de la centrale, avait b\u00e9n\u00e9fici\u00e9 du syst\u00e8me de soutien \u00e0 la production d\u2019\u00e9lectricit\u00e9 de sources renouvelables en Wallonie, les \u00ab certificats verts \u00bb, pour une dur\u00e9e de 15 ans. Avec la fermeture de cette centrale \u00e0 pellets, la Wallonie perd une capacit\u00e9 de production de 500 GWh\/an d\u2019\u00e9lectricit\u00e9 verte (10 % de la production verte en Wallonie), soit l\u2019\u00e9quivalent de la consommation de plus de 142 000 m\u00e9nages.<\/p>","protected":false},"excerpt":{"rendered":"<p>Lanc\u00e9e en 2005, la production d\u2019\u00e9lectricit\u00e9 \u00e0 base de pellets dans l\u2019unit\u00e9 4 de la centrale \u00e9lectrique des Awirs (\u00e0 Fl\u00e9malle, en r\u00e9gion li\u00e9geoise) \u00e9tait une premi\u00e8re mondiale \u00e0 l\u2019\u00e9poque. Cette unit\u00e9 de production au charbon avait \u00e9t\u00e9 modifi\u00e9e afin de pouvoir fonctionner avec des pellets pr\u00e9alablement broy\u00e9s et r\u00e9duits en poussi\u00e8re, ce qui lui [&hellip;]<\/p>","protected":false},"featured_media":0,"template":"","categories":[50],"acf":[],"yoast_head":"<!-- This site is optimized with the Yoast SEO plugin v23.2 - https:\/\/yoast.com\/wordpress\/plugins\/seo\/ -->\n<title>Fermeture des Awirs : sans certificats verts, fini l\u2019\u00e9lectricit\u00e9 aux pellets - For\u00eat.Nature<\/title>\n<meta name=\"robots\" content=\"index, follow, max-snippet:-1, max-image-preview:large, max-video-preview:-1\" \/>\n<link rel=\"canonical\" href=\"https:\/\/foretnature.be\/en\/resume-foret-mail\/fermeture-des-awirs-sans-certificats-verts-fini-lelectricite-aux-pellets\/\" \/>\n<meta property=\"og:locale\" content=\"en_GB\" \/>\n<meta property=\"og:type\" content=\"article\" \/>\n<meta property=\"og:title\" content=\"Fermeture des Awirs : sans certificats verts, fini l\u2019\u00e9lectricit\u00e9 aux pellets - For\u00eat.Nature\" \/>\n<meta property=\"og:description\" content=\"Lanc\u00e9e en 2005, la production d\u2019\u00e9lectricit\u00e9 \u00e0 base de pellets dans l\u2019unit\u00e9 4 de la centrale \u00e9lectrique des Awirs (\u00e0 Fl\u00e9malle, en r\u00e9gion li\u00e9geoise) \u00e9tait une premi\u00e8re mondiale \u00e0 l\u2019\u00e9poque. Cette unit\u00e9 de production au charbon avait \u00e9t\u00e9 modifi\u00e9e afin de pouvoir fonctionner avec des pellets pr\u00e9alablement broy\u00e9s et r\u00e9duits en poussi\u00e8re, ce qui lui [&hellip;]\" \/>\n<meta property=\"og:url\" content=\"https:\/\/foretnature.be\/en\/resume-foret-mail\/fermeture-des-awirs-sans-certificats-verts-fini-lelectricite-aux-pellets\/\" \/>\n<meta property=\"og:site_name\" content=\"For\u00eat.Nature\" \/>\n<meta name=\"twitter:card\" content=\"summary_large_image\" \/>\n<meta name=\"twitter:label1\" content=\"Estimated reading time\" \/>\n\t<meta name=\"twitter:data1\" content=\"1 minute\" \/>\n<script type=\"application\/ld+json\" class=\"yoast-schema-graph\">{\"@context\":\"https:\/\/schema.org\",\"@graph\":[{\"@type\":\"WebPage\",\"@id\":\"https:\/\/foretnature.be\/resume-foret-mail\/fermeture-des-awirs-sans-certificats-verts-fini-lelectricite-aux-pellets\/\",\"url\":\"https:\/\/foretnature.be\/resume-foret-mail\/fermeture-des-awirs-sans-certificats-verts-fini-lelectricite-aux-pellets\/\",\"name\":\"Fermeture des Awirs : sans certificats verts, fini l\u2019\u00e9lectricit\u00e9 aux pellets - For\u00eat.Nature\",\"isPartOf\":{\"@id\":\"https:\/\/foretnature.be\/en\/#website\"},\"datePublished\":\"2021-08-23T09:22:22+00:00\",\"dateModified\":\"2021-08-23T09:22:22+00:00\",\"breadcrumb\":{\"@id\":\"https:\/\/foretnature.be\/resume-foret-mail\/fermeture-des-awirs-sans-certificats-verts-fini-lelectricite-aux-pellets\/#breadcrumb\"},\"inLanguage\":\"en-GB\",\"potentialAction\":[{\"@type\":\"ReadAction\",\"target\":[\"https:\/\/foretnature.be\/resume-foret-mail\/fermeture-des-awirs-sans-certificats-verts-fini-lelectricite-aux-pellets\/\"]}]},{\"@type\":\"BreadcrumbList\",\"@id\":\"https:\/\/foretnature.be\/resume-foret-mail\/fermeture-des-awirs-sans-certificats-verts-fini-lelectricite-aux-pellets\/#breadcrumb\",\"itemListElement\":[{\"@type\":\"ListItem\",\"position\":1,\"name\":\"Home\",\"item\":\"https:\/\/foretnature.be\/en\/\"},{\"@type\":\"ListItem\",\"position\":2,\"name\":\"Fermeture des Awirs : sans certificats verts, fini l\u2019\u00e9lectricit\u00e9 aux pellets\"}]},{\"@type\":\"WebSite\",\"@id\":\"https:\/\/foretnature.be\/en\/#website\",\"url\":\"https:\/\/foretnature.be\/en\/\",\"name\":\"For\u00eat.Nature\",\"description\":\"Une \u00e9quipe technique au service de la for\u00eat\",\"publisher\":{\"@id\":\"https:\/\/foretnature.be\/en\/#organization\"},\"potentialAction\":[{\"@type\":\"SearchAction\",\"target\":{\"@type\":\"EntryPoint\",\"urlTemplate\":\"https:\/\/foretnature.be\/en\/?s={search_term_string}\"},\"query-input\":\"required name=search_term_string\"}],\"inLanguage\":\"en-GB\"},{\"@type\":\"Organization\",\"@id\":\"https:\/\/foretnature.be\/en\/#organization\",\"name\":\"For\u00eat.Nature\",\"url\":\"https:\/\/foretnature.be\/en\/\",\"logo\":{\"@type\":\"ImageObject\",\"inLanguage\":\"en-GB\",\"@id\":\"https:\/\/foretnature.be\/en\/#\/schema\/logo\/image\/\",\"url\":\"https:\/\/foretnature.be\/wp-content\/uploads\/2021\/01\/logoFOblanc.png\",\"contentUrl\":\"https:\/\/foretnature.be\/wp-content\/uploads\/2021\/01\/logoFOblanc.png\",\"width\":300,\"height\":151,\"caption\":\"For\u00eat.Nature\"},\"image\":{\"@id\":\"https:\/\/foretnature.be\/en\/#\/schema\/logo\/image\/\"}}]}<\/script>\n<!-- \/ Yoast SEO plugin. -->","yoast_head_json":{"title":"Fermeture des Awirs : sans certificats verts, fini l\u2019\u00e9lectricit\u00e9 aux pellets - For\u00eat.Nature","robots":{"index":"index","follow":"follow","max-snippet":"max-snippet:-1","max-image-preview":"max-image-preview:large","max-video-preview":"max-video-preview:-1"},"canonical":"https:\/\/foretnature.be\/en\/resume-foret-mail\/fermeture-des-awirs-sans-certificats-verts-fini-lelectricite-aux-pellets\/","og_locale":"en_GB","og_type":"article","og_title":"Fermeture des Awirs : sans certificats verts, fini l\u2019\u00e9lectricit\u00e9 aux pellets - For\u00eat.Nature","og_description":"Lanc\u00e9e en 2005, la production d\u2019\u00e9lectricit\u00e9 \u00e0 base de pellets dans l\u2019unit\u00e9 4 de la centrale \u00e9lectrique des Awirs (\u00e0 Fl\u00e9malle, en r\u00e9gion li\u00e9geoise) \u00e9tait une premi\u00e8re mondiale \u00e0 l\u2019\u00e9poque. Cette unit\u00e9 de production au charbon avait \u00e9t\u00e9 modifi\u00e9e afin de pouvoir fonctionner avec des pellets pr\u00e9alablement broy\u00e9s et r\u00e9duits en poussi\u00e8re, ce qui lui [&hellip;]","og_url":"https:\/\/foretnature.be\/en\/resume-foret-mail\/fermeture-des-awirs-sans-certificats-verts-fini-lelectricite-aux-pellets\/","og_site_name":"For\u00eat.Nature","twitter_card":"summary_large_image","twitter_misc":{"Estimated reading time":"1 minute"},"schema":{"@context":"https:\/\/schema.org","@graph":[{"@type":"WebPage","@id":"https:\/\/foretnature.be\/resume-foret-mail\/fermeture-des-awirs-sans-certificats-verts-fini-lelectricite-aux-pellets\/","url":"https:\/\/foretnature.be\/resume-foret-mail\/fermeture-des-awirs-sans-certificats-verts-fini-lelectricite-aux-pellets\/","name":"Fermeture des Awirs : sans certificats verts, fini l\u2019\u00e9lectricit\u00e9 aux pellets - For\u00eat.Nature","isPartOf":{"@id":"https:\/\/foretnature.be\/en\/#website"},"datePublished":"2021-08-23T09:22:22+00:00","dateModified":"2021-08-23T09:22:22+00:00","breadcrumb":{"@id":"https:\/\/foretnature.be\/resume-foret-mail\/fermeture-des-awirs-sans-certificats-verts-fini-lelectricite-aux-pellets\/#breadcrumb"},"inLanguage":"en-GB","potentialAction":[{"@type":"ReadAction","target":["https:\/\/foretnature.be\/resume-foret-mail\/fermeture-des-awirs-sans-certificats-verts-fini-lelectricite-aux-pellets\/"]}]},{"@type":"BreadcrumbList","@id":"https:\/\/foretnature.be\/resume-foret-mail\/fermeture-des-awirs-sans-certificats-verts-fini-lelectricite-aux-pellets\/#breadcrumb","itemListElement":[{"@type":"ListItem","position":1,"name":"Home","item":"https:\/\/foretnature.be\/en\/"},{"@type":"ListItem","position":2,"name":"Fermeture des Awirs : sans certificats verts, fini l\u2019\u00e9lectricit\u00e9 aux pellets"}]},{"@type":"WebSite","@id":"https:\/\/foretnature.be\/en\/#website","url":"https:\/\/foretnature.be\/en\/","name":"For\u00eat.Nature","description":"Une \u00e9quipe technique au service de la for\u00eat","publisher":{"@id":"https:\/\/foretnature.be\/en\/#organization"},"potentialAction":[{"@type":"SearchAction","target":{"@type":"EntryPoint","urlTemplate":"https:\/\/foretnature.be\/en\/?s={search_term_string}"},"query-input":"required name=search_term_string"}],"inLanguage":"en-GB"},{"@type":"Organization","@id":"https:\/\/foretnature.be\/en\/#organization","name":"For\u00eat.Nature","url":"https:\/\/foretnature.be\/en\/","logo":{"@type":"ImageObject","inLanguage":"en-GB","@id":"https:\/\/foretnature.be\/en\/#\/schema\/logo\/image\/","url":"https:\/\/foretnature.be\/wp-content\/uploads\/2021\/01\/logoFOblanc.png","contentUrl":"https:\/\/foretnature.be\/wp-content\/uploads\/2021\/01\/logoFOblanc.png","width":300,"height":151,"caption":"For\u00eat.Nature"},"image":{"@id":"https:\/\/foretnature.be\/en\/#\/schema\/logo\/image\/"}}]}},"_links":{"self":[{"href":"https:\/\/foretnature.be\/en\/wp-json\/wp\/v2\/resume-foret-mail\/33454"}],"collection":[{"href":"https:\/\/foretnature.be\/en\/wp-json\/wp\/v2\/resume-foret-mail"}],"about":[{"href":"https:\/\/foretnature.be\/en\/wp-json\/wp\/v2\/types\/resume-foret-mail"}],"version-history":[{"count":1,"href":"https:\/\/foretnature.be\/en\/wp-json\/wp\/v2\/resume-foret-mail\/33454\/revisions"}],"predecessor-version":[{"id":33455,"href":"https:\/\/foretnature.be\/en\/wp-json\/wp\/v2\/resume-foret-mail\/33454\/revisions\/33455"}],"wp:attachment":[{"href":"https:\/\/foretnature.be\/en\/wp-json\/wp\/v2\/media?parent=33454"}],"wp:term":[{"taxonomy":"category","embeddable":true,"href":"https:\/\/foretnature.be\/en\/wp-json\/wp\/v2\/categories?post=33454"}],"curies":[{"name":"wp","href":"https:\/\/api.w.org\/{rel}","templated":true}]}}

Fermeture des Awirs : sans certificats verts, fini l’électricité aux pellets

<p class="text-build-content" data-testid="Q6k2B10d5b">Lancée en 2005, la production d’électricité à base de pellets dans l’unité 4 de la centrale électrique des Awirs (à Flémalle, en région liégeoise) était une première mondiale à l’époque. Cette unité de production au charbon avait été modifiée afin de pouvoir fonctionner avec des pellets préalablement broyés et réduits en poussière, ce qui lui permettait de s’approvisionner en pellets « industriels » et non « domestiques » comme l’exigent les poêles et chaudières à pellets. À pleine puissance, la centrale des Awirs consommait 350 000 tonnes de pellets par an, livrés par péniches ou par camions. Au fil des années, ces pellets industriels furent quasi exclusivement importés d’Amérique du Nord, ce qui n’alla pas sans crisper les producteurs locaux qui avaient investis dans des moyens de production conséquents. Ces derniers furent obligés de s’orienter vers une production de pellets de qualité « domestique » de plus haute valeur.</p>
<p class="text-build-content" data-testid="Q6k2B10d5b">En 2005, Engie, l’exploitant de la centrale, avait bénéficié du système de soutien à la production d’électricité de sources renouvelables en Wallonie, les « certificats verts », pour une durée de 15 ans. Avec la fermeture de cette centrale à pellets, la Wallonie perd une capacité de production de 500 GWh/an d’électricité verte (10 % de la production verte en Wallonie), soit l’équivalent de la consommation de plus de 142 000 ménages.</p>

<p>Lancée en 2005, la production d’électricité à base de pellets dans l’unité 4 de la centrale électrique des Awirs (à Flémalle, en région liégeoise) était une première mondiale à l’époque. Cette unité de production au charbon avait été modifiée afin de pouvoir fonctionner avec des pellets préalablement broyés et réduits en poussière, ce qui lui [&hellip;]</p>

<!-- This site is optimized with the Yoast SEO plugin v23.2 - https://yoast.com/wordpress/plugins/seo/ -->
<title>Fermeture des Awirs : sans certificats verts, fini l’électricité aux pellets - Forêt.Nature</title>
<meta name="robots" content="index, follow, max-snippet:-1, max-image-preview:large, max-video-preview:-1" />
<link rel="canonical" href="https://foretnature.be/en/resume-foret-mail/fermeture-des-awirs-sans-certificats-verts-fini-lelectricite-aux-pellets/" />
<meta property="og:locale" content="en_GB" />
<meta property="og:type" content="article" />
<meta property="og:title" content="Fermeture des Awirs : sans certificats verts, fini l’électricité aux pellets - Forêt.Nature" />
<meta property="og:description" content="Lancée en 2005, la production d’électricité à base de pellets dans l’unité 4 de la centrale électrique des Awirs (à Flémalle, en région liégeoise) était une première mondiale à l’époque. Cette unité de production au charbon avait été modifiée afin de pouvoir fonctionner avec des pellets préalablement broyés et réduits en poussière, ce qui lui [&hellip;]" />
<meta property="og:url" content="https://foretnature.be/en/resume-foret-mail/fermeture-des-awirs-sans-certificats-verts-fini-lelectricite-aux-pellets/" />
<meta property="og:site_name" content="Forêt.Nature" />
<meta name="twitter:card" content="summary_large_image" />
<meta name="twitter:label1" content="Estimated reading time" />
	<meta name="twitter:data1" content="1 minute" />
<script type="application/ld+json" class="yoast-schema-graph">{"@context":"https://schema.org","@graph":[{"@type":"WebPage","@id":"https://foretnature.be/resume-foret-mail/fermeture-des-awirs-sans-certificats-verts-fini-lelectricite-aux-pellets/","url":"https://foretnature.be/resume-foret-mail/fermeture-des-awirs-sans-certificats-verts-fini-lelectricite-aux-pellets/","name":"Fermeture des Awirs : sans certificats verts, fini l’électricité aux pellets - Forêt.Nature","isPartOf":{"@id":"https://foretnature.be/en/#website"},"datePublished":"2021-08-23T09:22:22+00:00","dateModified":"2021-08-23T09:22:22+00:00","breadcrumb":{"@id":"https://foretnature.be/resume-foret-mail/fermeture-des-awirs-sans-certificats-verts-fini-lelectricite-aux-pellets/#breadcrumb"},"inLanguage":"en-GB","potentialAction":[{"@type":"ReadAction","target":["https://foretnature.be/resume-foret-mail/fermeture-des-awirs-sans-certificats-verts-fini-lelectricite-aux-pellets/"]}]},{"@type":"BreadcrumbList","@id":"https://foretnature.be/resume-foret-mail/fermeture-des-awirs-sans-certificats-verts-fini-lelectricite-aux-pellets/#breadcrumb","itemListElement":[{"@type":"ListItem","position":1,"name":"Home","item":"https://foretnature.be/en/"},{"@type":"ListItem","position":2,"name":"Fermeture des Awirs : sans certificats verts, fini l’électricité aux pellets"}]},{"@type":"WebSite","@id":"https://foretnature.be/en/#website","url":"https://foretnature.be/en/","name":"Forêt.Nature","description":"Une équipe technique au service de la forêt","publisher":{"@id":"https://foretnature.be/en/#organization"},"potentialAction":[{"@type":"SearchAction","target":{"@type":"EntryPoint","urlTemplate":"https://foretnature.be/en/?s={search_term_string}"},"query-input":"required name=search_term_string"}],"inLanguage":"en-GB"},{"@type":"Organization","@id":"https://foretnature.be/en/#organization","name":"Forêt.Nature","url":"https://foretnature.be/en/","logo":{"@type":"ImageObject","inLanguage":"en-GB","@id":"https://foretnature.be/en/#/schema/logo/image/","url":"https://foretnature.be/wp-content/uploads/2021/01/logoFOblanc.png","contentUrl":"https://foretnature.be/wp-content/uploads/2021/01/logoFOblanc.png","width":300,"height":151,"caption":"Forêt.Nature"},"image":{"@id":"https://foretnature.be/en/#/schema/logo/image/"}}]}</script>
<!-- / Yoast SEO plugin. -->

Fermeture des Awirs : sans certificats verts, fini l’électricité aux pellets - Forêt.Nature

Lancée en 2005, la production d’électricité à base de pellets dans l’unité 4 de la centrale électrique des Awirs (à Flémalle, en région liégeoise) était une première mondiale à l’époque. Cette unité de production au charbon avait été modifiée afin de pouvoir fonctionner avec des pellets préalablement broyés et réduits en poussière, ce qui lui [&hellip;]

Forêt.Nature

Une équipe technique au service de la forêt
