{"id":32965,"date":"2021-06-03T10:37:46","date_gmt":"2021-06-03T08:37:46","guid":{"rendered":"https:\/\/gjkkadksm.preview.infomaniak.website\/?post_type=resume-foret-mail&#038;p=32965"},"modified":"2021-06-03T10:37:46","modified_gmt":"2021-06-03T08:37:46","slug":"peuplements-melanges-de-chenes-sessile-et-pins-sylvestre-quels-atouts-face-aux-changements-climatiques","status":"publish","type":"resume-foret-mail","link":"https:\/\/foretnature.be\/en\/resume-foret-mail\/peuplements-melanges-de-chenes-sessile-et-pins-sylvestre-quels-atouts-face-aux-changements-climatiques\/","title":{"rendered":"Peuplements m\u00e9lang\u00e9s de ch\u00eanes sessile et pins sylvestre : quels atouts face aux changements climatiques ?"},"content":{"rendered":"<p class=\"text-build-content\" data-testid=\"PZFQT9T3_T\">Pour faire face aux changements climatiques, les gestionnaires forestiers envisagent plusieurs solutions sylvicoles, parmi lesquelles le m\u00e9lange des essences et la diminution de la densit\u00e9 de tiges. Dans ce cadre, une th\u00e8se de doctorat a identifi\u00e9 les diff\u00e9rentes r\u00e9actions aux \u00e9v\u00e8nements extr\u00eames (notamment les s\u00e9cheresses estivales) des peuplements m\u00e9lang\u00e9s de ch\u00eanes sessiles et de pins sylvestres. La zone d\u2019\u00e9tude est situ\u00e9e en for\u00eat d\u2019Orl\u00e9ans (France).<\/p>\n<p class=\"text-build-content\" data-testid=\"PZFQT9T3_T\">Les r\u00e9sultats de l\u2019\u00e9tude montrent que la croissance radiale des individus est affect\u00e9e diff\u00e9remment par la sylviculture selon les essences en pr\u00e9sence. Le ch\u00eane sessile poss\u00e8de une r\u00e9sistance au stress estival plus importante en m\u00e9lange que dans sa monoculture. \u00c0 l\u2019inverse, la r\u00e9sistance du pin est plus faible en m\u00e9lange que dans sa monoculture. La densit\u00e9 du peuplement ne modifie pas la r\u00e9sistance de ces deux essences.<\/p>\n<p class=\"text-build-content\" data-testid=\"PZFQT9T3_T\">Au niveau des ressources en eau, les deux essences pr\u00e9l\u00e8vent majoritairement dans les horizons proches de la surface en monoculture. Alors qu\u2019il y a une compl\u00e9mentarit\u00e9 partielle entre les deux essences en peuplements m\u00e9lang\u00e9s, les ch\u00eanes descendent majoritairement dans les horizons plus profonds (30-45 cm) et les pins restent dans les horizons plus superficiels. Cette compl\u00e9mentarit\u00e9 semble diminuer le stress subi par les ch\u00eanes en m\u00e9lange mais aucun effet n\u2019est r\u00e9v\u00e9l\u00e9 sur le pin.<\/p>\n<p class=\"text-build-content\" data-testid=\"PZFQT9T3_T\">Les r\u00e9sultats montrent qu\u2019il est n\u00e9cessaire de prendre en compte la physiologie des essences sur l\u2019utilisation de l\u2019eau, relativement les unes par rapport aux autres, afin de pouvoir mettre en place le meilleur compromis possible entre la productivit\u00e9 et la diminution des risques li\u00e9s \u00e0 la s\u00e9cheresse.<\/p>","protected":false},"excerpt":{"rendered":"<p>Pour faire face aux changements climatiques, les gestionnaires forestiers envisagent plusieurs solutions sylvicoles, parmi lesquelles le m\u00e9lange des essences et la diminution de la densit\u00e9 de tiges. Dans ce cadre, une th\u00e8se de doctorat a identifi\u00e9 les diff\u00e9rentes r\u00e9actions aux \u00e9v\u00e8nements extr\u00eames (notamment les s\u00e9cheresses estivales) des peuplements m\u00e9lang\u00e9s de ch\u00eanes sessiles et de pins [&hellip;]<\/p>","protected":false},"featured_media":0,"template":"","categories":[50],"acf":[],"yoast_head":"<!-- This site is optimized with the Yoast SEO plugin v23.2 - https:\/\/yoast.com\/wordpress\/plugins\/seo\/ -->\n<title>Peuplements m\u00e9lang\u00e9s de ch\u00eanes sessile et pins sylvestre : quels atouts face aux changements climatiques ? - For\u00eat.Nature<\/title>\n<meta name=\"robots\" content=\"index, follow, max-snippet:-1, max-image-preview:large, max-video-preview:-1\" \/>\n<link rel=\"canonical\" href=\"https:\/\/foretnature.be\/en\/resume-foret-mail\/peuplements-melanges-de-chenes-sessile-et-pins-sylvestre-quels-atouts-face-aux-changements-climatiques\/\" \/>\n<meta property=\"og:locale\" content=\"en_GB\" \/>\n<meta property=\"og:type\" content=\"article\" \/>\n<meta property=\"og:title\" content=\"Peuplements m\u00e9lang\u00e9s de ch\u00eanes sessile et pins sylvestre : quels atouts face aux changements climatiques ? - For\u00eat.Nature\" \/>\n<meta property=\"og:description\" content=\"Pour faire face aux changements climatiques, les gestionnaires forestiers envisagent plusieurs solutions sylvicoles, parmi lesquelles le m\u00e9lange des essences et la diminution de la densit\u00e9 de tiges. Dans ce cadre, une th\u00e8se de doctorat a identifi\u00e9 les diff\u00e9rentes r\u00e9actions aux \u00e9v\u00e8nements extr\u00eames (notamment les s\u00e9cheresses estivales) des peuplements m\u00e9lang\u00e9s de ch\u00eanes sessiles et de pins [&hellip;]\" \/>\n<meta property=\"og:url\" content=\"https:\/\/foretnature.be\/en\/resume-foret-mail\/peuplements-melanges-de-chenes-sessile-et-pins-sylvestre-quels-atouts-face-aux-changements-climatiques\/\" \/>\n<meta property=\"og:site_name\" content=\"For\u00eat.Nature\" \/>\n<meta name=\"twitter:card\" content=\"summary_large_image\" \/>\n<meta name=\"twitter:label1\" content=\"Estimated reading time\" \/>\n\t<meta name=\"twitter:data1\" content=\"2 minutes\" \/>\n<script type=\"application\/ld+json\" class=\"yoast-schema-graph\">{\"@context\":\"https:\/\/schema.org\",\"@graph\":[{\"@type\":\"WebPage\",\"@id\":\"https:\/\/foretnature.be\/en\/resume-foret-mail\/peuplements-melanges-de-chenes-sessile-et-pins-sylvestre-quels-atouts-face-aux-changements-climatiques\/\",\"url\":\"https:\/\/foretnature.be\/en\/resume-foret-mail\/peuplements-melanges-de-chenes-sessile-et-pins-sylvestre-quels-atouts-face-aux-changements-climatiques\/\",\"name\":\"Peuplements m\u00e9lang\u00e9s de ch\u00eanes sessile et pins sylvestre : quels atouts face aux changements climatiques ? - For\u00eat.Nature\",\"isPartOf\":{\"@id\":\"https:\/\/foretnature.be\/en\/#website\"},\"datePublished\":\"2021-06-03T08:37:46+00:00\",\"dateModified\":\"2021-06-03T08:37:46+00:00\",\"breadcrumb\":{\"@id\":\"https:\/\/foretnature.be\/en\/resume-foret-mail\/peuplements-melanges-de-chenes-sessile-et-pins-sylvestre-quels-atouts-face-aux-changements-climatiques\/#breadcrumb\"},\"inLanguage\":\"en-GB\",\"potentialAction\":[{\"@type\":\"ReadAction\",\"target\":[\"https:\/\/foretnature.be\/en\/resume-foret-mail\/peuplements-melanges-de-chenes-sessile-et-pins-sylvestre-quels-atouts-face-aux-changements-climatiques\/\"]}]},{\"@type\":\"BreadcrumbList\",\"@id\":\"https:\/\/foretnature.be\/en\/resume-foret-mail\/peuplements-melanges-de-chenes-sessile-et-pins-sylvestre-quels-atouts-face-aux-changements-climatiques\/#breadcrumb\",\"itemListElement\":[{\"@type\":\"ListItem\",\"position\":1,\"name\":\"Home\",\"item\":\"https:\/\/foretnature.be\/en\/\"},{\"@type\":\"ListItem\",\"position\":2,\"name\":\"Peuplements m\u00e9lang\u00e9s de ch\u00eanes sessile et pins sylvestre : quels atouts face aux changements climatiques ?\"}]},{\"@type\":\"WebSite\",\"@id\":\"https:\/\/foretnature.be\/en\/#website\",\"url\":\"https:\/\/foretnature.be\/en\/\",\"name\":\"For\u00eat.Nature\",\"description\":\"Une \u00e9quipe technique au service de la for\u00eat\",\"publisher\":{\"@id\":\"https:\/\/foretnature.be\/en\/#organization\"},\"potentialAction\":[{\"@type\":\"SearchAction\",\"target\":{\"@type\":\"EntryPoint\",\"urlTemplate\":\"https:\/\/foretnature.be\/en\/?s={search_term_string}\"},\"query-input\":\"required name=search_term_string\"}],\"inLanguage\":\"en-GB\"},{\"@type\":\"Organization\",\"@id\":\"https:\/\/foretnature.be\/en\/#organization\",\"name\":\"For\u00eat.Nature\",\"url\":\"https:\/\/foretnature.be\/en\/\",\"logo\":{\"@type\":\"ImageObject\",\"inLanguage\":\"en-GB\",\"@id\":\"https:\/\/foretnature.be\/en\/#\/schema\/logo\/image\/\",\"url\":\"https:\/\/foretnature.be\/wp-content\/uploads\/2021\/01\/logoFOblanc.png\",\"contentUrl\":\"https:\/\/foretnature.be\/wp-content\/uploads\/2021\/01\/logoFOblanc.png\",\"width\":300,\"height\":151,\"caption\":\"For\u00eat.Nature\"},\"image\":{\"@id\":\"https:\/\/foretnature.be\/en\/#\/schema\/logo\/image\/\"}}]}<\/script>\n<!-- \/ Yoast SEO plugin. -->","yoast_head_json":{"title":"Peuplements m\u00e9lang\u00e9s de ch\u00eanes sessile et pins sylvestre : quels atouts face aux changements climatiques ? - For\u00eat.Nature","robots":{"index":"index","follow":"follow","max-snippet":"max-snippet:-1","max-image-preview":"max-image-preview:large","max-video-preview":"max-video-preview:-1"},"canonical":"https:\/\/foretnature.be\/en\/resume-foret-mail\/peuplements-melanges-de-chenes-sessile-et-pins-sylvestre-quels-atouts-face-aux-changements-climatiques\/","og_locale":"en_GB","og_type":"article","og_title":"Peuplements m\u00e9lang\u00e9s de ch\u00eanes sessile et pins sylvestre : quels atouts face aux changements climatiques ? - For\u00eat.Nature","og_description":"Pour faire face aux changements climatiques, les gestionnaires forestiers envisagent plusieurs solutions sylvicoles, parmi lesquelles le m\u00e9lange des essences et la diminution de la densit\u00e9 de tiges. Dans ce cadre, une th\u00e8se de doctorat a identifi\u00e9 les diff\u00e9rentes r\u00e9actions aux \u00e9v\u00e8nements extr\u00eames (notamment les s\u00e9cheresses estivales) des peuplements m\u00e9lang\u00e9s de ch\u00eanes sessiles et de pins [&hellip;]","og_url":"https:\/\/foretnature.be\/en\/resume-foret-mail\/peuplements-melanges-de-chenes-sessile-et-pins-sylvestre-quels-atouts-face-aux-changements-climatiques\/","og_site_name":"For\u00eat.Nature","twitter_card":"summary_large_image","twitter_misc":{"Estimated reading time":"2 minutes"},"schema":{"@context":"https:\/\/schema.org","@graph":[{"@type":"WebPage","@id":"https:\/\/foretnature.be\/en\/resume-foret-mail\/peuplements-melanges-de-chenes-sessile-et-pins-sylvestre-quels-atouts-face-aux-changements-climatiques\/","url":"https:\/\/foretnature.be\/en\/resume-foret-mail\/peuplements-melanges-de-chenes-sessile-et-pins-sylvestre-quels-atouts-face-aux-changements-climatiques\/","name":"Peuplements m\u00e9lang\u00e9s de ch\u00eanes sessile et pins sylvestre : quels atouts face aux changements climatiques ? - For\u00eat.Nature","isPartOf":{"@id":"https:\/\/foretnature.be\/en\/#website"},"datePublished":"2021-06-03T08:37:46+00:00","dateModified":"2021-06-03T08:37:46+00:00","breadcrumb":{"@id":"https:\/\/foretnature.be\/en\/resume-foret-mail\/peuplements-melanges-de-chenes-sessile-et-pins-sylvestre-quels-atouts-face-aux-changements-climatiques\/#breadcrumb"},"inLanguage":"en-GB","potentialAction":[{"@type":"ReadAction","target":["https:\/\/foretnature.be\/en\/resume-foret-mail\/peuplements-melanges-de-chenes-sessile-et-pins-sylvestre-quels-atouts-face-aux-changements-climatiques\/"]}]},{"@type":"BreadcrumbList","@id":"https:\/\/foretnature.be\/en\/resume-foret-mail\/peuplements-melanges-de-chenes-sessile-et-pins-sylvestre-quels-atouts-face-aux-changements-climatiques\/#breadcrumb","itemListElement":[{"@type":"ListItem","position":1,"name":"Home","item":"https:\/\/foretnature.be\/en\/"},{"@type":"ListItem","position":2,"name":"Peuplements m\u00e9lang\u00e9s de ch\u00eanes sessile et pins sylvestre : quels atouts face aux changements climatiques ?"}]},{"@type":"WebSite","@id":"https:\/\/foretnature.be\/en\/#website","url":"https:\/\/foretnature.be\/en\/","name":"For\u00eat.Nature","description":"Une \u00e9quipe technique au service de la for\u00eat","publisher":{"@id":"https:\/\/foretnature.be\/en\/#organization"},"potentialAction":[{"@type":"SearchAction","target":{"@type":"EntryPoint","urlTemplate":"https:\/\/foretnature.be\/en\/?s={search_term_string}"},"query-input":"required name=search_term_string"}],"inLanguage":"en-GB"},{"@type":"Organization","@id":"https:\/\/foretnature.be\/en\/#organization","name":"For\u00eat.Nature","url":"https:\/\/foretnature.be\/en\/","logo":{"@type":"ImageObject","inLanguage":"en-GB","@id":"https:\/\/foretnature.be\/en\/#\/schema\/logo\/image\/","url":"https:\/\/foretnature.be\/wp-content\/uploads\/2021\/01\/logoFOblanc.png","contentUrl":"https:\/\/foretnature.be\/wp-content\/uploads\/2021\/01\/logoFOblanc.png","width":300,"height":151,"caption":"For\u00eat.Nature"},"image":{"@id":"https:\/\/foretnature.be\/en\/#\/schema\/logo\/image\/"}}]}},"_links":{"self":[{"href":"https:\/\/foretnature.be\/en\/wp-json\/wp\/v2\/resume-foret-mail\/32965"}],"collection":[{"href":"https:\/\/foretnature.be\/en\/wp-json\/wp\/v2\/resume-foret-mail"}],"about":[{"href":"https:\/\/foretnature.be\/en\/wp-json\/wp\/v2\/types\/resume-foret-mail"}],"version-history":[{"count":1,"href":"https:\/\/foretnature.be\/en\/wp-json\/wp\/v2\/resume-foret-mail\/32965\/revisions"}],"predecessor-version":[{"id":32966,"href":"https:\/\/foretnature.be\/en\/wp-json\/wp\/v2\/resume-foret-mail\/32965\/revisions\/32966"}],"wp:attachment":[{"href":"https:\/\/foretnature.be\/en\/wp-json\/wp\/v2\/media?parent=32965"}],"wp:term":[{"taxonomy":"category","embeddable":true,"href":"https:\/\/foretnature.be\/en\/wp-json\/wp\/v2\/categories?post=32965"}],"curies":[{"name":"wp","href":"https:\/\/api.w.org\/{rel}","templated":true}]}}

Peuplements mélangés de chênes sessile et pins sylvestre : quels atouts face aux changements climatiques ?

<p class="text-build-content" data-testid="PZFQT9T3_T">Pour faire face aux changements climatiques, les gestionnaires forestiers envisagent plusieurs solutions sylvicoles, parmi lesquelles le mélange des essences et la diminution de la densité de tiges. Dans ce cadre, une thèse de doctorat a identifié les différentes réactions aux évènements extrêmes (notamment les sécheresses estivales) des peuplements mélangés de chênes sessiles et de pins sylvestres. La zone d’étude est située en forêt d’Orléans (France).</p>
<p class="text-build-content" data-testid="PZFQT9T3_T">Les résultats de l’étude montrent que la croissance radiale des individus est affectée différemment par la sylviculture selon les essences en présence. Le chêne sessile possède une résistance au stress estival plus importante en mélange que dans sa monoculture. À l’inverse, la résistance du pin est plus faible en mélange que dans sa monoculture. La densité du peuplement ne modifie pas la résistance de ces deux essences.</p>
<p class="text-build-content" data-testid="PZFQT9T3_T">Au niveau des ressources en eau, les deux essences prélèvent majoritairement dans les horizons proches de la surface en monoculture. Alors qu’il y a une complémentarité partielle entre les deux essences en peuplements mélangés, les chênes descendent majoritairement dans les horizons plus profonds (30-45 cm) et les pins restent dans les horizons plus superficiels. Cette complémentarité semble diminuer le stress subi par les chênes en mélange mais aucun effet n’est révélé sur le pin.</p>
<p class="text-build-content" data-testid="PZFQT9T3_T">Les résultats montrent qu’il est nécessaire de prendre en compte la physiologie des essences sur l’utilisation de l’eau, relativement les unes par rapport aux autres, afin de pouvoir mettre en place le meilleur compromis possible entre la productivité et la diminution des risques liés à la sécheresse.</p>

<p>Pour faire face aux changements climatiques, les gestionnaires forestiers envisagent plusieurs solutions sylvicoles, parmi lesquelles le mélange des essences et la diminution de la densité de tiges. Dans ce cadre, une thèse de doctorat a identifié les différentes réactions aux évènements extrêmes (notamment les sécheresses estivales) des peuplements mélangés de chênes sessiles et de pins [&hellip;]</p>

<!-- This site is optimized with the Yoast SEO plugin v23.2 - https://yoast.com/wordpress/plugins/seo/ -->
<title>Peuplements mélangés de chênes sessile et pins sylvestre : quels atouts face aux changements climatiques ? - Forêt.Nature</title>
<meta name="robots" content="index, follow, max-snippet:-1, max-image-preview:large, max-video-preview:-1" />
<link rel="canonical" href="https://foretnature.be/en/resume-foret-mail/peuplements-melanges-de-chenes-sessile-et-pins-sylvestre-quels-atouts-face-aux-changements-climatiques/" />
<meta property="og:locale" content="en_GB" />
<meta property="og:type" content="article" />
<meta property="og:title" content="Peuplements mélangés de chênes sessile et pins sylvestre : quels atouts face aux changements climatiques ? - Forêt.Nature" />
<meta property="og:description" content="Pour faire face aux changements climatiques, les gestionnaires forestiers envisagent plusieurs solutions sylvicoles, parmi lesquelles le mélange des essences et la diminution de la densité de tiges. Dans ce cadre, une thèse de doctorat a identifié les différentes réactions aux évènements extrêmes (notamment les sécheresses estivales) des peuplements mélangés de chênes sessiles et de pins [&hellip;]" />
<meta property="og:url" content="https://foretnature.be/en/resume-foret-mail/peuplements-melanges-de-chenes-sessile-et-pins-sylvestre-quels-atouts-face-aux-changements-climatiques/" />
<meta property="og:site_name" content="Forêt.Nature" />
<meta name="twitter:card" content="summary_large_image" />
<meta name="twitter:label1" content="Estimated reading time" />
	<meta name="twitter:data1" content="2 minutes" />
<script type="application/ld+json" class="yoast-schema-graph">{"@context":"https://schema.org","@graph":[{"@type":"WebPage","@id":"https://foretnature.be/en/resume-foret-mail/peuplements-melanges-de-chenes-sessile-et-pins-sylvestre-quels-atouts-face-aux-changements-climatiques/","url":"https://foretnature.be/en/resume-foret-mail/peuplements-melanges-de-chenes-sessile-et-pins-sylvestre-quels-atouts-face-aux-changements-climatiques/","name":"Peuplements mélangés de chênes sessile et pins sylvestre : quels atouts face aux changements climatiques ? - Forêt.Nature","isPartOf":{"@id":"https://foretnature.be/en/#website"},"datePublished":"2021-06-03T08:37:46+00:00","dateModified":"2021-06-03T08:37:46+00:00","breadcrumb":{"@id":"https://foretnature.be/en/resume-foret-mail/peuplements-melanges-de-chenes-sessile-et-pins-sylvestre-quels-atouts-face-aux-changements-climatiques/#breadcrumb"},"inLanguage":"en-GB","potentialAction":[{"@type":"ReadAction","target":["https://foretnature.be/en/resume-foret-mail/peuplements-melanges-de-chenes-sessile-et-pins-sylvestre-quels-atouts-face-aux-changements-climatiques/"]}]},{"@type":"BreadcrumbList","@id":"https://foretnature.be/en/resume-foret-mail/peuplements-melanges-de-chenes-sessile-et-pins-sylvestre-quels-atouts-face-aux-changements-climatiques/#breadcrumb","itemListElement":[{"@type":"ListItem","position":1,"name":"Home","item":"https://foretnature.be/en/"},{"@type":"ListItem","position":2,"name":"Peuplements mélangés de chênes sessile et pins sylvestre : quels atouts face aux changements climatiques ?"}]},{"@type":"WebSite","@id":"https://foretnature.be/en/#website","url":"https://foretnature.be/en/","name":"Forêt.Nature","description":"Une équipe technique au service de la forêt","publisher":{"@id":"https://foretnature.be/en/#organization"},"potentialAction":[{"@type":"SearchAction","target":{"@type":"EntryPoint","urlTemplate":"https://foretnature.be/en/?s={search_term_string}"},"query-input":"required name=search_term_string"}],"inLanguage":"en-GB"},{"@type":"Organization","@id":"https://foretnature.be/en/#organization","name":"Forêt.Nature","url":"https://foretnature.be/en/","logo":{"@type":"ImageObject","inLanguage":"en-GB","@id":"https://foretnature.be/en/#/schema/logo/image/","url":"https://foretnature.be/wp-content/uploads/2021/01/logoFOblanc.png","contentUrl":"https://foretnature.be/wp-content/uploads/2021/01/logoFOblanc.png","width":300,"height":151,"caption":"Forêt.Nature"},"image":{"@id":"https://foretnature.be/en/#/schema/logo/image/"}}]}</script>
<!-- / Yoast SEO plugin. -->

Peuplements mélangés de chênes sessile et pins sylvestre : quels atouts face aux changements climatiques ? - Forêt.Nature

Pour faire face aux changements climatiques, les gestionnaires forestiers envisagent plusieurs solutions sylvicoles, parmi lesquelles le mélange des essences et la diminution de la densité de tiges. Dans ce cadre, une thèse de doctorat a identifié les différentes réactions aux évènements extrêmes (notamment les sécheresses estivales) des peuplements mélangés de chênes sessiles et de pins [&hellip;]

Forêt.Nature

Une équipe technique au service de la forêt
