{"id":38175,"date":"2022-11-28T11:43:28","date_gmt":"2022-11-28T10:43:28","guid":{"rendered":"https:\/\/foretnature.be\/?post_type=evenement&#038;p=38175"},"modified":"2023-03-02T12:09:47","modified_gmt":"2023-03-02T11:09:47","slug":"adapter-notre-gestion-forestiere-pour-des-forets-plus-resilientes-face-aux-changements-climatiques","status":"publish","type":"evenement","link":"https:\/\/foretnature.be\/en\/evenement\/adapter-notre-gestion-forestiere-pour-des-forets-plus-resilientes-face-aux-changements-climatiques\/","title":{"rendered":"Adapter notre gestion foresti\u00e8re pour des for\u00eats plus r\u00e9silientes face aux changements climatiques"},"content":{"rendered":"<div data-elementor-type=\"wp-post\" data-elementor-id=\"38175\" class=\"elementor elementor-38175\" data-elementor-post-type=\"evenement\">\n\t\t\t\t\t\t<section class=\"elementor-section elementor-top-section elementor-element elementor-element-41bd9a3 elementor-section-boxed elementor-section-height-default elementor-section-height-default\" data-id=\"41bd9a3\" data-element_type=\"section\" data-e-type=\"section\">\n\t\t\t\t\t\t<div class=\"elementor-container elementor-column-gap-default\">\n\t\t\t\t\t<div class=\"elementor-column elementor-col-100 elementor-top-column elementor-element elementor-element-0c7b8c0\" data-id=\"0c7b8c0\" data-element_type=\"column\" data-e-type=\"column\">\n\t\t\t<div class=\"elementor-widget-wrap elementor-element-populated\">\n\t\t\t\t\t\t<div class=\"elementor-element elementor-element-72339c3 elementor-widget elementor-widget-video\" data-id=\"72339c3\" data-element_type=\"widget\" data-e-type=\"widget\" data-settings=\"{&quot;youtube_url&quot;:&quot;https:\\\/\\\/youtu.be\\\/2P9ZRPK4ey4&quot;,&quot;video_type&quot;:&quot;youtube&quot;,&quot;controls&quot;:&quot;yes&quot;}\" data-widget_type=\"video.default\">\n\t\t\t\t<div class=\"elementor-widget-container\">\n\t\t\t\t\t\t\t<div class=\"elementor-wrapper elementor-open-inline\">\n\t\t\t<div class=\"elementor-video\"><\/div>\t\t<\/div>\n\t\t\t\t\t\t<\/div>\n\t\t\t\t<\/div>\n\t\t\t\t\t<\/div>\n\t\t<\/div>\n\t\t\t\t\t<\/div>\n\t\t<\/section>\n\t\t\t\t<\/div>","protected":false},"excerpt":{"rendered":"","protected":false},"featured_media":38032,"template":"","categories":[57],"class_list":["post-38175","evenement","type-evenement","status-publish","has-post-thumbnail","hentry","category-evenement"],"acf":[],"_links":{"self":[{"href":"https:\/\/foretnature.be\/en\/wp-json\/wp\/v2\/evenement\/38175","targetHints":{"allow":["GET"]}}],"collection":[{"href":"https:\/\/foretnature.be\/en\/wp-json\/wp\/v2\/evenement"}],"about":[{"href":"https:\/\/foretnature.be\/en\/wp-json\/wp\/v2\/types\/evenement"}],"version-history":[{"count":9,"href":"https:\/\/foretnature.be\/en\/wp-json\/wp\/v2\/evenement\/38175\/revisions"}],"predecessor-version":[{"id":38900,"href":"https:\/\/foretnature.be\/en\/wp-json\/wp\/v2\/evenement\/38175\/revisions\/38900"}],"wp:attachment":[{"href":"https:\/\/foretnature.be\/en\/wp-json\/wp\/v2\/media?parent=38175"}],"wp:term":[{"taxonomy":"category","embeddable":true,"href":"https:\/\/foretnature.be\/en\/wp-json\/wp\/v2\/categories?post=38175"}],"curies":[{"name":"wp","href":"https:\/\/api.w.org\/{rel}","templated":true}]}}

Adapter notre gestion forestière pour des forêts plus résilientes face aux changements climatiques
