{"id":46270,"date":"2026-02-19T09:26:27","date_gmt":"2026-02-19T08:26:27","guid":{"rendered":"https:\/\/foretnature.be\/?post_type=bibliotheque&#038;p=46270"},"modified":"2026-02-19T09:26:27","modified_gmt":"2026-02-19T08:26:27","slug":"le-pas-japonais-concept-pour-une-gestion-integrative-des-forets-en-vue-de-la-conservation-de-la-biodiversite","status":"publish","type":"bibliotheque","link":"https:\/\/foretnature.be\/en\/bibliotheque\/le-pas-japonais-concept-pour-une-gestion-integrative-des-forets-en-vue-de-la-conservation-de-la-biodiversite\/","title":{"rendered":"Le \u00ab\u00a0Pas Japonais\u00a0\u00bb. Concept pour une gestion int\u00e9grative des for\u00eats en vue de la conservation de la biodiversit\u00e9"},"content":{"rendered":"","protected":false},"excerpt":{"rendered":"","protected":false},"featured_media":0,"template":"","categories":[51],"tags":[],"class_list":["post-46270","bibliotheque","type-bibliotheque","status-publish","hentry","category-bibliotheque"],"acf":[],"_links":{"self":[{"href":"https:\/\/foretnature.be\/en\/wp-json\/wp\/v2\/bibliotheque\/46270","targetHints":{"allow":["GET"]}}],"collection":[{"href":"https:\/\/foretnature.be\/en\/wp-json\/wp\/v2\/bibliotheque"}],"about":[{"href":"https:\/\/foretnature.be\/en\/wp-json\/wp\/v2\/types\/bibliotheque"}],"wp:attachment":[{"href":"https:\/\/foretnature.be\/en\/wp-json\/wp\/v2\/media?parent=46270"}],"wp:term":[{"taxonomy":"category","embeddable":true,"href":"https:\/\/foretnature.be\/en\/wp-json\/wp\/v2\/categories?post=46270"},{"taxonomy":"post_tag","embeddable":true,"href":"https:\/\/foretnature.be\/en\/wp-json\/wp\/v2\/tags?post=46270"}],"curies":[{"name":"wp","href":"https:\/\/api.w.org\/{rel}","templated":true}]}}

Le « Pas Japonais ». Concept pour une gestion intégrative des forêts en vue de la conservation de la biodiversité
