{"id":45981,"date":"2025-11-13T16:51:29","date_gmt":"2025-11-13T15:51:29","guid":{"rendered":"https:\/\/foretnature.be\/?post_type=bibliotheque&#038;p=45981"},"modified":"2025-11-13T16:51:29","modified_gmt":"2025-11-13T15:51:29","slug":"qd-une-autre-gestion-de-la-foret-basee-sur-la-qualite-les-cycles-naturels-et-a-moindre-cout","status":"publish","type":"bibliotheque","link":"https:\/\/foretnature.be\/en\/bibliotheque\/qd-une-autre-gestion-de-la-foret-basee-sur-la-qualite-les-cycles-naturels-et-a-moindre-cout\/","title":{"rendered":"QD. Une autre gestion de la for\u00eat bas\u00e9e sur la qualit\u00e9, les cycles naturels et \u00e0 moindre co\u00fbt"},"content":{"rendered":"","protected":false},"excerpt":{"rendered":"","protected":false},"featured_media":0,"template":"","categories":[51],"tags":[],"class_list":["post-45981","bibliotheque","type-bibliotheque","status-publish","hentry","category-bibliotheque"],"acf":[],"_links":{"self":[{"href":"https:\/\/foretnature.be\/en\/wp-json\/wp\/v2\/bibliotheque\/45981","targetHints":{"allow":["GET"]}}],"collection":[{"href":"https:\/\/foretnature.be\/en\/wp-json\/wp\/v2\/bibliotheque"}],"about":[{"href":"https:\/\/foretnature.be\/en\/wp-json\/wp\/v2\/types\/bibliotheque"}],"wp:attachment":[{"href":"https:\/\/foretnature.be\/en\/wp-json\/wp\/v2\/media?parent=45981"}],"wp:term":[{"taxonomy":"category","embeddable":true,"href":"https:\/\/foretnature.be\/en\/wp-json\/wp\/v2\/categories?post=45981"},{"taxonomy":"post_tag","embeddable":true,"href":"https:\/\/foretnature.be\/en\/wp-json\/wp\/v2\/tags?post=45981"}],"curies":[{"name":"wp","href":"https:\/\/api.w.org\/{rel}","templated":true}]}}

QD. Une autre gestion de la forêt basée sur la qualité, les cycles naturels et à moindre coût
