{"id":41224,"date":"2024-08-13T14:13:39","date_gmt":"2024-08-13T12:13:39","guid":{"rendered":"https:\/\/foretnature.be\/?post_type=bibliotheque&#038;p=41224"},"modified":"2024-08-13T14:13:39","modified_gmt":"2024-08-13T12:13:39","slug":"synthese-de-reflexions-sur-la-sylviculture-darbres-objectif-en-peuplement-irregulier-ou-equienne-melange-ou-non-2","status":"publish","type":"bibliotheque","link":"https:\/\/foretnature.be\/en\/bibliotheque\/synthese-de-reflexions-sur-la-sylviculture-darbres-objectif-en-peuplement-irregulier-ou-equienne-melange-ou-non-2\/","title":{"rendered":"Synth\u00e8se de r\u00e9flexions sur la sylviculture d\u2019arbres-objectif en peuplement irr\u00e9gulier ou \u00e9quienne, m\u00e9lang\u00e9 ou non"},"content":{"rendered":"","protected":false},"excerpt":{"rendered":"","protected":false},"featured_media":0,"template":"","categories":[],"tags":[],"class_list":["post-41224","bibliotheque","type-bibliotheque","status-publish","hentry"],"acf":[],"_links":{"self":[{"href":"https:\/\/foretnature.be\/en\/wp-json\/wp\/v2\/bibliotheque\/41224","targetHints":{"allow":["GET"]}}],"collection":[{"href":"https:\/\/foretnature.be\/en\/wp-json\/wp\/v2\/bibliotheque"}],"about":[{"href":"https:\/\/foretnature.be\/en\/wp-json\/wp\/v2\/types\/bibliotheque"}],"wp:attachment":[{"href":"https:\/\/foretnature.be\/en\/wp-json\/wp\/v2\/media?parent=41224"}],"wp:term":[{"taxonomy":"category","embeddable":true,"href":"https:\/\/foretnature.be\/en\/wp-json\/wp\/v2\/categories?post=41224"},{"taxonomy":"post_tag","embeddable":true,"href":"https:\/\/foretnature.be\/en\/wp-json\/wp\/v2\/tags?post=41224"}],"curies":[{"name":"wp","href":"https:\/\/api.w.org\/{rel}","templated":true}]}}

Synthèse de réflexions sur la sylviculture d’arbres-objectif en peuplement irrégulier ou équienne, mélangé ou non
