{"id":40697,"date":"2024-03-01T10:47:20","date_gmt":"2024-03-01T09:47:20","guid":{"rendered":"https:\/\/foretnature.be\/bibliotheque\/plus-de-bois-mort-en-foret-enjeu-majeur-pour-la-resilience-et-la-biodiversite\/"},"modified":"2024-03-01T10:47:20","modified_gmt":"2024-03-01T09:47:20","slug":"plus-de-bois-mort-en-foret-enjeu-majeur-pour-la-resilience-et-la-biodiversite","status":"publish","type":"bibliotheque","link":"https:\/\/foretnature.be\/en\/bibliotheque\/plus-de-bois-mort-en-foret-enjeu-majeur-pour-la-resilience-et-la-biodiversite\/","title":{"rendered":"Plus de bois mort en for\u00eat. Enjeu majeur pour la r\u00e9silience et la biodiversit\u00e9"},"content":{"rendered":"","protected":false},"excerpt":{"rendered":"","protected":false},"featured_media":0,"template":"","categories":[32],"tags":[],"class_list":["post-40697","bibliotheque","type-bibliotheque","status-publish","hentry","category-nouveaute"],"acf":[],"_links":{"self":[{"href":"https:\/\/foretnature.be\/en\/wp-json\/wp\/v2\/bibliotheque\/40697","targetHints":{"allow":["GET"]}}],"collection":[{"href":"https:\/\/foretnature.be\/en\/wp-json\/wp\/v2\/bibliotheque"}],"about":[{"href":"https:\/\/foretnature.be\/en\/wp-json\/wp\/v2\/types\/bibliotheque"}],"wp:attachment":[{"href":"https:\/\/foretnature.be\/en\/wp-json\/wp\/v2\/media?parent=40697"}],"wp:term":[{"taxonomy":"category","embeddable":true,"href":"https:\/\/foretnature.be\/en\/wp-json\/wp\/v2\/categories?post=40697"},{"taxonomy":"post_tag","embeddable":true,"href":"https:\/\/foretnature.be\/en\/wp-json\/wp\/v2\/tags?post=40697"}],"curies":[{"name":"wp","href":"https:\/\/api.w.org\/{rel}","templated":true}]}}

Plus de bois mort en forêt. Enjeu majeur pour la résilience et la biodiversité
