{"id":40678,"date":"2024-03-01T10:47:05","date_gmt":"2024-03-01T09:47:05","guid":{"rendered":"https:\/\/foretnature.be\/bibliotheque\/les-habitats-dinteret-communautaire-de-wallonie-tome-5-les-habitats-prairiaux-et-les-megophorbiaies\/"},"modified":"2024-03-01T10:47:05","modified_gmt":"2024-03-01T09:47:05","slug":"les-habitats-dinteret-communautaire-de-wallonie-tome-5-les-habitats-prairiaux-et-les-megophorbiaies","status":"publish","type":"bibliotheque","link":"https:\/\/foretnature.be\/en\/bibliotheque\/les-habitats-dinteret-communautaire-de-wallonie-tome-5-les-habitats-prairiaux-et-les-megophorbiaies\/","title":{"rendered":"Les Habitats d&rsquo;Int\u00e9r\u00eat Communautaire de Wallonie. Tome 5. Les habitats prairiaux et les m\u00e9gophorbiaies"},"content":{"rendered":"","protected":false},"excerpt":{"rendered":"","protected":false},"featured_media":0,"template":"","categories":[32],"tags":[],"class_list":["post-40678","bibliotheque","type-bibliotheque","status-publish","hentry","category-nouveaute"],"acf":[],"_links":{"self":[{"href":"https:\/\/foretnature.be\/en\/wp-json\/wp\/v2\/bibliotheque\/40678","targetHints":{"allow":["GET"]}}],"collection":[{"href":"https:\/\/foretnature.be\/en\/wp-json\/wp\/v2\/bibliotheque"}],"about":[{"href":"https:\/\/foretnature.be\/en\/wp-json\/wp\/v2\/types\/bibliotheque"}],"wp:attachment":[{"href":"https:\/\/foretnature.be\/en\/wp-json\/wp\/v2\/media?parent=40678"}],"wp:term":[{"taxonomy":"category","embeddable":true,"href":"https:\/\/foretnature.be\/en\/wp-json\/wp\/v2\/categories?post=40678"},{"taxonomy":"post_tag","embeddable":true,"href":"https:\/\/foretnature.be\/en\/wp-json\/wp\/v2\/tags?post=40678"}],"curies":[{"name":"wp","href":"https:\/\/api.w.org\/{rel}","templated":true}]}}

Les Habitats d&rsquo;Intérêt Communautaire de Wallonie. Tome 5. Les habitats prairiaux et les mégophorbiaies
