{"id":40670,"date":"2024-03-01T10:47:05","date_gmt":"2024-03-01T09:47:05","guid":{"rendered":"https:\/\/foretnature.be\/bibliotheque\/les-especes-exotiques-envahissantes-preoccupantes-pour-lunion-europeenne-guide-dinformation-pour-la-belgique\/"},"modified":"2024-03-01T10:47:05","modified_gmt":"2024-03-01T09:47:05","slug":"les-especes-exotiques-envahissantes-preoccupantes-pour-lunion-europeenne-guide-dinformation-pour-la-belgique","status":"publish","type":"bibliotheque","link":"https:\/\/foretnature.be\/en\/bibliotheque\/les-especes-exotiques-envahissantes-preoccupantes-pour-lunion-europeenne-guide-dinformation-pour-la-belgique\/","title":{"rendered":"Les esp\u00e8ces exotiques envahissantes pr\u00e9occupantes pour l&rsquo;Union Europ\u00e9enne. Guide d&rsquo;information pour la Belgique"},"content":{"rendered":"","protected":false},"excerpt":{"rendered":"","protected":false},"featured_media":0,"template":"","categories":[32],"tags":[],"class_list":["post-40670","bibliotheque","type-bibliotheque","status-publish","hentry","category-nouveaute"],"acf":[],"_links":{"self":[{"href":"https:\/\/foretnature.be\/en\/wp-json\/wp\/v2\/bibliotheque\/40670","targetHints":{"allow":["GET"]}}],"collection":[{"href":"https:\/\/foretnature.be\/en\/wp-json\/wp\/v2\/bibliotheque"}],"about":[{"href":"https:\/\/foretnature.be\/en\/wp-json\/wp\/v2\/types\/bibliotheque"}],"wp:attachment":[{"href":"https:\/\/foretnature.be\/en\/wp-json\/wp\/v2\/media?parent=40670"}],"wp:term":[{"taxonomy":"category","embeddable":true,"href":"https:\/\/foretnature.be\/en\/wp-json\/wp\/v2\/categories?post=40670"},{"taxonomy":"post_tag","embeddable":true,"href":"https:\/\/foretnature.be\/en\/wp-json\/wp\/v2\/tags?post=40670"}],"curies":[{"name":"wp","href":"https:\/\/api.w.org\/{rel}","templated":true}]}}

Les espèces exotiques envahissantes préoccupantes pour l&rsquo;Union Européenne. Guide d&rsquo;information pour la Belgique
