{"id":40668,"date":"2024-03-01T10:47:05","date_gmt":"2024-03-01T09:47:05","guid":{"rendered":"https:\/\/foretnature.be\/bibliotheque\/les-grands-lacs-a-lepreuve-de-lanthropocene\/"},"modified":"2024-03-01T10:47:05","modified_gmt":"2024-03-01T09:47:05","slug":"les-grands-lacs-a-lepreuve-de-lanthropocene","status":"publish","type":"bibliotheque","link":"https:\/\/foretnature.be\/en\/bibliotheque\/les-grands-lacs-a-lepreuve-de-lanthropocene\/","title":{"rendered":"Les grands lacs \u00e0 l&rsquo;\u00e9preuve de l&rsquo;anthropoc\u00e8ne"},"content":{"rendered":"","protected":false},"excerpt":{"rendered":"","protected":false},"featured_media":0,"template":"","categories":[32],"tags":[],"class_list":["post-40668","bibliotheque","type-bibliotheque","status-publish","hentry","category-nouveaute"],"acf":[],"_links":{"self":[{"href":"https:\/\/foretnature.be\/en\/wp-json\/wp\/v2\/bibliotheque\/40668","targetHints":{"allow":["GET"]}}],"collection":[{"href":"https:\/\/foretnature.be\/en\/wp-json\/wp\/v2\/bibliotheque"}],"about":[{"href":"https:\/\/foretnature.be\/en\/wp-json\/wp\/v2\/types\/bibliotheque"}],"wp:attachment":[{"href":"https:\/\/foretnature.be\/en\/wp-json\/wp\/v2\/media?parent=40668"}],"wp:term":[{"taxonomy":"category","embeddable":true,"href":"https:\/\/foretnature.be\/en\/wp-json\/wp\/v2\/categories?post=40668"},{"taxonomy":"post_tag","embeddable":true,"href":"https:\/\/foretnature.be\/en\/wp-json\/wp\/v2\/tags?post=40668"}],"curies":[{"name":"wp","href":"https:\/\/api.w.org\/{rel}","templated":true}]}}

Les grands lacs à l&rsquo;épreuve de l&rsquo;anthropocène
