{"id":40658,"date":"2024-03-01T10:46:50","date_gmt":"2024-03-01T09:46:50","guid":{"rendered":"https:\/\/foretnature.be\/bibliotheque\/nos-animaux-sauvages-et-leurs-noms-poesie-du-langage-prenoms-etymologies-et-toponymes-de-notre-faune-terrestre-deurope-francophone-mammiferes-reptiles-invertebres\/"},"modified":"2024-03-01T10:46:50","modified_gmt":"2024-03-01T09:46:50","slug":"nos-animaux-sauvages-et-leurs-noms-poesie-du-langage-prenoms-etymologies-et-toponymes-de-notre-faune-terrestre-deurope-francophone-mammiferes-reptiles-invertebres","status":"publish","type":"bibliotheque","link":"https:\/\/foretnature.be\/en\/bibliotheque\/nos-animaux-sauvages-et-leurs-noms-poesie-du-langage-prenoms-etymologies-et-toponymes-de-notre-faune-terrestre-deurope-francophone-mammiferes-reptiles-invertebres\/","title":{"rendered":"Nos animaux sauvages et leurs noms. Po\u00e9sie du langage, pr\u00e9noms, \u00e9tymologies et toponymes de notre faune terrestre d&rsquo;Europe francophone (mammif\u00e8res, reptiles, invert\u00e9br\u00e9s)"},"content":{"rendered":"","protected":false},"excerpt":{"rendered":"","protected":false},"featured_media":0,"template":"","categories":[32],"tags":[],"class_list":["post-40658","bibliotheque","type-bibliotheque","status-publish","hentry","category-nouveaute"],"acf":[],"_links":{"self":[{"href":"https:\/\/foretnature.be\/en\/wp-json\/wp\/v2\/bibliotheque\/40658","targetHints":{"allow":["GET"]}}],"collection":[{"href":"https:\/\/foretnature.be\/en\/wp-json\/wp\/v2\/bibliotheque"}],"about":[{"href":"https:\/\/foretnature.be\/en\/wp-json\/wp\/v2\/types\/bibliotheque"}],"wp:attachment":[{"href":"https:\/\/foretnature.be\/en\/wp-json\/wp\/v2\/media?parent=40658"}],"wp:term":[{"taxonomy":"category","embeddable":true,"href":"https:\/\/foretnature.be\/en\/wp-json\/wp\/v2\/categories?post=40658"},{"taxonomy":"post_tag","embeddable":true,"href":"https:\/\/foretnature.be\/en\/wp-json\/wp\/v2\/tags?post=40658"}],"curies":[{"name":"wp","href":"https:\/\/api.w.org\/{rel}","templated":true}]}}

Nos animaux sauvages et leurs noms. Poésie du langage, prénoms, étymologies et toponymes de notre faune terrestre d&rsquo;Europe francophone (mammifères, reptiles, invertébrés)
