{"id":40647,"date":"2024-03-01T10:46:50","date_gmt":"2024-03-01T09:46:50","guid":{"rendered":"https:\/\/foretnature.be\/bibliotheque\/natura-2000-preserver-la-biodiversite-europeenne-2\/"},"modified":"2024-03-01T10:46:50","modified_gmt":"2024-03-01T09:46:50","slug":"natura-2000-preserver-la-biodiversite-europeenne-2","status":"publish","type":"bibliotheque","link":"https:\/\/foretnature.be\/en\/bibliotheque\/natura-2000-preserver-la-biodiversite-europeenne-2\/","title":{"rendered":"Natura 2000. Pr\u00e9server la biodiversit\u00e9 europ\u00e9enne"},"content":{"rendered":"","protected":false},"excerpt":{"rendered":"","protected":false},"featured_media":0,"template":"","categories":[32],"tags":[],"class_list":["post-40647","bibliotheque","type-bibliotheque","status-publish","hentry","category-nouveaute"],"acf":[],"_links":{"self":[{"href":"https:\/\/foretnature.be\/en\/wp-json\/wp\/v2\/bibliotheque\/40647","targetHints":{"allow":["GET"]}}],"collection":[{"href":"https:\/\/foretnature.be\/en\/wp-json\/wp\/v2\/bibliotheque"}],"about":[{"href":"https:\/\/foretnature.be\/en\/wp-json\/wp\/v2\/types\/bibliotheque"}],"wp:attachment":[{"href":"https:\/\/foretnature.be\/en\/wp-json\/wp\/v2\/media?parent=40647"}],"wp:term":[{"taxonomy":"category","embeddable":true,"href":"https:\/\/foretnature.be\/en\/wp-json\/wp\/v2\/categories?post=40647"},{"taxonomy":"post_tag","embeddable":true,"href":"https:\/\/foretnature.be\/en\/wp-json\/wp\/v2\/tags?post=40647"}],"curies":[{"name":"wp","href":"https:\/\/api.w.org\/{rel}","templated":true}]}}

Natura 2000. Préserver la biodiversité européenne
