{"id":40645,"date":"2024-03-01T10:46:50","date_gmt":"2024-03-01T09:46:50","guid":{"rendered":"https:\/\/foretnature.be\/bibliotheque\/le-reseau-afi-en-region-grand-est-30-annees-de-contribution-a-la-valorisation-des-peuplements-irreguliers\/"},"modified":"2024-03-01T10:46:50","modified_gmt":"2024-03-01T09:46:50","slug":"le-reseau-afi-en-region-grand-est-30-annees-de-contribution-a-la-valorisation-des-peuplements-irreguliers","status":"publish","type":"bibliotheque","link":"https:\/\/foretnature.be\/en\/bibliotheque\/le-reseau-afi-en-region-grand-est-30-annees-de-contribution-a-la-valorisation-des-peuplements-irreguliers\/","title":{"rendered":"Le r\u00e9seau AFI en r\u00e9gion Grand Est. 30 ann\u00e9es de contribution \u00e0 la valorisation des peuplements irr\u00e9guliers"},"content":{"rendered":"","protected":false},"excerpt":{"rendered":"","protected":false},"featured_media":0,"template":"","categories":[32],"tags":[],"class_list":["post-40645","bibliotheque","type-bibliotheque","status-publish","hentry","category-nouveaute"],"acf":[],"_links":{"self":[{"href":"https:\/\/foretnature.be\/en\/wp-json\/wp\/v2\/bibliotheque\/40645","targetHints":{"allow":["GET"]}}],"collection":[{"href":"https:\/\/foretnature.be\/en\/wp-json\/wp\/v2\/bibliotheque"}],"about":[{"href":"https:\/\/foretnature.be\/en\/wp-json\/wp\/v2\/types\/bibliotheque"}],"wp:attachment":[{"href":"https:\/\/foretnature.be\/en\/wp-json\/wp\/v2\/media?parent=40645"}],"wp:term":[{"taxonomy":"category","embeddable":true,"href":"https:\/\/foretnature.be\/en\/wp-json\/wp\/v2\/categories?post=40645"},{"taxonomy":"post_tag","embeddable":true,"href":"https:\/\/foretnature.be\/en\/wp-json\/wp\/v2\/tags?post=40645"}],"curies":[{"name":"wp","href":"https:\/\/api.w.org\/{rel}","templated":true}]}}

Le réseau AFI en région Grand Est. 30 années de contribution à la valorisation des peuplements irréguliers
