{"id":37731,"date":"2022-11-15T16:50:44","date_gmt":"2022-11-15T15:50:44","guid":{"rendered":"https:\/\/foretnature.be\/?post_type=bibliotheque&#038;p=37731"},"modified":"2022-11-15T16:50:44","modified_gmt":"2022-11-15T15:50:44","slug":"de-la-legende-doree-au-reve-partage","status":"publish","type":"bibliotheque","link":"https:\/\/foretnature.be\/en\/bibliotheque\/de-la-legende-doree-au-reve-partage\/","title":{"rendered":"De la l\u00e9gende dor\u00e9e au r\u00eave partag\u00e9"},"content":{"rendered":"","protected":false},"excerpt":{"rendered":"","protected":false},"featured_media":0,"template":"","categories":[51],"tags":[],"class_list":["post-37731","bibliotheque","type-bibliotheque","status-publish","hentry","category-bibliotheque"],"acf":[],"_links":{"self":[{"href":"https:\/\/foretnature.be\/en\/wp-json\/wp\/v2\/bibliotheque\/37731","targetHints":{"allow":["GET"]}}],"collection":[{"href":"https:\/\/foretnature.be\/en\/wp-json\/wp\/v2\/bibliotheque"}],"about":[{"href":"https:\/\/foretnature.be\/en\/wp-json\/wp\/v2\/types\/bibliotheque"}],"wp:attachment":[{"href":"https:\/\/foretnature.be\/en\/wp-json\/wp\/v2\/media?parent=37731"}],"wp:term":[{"taxonomy":"category","embeddable":true,"href":"https:\/\/foretnature.be\/en\/wp-json\/wp\/v2\/categories?post=37731"},{"taxonomy":"post_tag","embeddable":true,"href":"https:\/\/foretnature.be\/en\/wp-json\/wp\/v2\/tags?post=37731"}],"curies":[{"name":"wp","href":"https:\/\/api.w.org\/{rel}","templated":true}]}}

De la légende dorée au rêve partagé
