{"id":37729,"date":"2022-11-15T16:49:06","date_gmt":"2022-11-15T15:49:06","guid":{"rendered":"https:\/\/foretnature.be\/?post_type=bibliotheque&#038;p=37729"},"modified":"2022-11-15T16:49:06","modified_gmt":"2022-11-15T15:49:06","slug":"valoriser-les-lisieres-forestieres-guide-pratique-contributions-a-la-protection-de-la-nature-en-suisse-n34-2013","status":"publish","type":"bibliotheque","link":"https:\/\/foretnature.be\/en\/bibliotheque\/valoriser-les-lisieres-forestieres-guide-pratique-contributions-a-la-protection-de-la-nature-en-suisse-n34-2013\/","title":{"rendered":"Valoriser les lisi\u00e8res foresti\u00e8res. Guide pratique. Contributions \u00e0 la protection de la nature en Suisse n\u00b034\/2013"},"content":{"rendered":"","protected":false},"excerpt":{"rendered":"","protected":false},"featured_media":0,"template":"","categories":[51],"tags":[],"class_list":["post-37729","bibliotheque","type-bibliotheque","status-publish","hentry","category-bibliotheque"],"acf":[],"_links":{"self":[{"href":"https:\/\/foretnature.be\/en\/wp-json\/wp\/v2\/bibliotheque\/37729","targetHints":{"allow":["GET"]}}],"collection":[{"href":"https:\/\/foretnature.be\/en\/wp-json\/wp\/v2\/bibliotheque"}],"about":[{"href":"https:\/\/foretnature.be\/en\/wp-json\/wp\/v2\/types\/bibliotheque"}],"wp:attachment":[{"href":"https:\/\/foretnature.be\/en\/wp-json\/wp\/v2\/media?parent=37729"}],"wp:term":[{"taxonomy":"category","embeddable":true,"href":"https:\/\/foretnature.be\/en\/wp-json\/wp\/v2\/categories?post=37729"},{"taxonomy":"post_tag","embeddable":true,"href":"https:\/\/foretnature.be\/en\/wp-json\/wp\/v2\/tags?post=37729"}],"curies":[{"name":"wp","href":"https:\/\/api.w.org\/{rel}","templated":true}]}}

Valoriser les lisières forestières. Guide pratique. Contributions à la protection de la nature en Suisse n°34/2013
