{"id":37728,"date":"2022-11-15T16:48:24","date_gmt":"2022-11-15T15:48:24","guid":{"rendered":"https:\/\/foretnature.be\/?post_type=bibliotheque&#038;p=37728"},"modified":"2022-11-15T16:48:24","modified_gmt":"2022-11-15T15:48:24","slug":"guide-pratique-mieux-integrer-la-biodiversite-dans-la-gestion-forestiere-nouvelle-edition","status":"publish","type":"bibliotheque","link":"https:\/\/foretnature.be\/en\/bibliotheque\/guide-pratique-mieux-integrer-la-biodiversite-dans-la-gestion-forestiere-nouvelle-edition\/","title":{"rendered":"Guide pratique. Mieux int\u00e9grer la biodiversit\u00e9 dans la gestion foresti\u00e8re. Nouvelle \u00e9dition"},"content":{"rendered":"","protected":false},"excerpt":{"rendered":"","protected":false},"featured_media":0,"template":"","categories":[51],"tags":[],"class_list":["post-37728","bibliotheque","type-bibliotheque","status-publish","hentry","category-bibliotheque"],"acf":[],"_links":{"self":[{"href":"https:\/\/foretnature.be\/en\/wp-json\/wp\/v2\/bibliotheque\/37728","targetHints":{"allow":["GET"]}}],"collection":[{"href":"https:\/\/foretnature.be\/en\/wp-json\/wp\/v2\/bibliotheque"}],"about":[{"href":"https:\/\/foretnature.be\/en\/wp-json\/wp\/v2\/types\/bibliotheque"}],"wp:attachment":[{"href":"https:\/\/foretnature.be\/en\/wp-json\/wp\/v2\/media?parent=37728"}],"wp:term":[{"taxonomy":"category","embeddable":true,"href":"https:\/\/foretnature.be\/en\/wp-json\/wp\/v2\/categories?post=37728"},{"taxonomy":"post_tag","embeddable":true,"href":"https:\/\/foretnature.be\/en\/wp-json\/wp\/v2\/tags?post=37728"}],"curies":[{"name":"wp","href":"https:\/\/api.w.org\/{rel}","templated":true}]}}

Guide pratique. Mieux intégrer la biodiversité dans la gestion forestière. Nouvelle édition
