{"id":37723,"date":"2022-11-15T16:39:30","date_gmt":"2022-11-15T15:39:30","guid":{"rendered":"https:\/\/foretnature.be\/?post_type=bibliotheque&#038;p=37723"},"modified":"2022-11-15T16:39:30","modified_gmt":"2022-11-15T15:39:30","slug":"aide-memoire-des-directeurs-des-services-exterieurs-et-des-chefs-de-cantonnement-de-la-division-de-la-nature-et-des-foret","status":"publish","type":"bibliotheque","link":"https:\/\/foretnature.be\/en\/bibliotheque\/aide-memoire-des-directeurs-des-services-exterieurs-et-des-chefs-de-cantonnement-de-la-division-de-la-nature-et-des-foret\/","title":{"rendered":"Aide-m\u00e9moire des directeurs des services ext\u00e9rieurs et des chefs de cantonnement de la Division de la Nature et des For\u00eat"},"content":{"rendered":"","protected":false},"excerpt":{"rendered":"","protected":false},"featured_media":0,"template":"","categories":[51],"tags":[],"class_list":["post-37723","bibliotheque","type-bibliotheque","status-publish","hentry","category-bibliotheque"],"acf":[],"_links":{"self":[{"href":"https:\/\/foretnature.be\/en\/wp-json\/wp\/v2\/bibliotheque\/37723","targetHints":{"allow":["GET"]}}],"collection":[{"href":"https:\/\/foretnature.be\/en\/wp-json\/wp\/v2\/bibliotheque"}],"about":[{"href":"https:\/\/foretnature.be\/en\/wp-json\/wp\/v2\/types\/bibliotheque"}],"wp:attachment":[{"href":"https:\/\/foretnature.be\/en\/wp-json\/wp\/v2\/media?parent=37723"}],"wp:term":[{"taxonomy":"category","embeddable":true,"href":"https:\/\/foretnature.be\/en\/wp-json\/wp\/v2\/categories?post=37723"},{"taxonomy":"post_tag","embeddable":true,"href":"https:\/\/foretnature.be\/en\/wp-json\/wp\/v2\/tags?post=37723"}],"curies":[{"name":"wp","href":"https:\/\/api.w.org\/{rel}","templated":true}]}}

Aide-mémoire des directeurs des services extérieurs et des chefs de cantonnement de la Division de la Nature et des Forêt
