{"id":35673,"date":"2022-05-19T15:47:17","date_gmt":"2022-05-19T13:47:17","guid":{"rendered":"https:\/\/foretnature.be\/?post_type=bibliotheque&#038;p=35673"},"modified":"2022-05-19T15:47:17","modified_gmt":"2022-05-19T13:47:17","slug":"la-deforestation-essai-sur-un-probleme-planetaire","status":"publish","type":"bibliotheque","link":"https:\/\/foretnature.be\/en\/bibliotheque\/la-deforestation-essai-sur-un-probleme-planetaire\/","title":{"rendered":"La d\u00e9forestation. Essai sur un probl\u00e8me plan\u00e9taire"},"content":{"rendered":"","protected":false},"excerpt":{"rendered":"","protected":false},"featured_media":0,"template":"","categories":[51,32],"tags":[],"class_list":["post-35673","bibliotheque","type-bibliotheque","status-publish","hentry","category-bibliotheque","category-nouveaute"],"acf":[],"_links":{"self":[{"href":"https:\/\/foretnature.be\/en\/wp-json\/wp\/v2\/bibliotheque\/35673","targetHints":{"allow":["GET"]}}],"collection":[{"href":"https:\/\/foretnature.be\/en\/wp-json\/wp\/v2\/bibliotheque"}],"about":[{"href":"https:\/\/foretnature.be\/en\/wp-json\/wp\/v2\/types\/bibliotheque"}],"wp:attachment":[{"href":"https:\/\/foretnature.be\/en\/wp-json\/wp\/v2\/media?parent=35673"}],"wp:term":[{"taxonomy":"category","embeddable":true,"href":"https:\/\/foretnature.be\/en\/wp-json\/wp\/v2\/categories?post=35673"},{"taxonomy":"post_tag","embeddable":true,"href":"https:\/\/foretnature.be\/en\/wp-json\/wp\/v2\/tags?post=35673"}],"curies":[{"name":"wp","href":"https:\/\/api.w.org\/{rel}","templated":true}]}}

La déforestation. Essai sur un problème planétaire
