{"id":35663,"date":"2022-05-19T15:39:18","date_gmt":"2022-05-19T13:39:18","guid":{"rendered":"https:\/\/foretnature.be\/?post_type=bibliotheque&#038;p=35663"},"modified":"2022-05-19T15:39:18","modified_gmt":"2022-05-19T13:39:18","slug":"natura-2000-preserver-la-biodiversite-europeenne","status":"publish","type":"bibliotheque","link":"https:\/\/foretnature.be\/en\/bibliotheque\/natura-2000-preserver-la-biodiversite-europeenne\/","title":{"rendered":"Natura 2000. Pr\u00e9server la biodiversit\u00e9 europ\u00e9enne"},"content":{"rendered":"","protected":false},"excerpt":{"rendered":"","protected":false},"featured_media":0,"template":"","categories":[51,32],"tags":[],"class_list":["post-35663","bibliotheque","type-bibliotheque","status-publish","hentry","category-bibliotheque","category-nouveaute"],"acf":[],"_links":{"self":[{"href":"https:\/\/foretnature.be\/en\/wp-json\/wp\/v2\/bibliotheque\/35663","targetHints":{"allow":["GET"]}}],"collection":[{"href":"https:\/\/foretnature.be\/en\/wp-json\/wp\/v2\/bibliotheque"}],"about":[{"href":"https:\/\/foretnature.be\/en\/wp-json\/wp\/v2\/types\/bibliotheque"}],"wp:attachment":[{"href":"https:\/\/foretnature.be\/en\/wp-json\/wp\/v2\/media?parent=35663"}],"wp:term":[{"taxonomy":"category","embeddable":true,"href":"https:\/\/foretnature.be\/en\/wp-json\/wp\/v2\/categories?post=35663"},{"taxonomy":"post_tag","embeddable":true,"href":"https:\/\/foretnature.be\/en\/wp-json\/wp\/v2\/tags?post=35663"}],"curies":[{"name":"wp","href":"https:\/\/api.w.org\/{rel}","templated":true}]}}

Natura 2000. Préserver la biodiversité européenne
