{"id":32178,"date":"2021-03-22T11:06:33","date_gmt":"2021-03-22T10:06:33","guid":{"rendered":"https:\/\/gjkkadksm.preview.infomaniak.website\/bibliotheque\/la-memoire-des-forets-a-la-decouverte-des-traces-de-lactivite-humaine-en-foret-a-travers-les-siecles\/"},"modified":"2021-04-08T12:40:21","modified_gmt":"2021-04-08T10:40:21","slug":"la-memoire-des-forets-a-la-decouverte-des-traces-de-lactivite-humaine-en-foret-a-travers-les-siecles","status":"publish","type":"bibliotheque","link":"https:\/\/foretnature.be\/en\/bibliotheque\/la-memoire-des-forets-a-la-decouverte-des-traces-de-lactivite-humaine-en-foret-a-travers-les-siecles\/","title":{"rendered":"La m\u00e9moire des for\u00eats. A la d\u00e9couverte des traces de l\u2019activit\u00e9 humaine en for\u00eat \u00e0 travers les si\u00e8cles"},"content":{"rendered":"","protected":false},"excerpt":{"rendered":"","protected":false},"featured_media":0,"template":"","categories":[51,21],"tags":[],"class_list":["post-32178","bibliotheque","type-bibliotheque","status-publish","hentry","category-bibliotheque","category-sf"],"acf":[],"_links":{"self":[{"href":"https:\/\/foretnature.be\/en\/wp-json\/wp\/v2\/bibliotheque\/32178","targetHints":{"allow":["GET"]}}],"collection":[{"href":"https:\/\/foretnature.be\/en\/wp-json\/wp\/v2\/bibliotheque"}],"about":[{"href":"https:\/\/foretnature.be\/en\/wp-json\/wp\/v2\/types\/bibliotheque"}],"wp:attachment":[{"href":"https:\/\/foretnature.be\/en\/wp-json\/wp\/v2\/media?parent=32178"}],"wp:term":[{"taxonomy":"category","embeddable":true,"href":"https:\/\/foretnature.be\/en\/wp-json\/wp\/v2\/categories?post=32178"},{"taxonomy":"post_tag","embeddable":true,"href":"https:\/\/foretnature.be\/en\/wp-json\/wp\/v2\/tags?post=32178"}],"curies":[{"name":"wp","href":"https:\/\/api.w.org\/{rel}","templated":true}]}}

La mémoire des forêts. A la découverte des traces de l’activité humaine en forêt à travers les siècles
