{"id":32172,"date":"2021-03-22T11:06:33","date_gmt":"2021-03-22T10:06:33","guid":{"rendered":"https:\/\/gjkkadksm.preview.infomaniak.website\/bibliotheque\/quelles-forets-pour-demain-tables-previsionnelles-des-principales-essences-forestieres-application-des-forets-des-principes-de-biodiversite-et-developpement-durable-theorie-de-la-croissance-radial\/"},"modified":"2021-04-08T12:40:21","modified_gmt":"2021-04-08T10:40:21","slug":"quelles-forets-pour-demain-tables-previsionnelles-des-principales-essences-forestieres-application-des-forets-des-principes-de-biodiversite-et-developpement-durable-theorie-de-la-croissance-radial","status":"publish","type":"bibliotheque","link":"https:\/\/foretnature.be\/en\/bibliotheque\/quelles-forets-pour-demain-tables-previsionnelles-des-principales-essences-forestieres-application-des-forets-des-principes-de-biodiversite-et-developpement-durable-theorie-de-la-croissance-radial\/","title":{"rendered":"Quelles for\u00eats pour demain ? Tables pr\u00e9visionnelles des principales essences foresti\u00e8res. Application des for\u00eats des principes de biodiversit\u00e9 et d\u00e9veloppement durable. Th\u00e9orie de la croissance radiale et \u00e9conomie sylvicole"},"content":{"rendered":"","protected":false},"excerpt":{"rendered":"","protected":false},"featured_media":0,"template":"","categories":[51,21],"tags":[],"class_list":["post-32172","bibliotheque","type-bibliotheque","status-publish","hentry","category-bibliotheque","category-sf"],"acf":[],"_links":{"self":[{"href":"https:\/\/foretnature.be\/en\/wp-json\/wp\/v2\/bibliotheque\/32172","targetHints":{"allow":["GET"]}}],"collection":[{"href":"https:\/\/foretnature.be\/en\/wp-json\/wp\/v2\/bibliotheque"}],"about":[{"href":"https:\/\/foretnature.be\/en\/wp-json\/wp\/v2\/types\/bibliotheque"}],"wp:attachment":[{"href":"https:\/\/foretnature.be\/en\/wp-json\/wp\/v2\/media?parent=32172"}],"wp:term":[{"taxonomy":"category","embeddable":true,"href":"https:\/\/foretnature.be\/en\/wp-json\/wp\/v2\/categories?post=32172"},{"taxonomy":"post_tag","embeddable":true,"href":"https:\/\/foretnature.be\/en\/wp-json\/wp\/v2\/tags?post=32172"}],"curies":[{"name":"wp","href":"https:\/\/api.w.org\/{rel}","templated":true}]}}

Quelles forêts pour demain ? Tables prévisionnelles des principales essences forestières. Application des forêts des principes de biodiversité et développement durable. Théorie de la croissance radiale et économie sylvicole
