{"id":32154,"date":"2021-03-22T11:06:30","date_gmt":"2021-03-22T10:06:30","guid":{"rendered":"https:\/\/gjkkadksm.preview.infomaniak.website\/bibliotheque\/quels-futurs-pour-la-foret-de-soignes-bulletin-trimestriel-des-amis-de-la-foret-de-soignes-numero-special-2012\/"},"modified":"2021-04-08T12:40:22","modified_gmt":"2021-04-08T10:40:22","slug":"quels-futurs-pour-la-foret-de-soignes-bulletin-trimestriel-des-amis-de-la-foret-de-soignes-numero-special-2012","status":"publish","type":"bibliotheque","link":"https:\/\/foretnature.be\/en\/bibliotheque\/quels-futurs-pour-la-foret-de-soignes-bulletin-trimestriel-des-amis-de-la-foret-de-soignes-numero-special-2012\/","title":{"rendered":"Quel(s) futur(s) pour la For\u00eat de Soignes ? Bulletin trimestriel des Amis de la For\u00eat de Soignes. Num\u00e9ro sp\u00e9cial 2012"},"content":{"rendered":"","protected":false},"excerpt":{"rendered":"","protected":false},"featured_media":0,"template":"","categories":[51,21],"tags":[],"class_list":["post-32154","bibliotheque","type-bibliotheque","status-publish","hentry","category-bibliotheque","category-sf"],"acf":[],"_links":{"self":[{"href":"https:\/\/foretnature.be\/en\/wp-json\/wp\/v2\/bibliotheque\/32154","targetHints":{"allow":["GET"]}}],"collection":[{"href":"https:\/\/foretnature.be\/en\/wp-json\/wp\/v2\/bibliotheque"}],"about":[{"href":"https:\/\/foretnature.be\/en\/wp-json\/wp\/v2\/types\/bibliotheque"}],"wp:attachment":[{"href":"https:\/\/foretnature.be\/en\/wp-json\/wp\/v2\/media?parent=32154"}],"wp:term":[{"taxonomy":"category","embeddable":true,"href":"https:\/\/foretnature.be\/en\/wp-json\/wp\/v2\/categories?post=32154"},{"taxonomy":"post_tag","embeddable":true,"href":"https:\/\/foretnature.be\/en\/wp-json\/wp\/v2\/tags?post=32154"}],"curies":[{"name":"wp","href":"https:\/\/api.w.org\/{rel}","templated":true}]}}

Quel(s) futur(s) pour la Forêt de Soignes ? Bulletin trimestriel des Amis de la Forêt de Soignes. Numéro spécial 2012
