{"id":32149,"date":"2021-03-22T11:06:28","date_gmt":"2021-03-22T10:06:28","guid":{"rendered":"https:\/\/gjkkadksm.preview.infomaniak.website\/bibliotheque\/recommandations-forestieres-pour-les-captages-deau-potable-region-midi-pyrenees\/"},"modified":"2021-04-08T12:40:25","modified_gmt":"2021-04-08T10:40:25","slug":"recommandations-forestieres-pour-les-captages-deau-potable-region-midi-pyrenees","status":"publish","type":"bibliotheque","link":"https:\/\/foretnature.be\/en\/bibliotheque\/recommandations-forestieres-pour-les-captages-deau-potable-region-midi-pyrenees\/","title":{"rendered":"Recommandations foresti\u00e8res pour les captages d&rsquo;eau potable. R\u00e9gion Midi-Pyr\u00e9n\u00e9es"},"content":{"rendered":"","protected":false},"excerpt":{"rendered":"","protected":false},"featured_media":0,"template":"","categories":[51,21],"tags":[],"class_list":["post-32149","bibliotheque","type-bibliotheque","status-publish","hentry","category-bibliotheque","category-sf"],"acf":[],"_links":{"self":[{"href":"https:\/\/foretnature.be\/en\/wp-json\/wp\/v2\/bibliotheque\/32149","targetHints":{"allow":["GET"]}}],"collection":[{"href":"https:\/\/foretnature.be\/en\/wp-json\/wp\/v2\/bibliotheque"}],"about":[{"href":"https:\/\/foretnature.be\/en\/wp-json\/wp\/v2\/types\/bibliotheque"}],"wp:attachment":[{"href":"https:\/\/foretnature.be\/en\/wp-json\/wp\/v2\/media?parent=32149"}],"wp:term":[{"taxonomy":"category","embeddable":true,"href":"https:\/\/foretnature.be\/en\/wp-json\/wp\/v2\/categories?post=32149"},{"taxonomy":"post_tag","embeddable":true,"href":"https:\/\/foretnature.be\/en\/wp-json\/wp\/v2\/tags?post=32149"}],"curies":[{"name":"wp","href":"https:\/\/api.w.org\/{rel}","templated":true}]}}

Recommandations forestières pour les captages d&rsquo;eau potable. Région Midi-Pyrénées
