{"id":32147,"date":"2021-03-22T11:06:28","date_gmt":"2021-03-22T10:06:28","guid":{"rendered":"https:\/\/gjkkadksm.preview.infomaniak.website\/bibliotheque\/milieux-ouverts-forestiers-lisieres-et-biodiversite-de-la-theorie-a-la-pratique\/"},"modified":"2021-04-08T12:40:25","modified_gmt":"2021-04-08T10:40:25","slug":"milieux-ouverts-forestiers-lisieres-et-biodiversite-de-la-theorie-a-la-pratique","status":"publish","type":"bibliotheque","link":"https:\/\/foretnature.be\/en\/bibliotheque\/milieux-ouverts-forestiers-lisieres-et-biodiversite-de-la-theorie-a-la-pratique\/","title":{"rendered":"Milieux ouverts forestiers, lisi\u00e8res et biodiversit\u00e9. De la th\u00e9orie \u00e0 la pratique"},"content":{"rendered":"","protected":false},"excerpt":{"rendered":"","protected":false},"featured_media":0,"template":"","categories":[51,21],"tags":[],"class_list":["post-32147","bibliotheque","type-bibliotheque","status-publish","hentry","category-bibliotheque","category-sf"],"acf":[],"_links":{"self":[{"href":"https:\/\/foretnature.be\/en\/wp-json\/wp\/v2\/bibliotheque\/32147","targetHints":{"allow":["GET"]}}],"collection":[{"href":"https:\/\/foretnature.be\/en\/wp-json\/wp\/v2\/bibliotheque"}],"about":[{"href":"https:\/\/foretnature.be\/en\/wp-json\/wp\/v2\/types\/bibliotheque"}],"wp:attachment":[{"href":"https:\/\/foretnature.be\/en\/wp-json\/wp\/v2\/media?parent=32147"}],"wp:term":[{"taxonomy":"category","embeddable":true,"href":"https:\/\/foretnature.be\/en\/wp-json\/wp\/v2\/categories?post=32147"},{"taxonomy":"post_tag","embeddable":true,"href":"https:\/\/foretnature.be\/en\/wp-json\/wp\/v2\/tags?post=32147"}],"curies":[{"name":"wp","href":"https:\/\/api.w.org\/{rel}","templated":true}]}}

Milieux ouverts forestiers, lisières et biodiversité. De la théorie à la pratique
