{"id":32141,"date":"2021-03-22T11:06:28","date_gmt":"2021-03-22T10:06:28","guid":{"rendered":"https:\/\/gjkkadksm.preview.infomaniak.website\/bibliotheque\/gerer-la-foret-des-deux-cotes-de-latlantique-divergence-et-convergence-de-la-foresterie-europeenne-et-americaine\/"},"modified":"2021-04-08T12:40:24","modified_gmt":"2021-04-08T10:40:24","slug":"gerer-la-foret-des-deux-cotes-de-latlantique-divergence-et-convergence-de-la-foresterie-europeenne-et-americaine","status":"publish","type":"bibliotheque","link":"https:\/\/foretnature.be\/en\/bibliotheque\/gerer-la-foret-des-deux-cotes-de-latlantique-divergence-et-convergence-de-la-foresterie-europeenne-et-americaine\/","title":{"rendered":"G\u00e9rer la for\u00eat des deux c\u00f4t\u00e9s de l&rsquo;Atlantique. Divergence et convergence de la foresterie europ\u00e9enne et am\u00e9ricaine"},"content":{"rendered":"","protected":false},"excerpt":{"rendered":"","protected":false},"featured_media":0,"template":"","categories":[51,21],"tags":[],"class_list":["post-32141","bibliotheque","type-bibliotheque","status-publish","hentry","category-bibliotheque","category-sf"],"acf":[],"_links":{"self":[{"href":"https:\/\/foretnature.be\/en\/wp-json\/wp\/v2\/bibliotheque\/32141","targetHints":{"allow":["GET"]}}],"collection":[{"href":"https:\/\/foretnature.be\/en\/wp-json\/wp\/v2\/bibliotheque"}],"about":[{"href":"https:\/\/foretnature.be\/en\/wp-json\/wp\/v2\/types\/bibliotheque"}],"wp:attachment":[{"href":"https:\/\/foretnature.be\/en\/wp-json\/wp\/v2\/media?parent=32141"}],"wp:term":[{"taxonomy":"category","embeddable":true,"href":"https:\/\/foretnature.be\/en\/wp-json\/wp\/v2\/categories?post=32141"},{"taxonomy":"post_tag","embeddable":true,"href":"https:\/\/foretnature.be\/en\/wp-json\/wp\/v2\/tags?post=32141"}],"curies":[{"name":"wp","href":"https:\/\/api.w.org\/{rel}","templated":true}]}}

Gérer la forêt des deux côtés de l&rsquo;Atlantique. Divergence et convergence de la foresterie européenne et américaine
